{"id":1188,"date":"2024-11-06T16:11:10","date_gmt":"2024-11-06T15:11:10","guid":{"rendered":"https:\/\/hoytundertaket.no\/letohallen\/?page_id=1188"},"modified":"2024-12-18T08:52:00","modified_gmt":"2024-12-18T07:52:00","slug":"galleri","status":"publish","type":"page","link":"https:\/\/hoytundertaket.no\/letohallen\/galleri\/","title":{"rendered":"GALLERI"},"content":{"rendered":"\n<p>Her kan du f\u00e5 se litt av aktivitetene p\u00e5 klatresenteret hos oss.<\/p>\n\n\n\n<figure class=\"wp-block-embed is-type-video is-provider-youtube wp-block-embed-youtube wp-embed-aspect-16-9 wp-has-aspect-ratio\"><div class=\"wp-block-embed__wrapper\">\n<iframe loading=\"lazy\" title=\"Adrenalinpumpende droneflyvning p\u00e5 H\u00f8yt Under Taket Letohallen\u2708\ufe0f\" width=\"640\" height=\"360\" src=\"https:\/\/www.youtube.com\/embed\/rz-h5WpOMW4?feature=oembed\" frameborder=\"0\" allow=\"accelerometer; autoplay; clipboard-write; encrypted-media; gyroscope; picture-in-picture; web-share\" referrerpolicy=\"strict-origin-when-cross-origin\" allowfullscreen><\/iframe>\n<\/div><\/figure>\n\n\n\n<figure class=\"wp-block-gallery has-nested-images columns-default is-cropped wp-block-gallery-1 is-layout-flex wp-block-gallery-is-layout-flex\">\n<figure class=\"wp-block-image size-large\"><img loading=\"lazy\" decoding=\"async\" width=\"1024\" height=\"683\" data-id=\"1189\" src=\"https:\/\/hoytundertaket.no\/letohallen\/wp-content\/uploads\/sites\/8\/2024\/11\/Letohallen_apningsdag_HTL_04063_Foto_Bjorn_Helge_Ronning-1024x683.jpg\" alt=\"\" class=\"wp-image-1189\" srcset=\"https:\/\/hoytundertaket.no\/letohallen\/wp-content\/uploads\/sites\/8\/2024\/11\/Letohallen_apningsdag_HTL_04063_Foto_Bjorn_Helge_Ronning-1024x683.jpg 1024w, https:\/\/hoytundertaket.no\/letohallen\/wp-content\/uploads\/sites\/8\/2024\/11\/Letohallen_apningsdag_HTL_04063_Foto_Bjorn_Helge_Ronning-300x200.jpg 300w, https:\/\/hoytundertaket.no\/letohallen\/wp-content\/uploads\/sites\/8\/2024\/11\/Letohallen_apningsdag_HTL_04063_Foto_Bjorn_Helge_Ronning-768x512.jpg 768w, https:\/\/hoytundertaket.no\/letohallen\/wp-content\/uploads\/sites\/8\/2024\/11\/Letohallen_apningsdag_HTL_04063_Foto_Bjorn_Helge_Ronning.jpg 1080w\" sizes=\"auto, (max-width: 1024px) 100vw, 1024px\" \/><\/figure>\n\n\n\n<figure class=\"wp-block-image size-large\"><img loading=\"lazy\" decoding=\"async\" width=\"1024\" height=\"683\" data-id=\"1192\" src=\"https:\/\/hoytundertaket.no\/letohallen\/wp-content\/uploads\/sites\/8\/2024\/11\/Letohallen_apningsdag_HTL_04058_Foto_Bjorn_Helge_Ronning-1024x683.jpg\" alt=\"\" class=\"wp-image-1192\" srcset=\"https:\/\/hoytundertaket.no\/letohallen\/wp-content\/uploads\/sites\/8\/2024\/11\/Letohallen_apningsdag_HTL_04058_Foto_Bjorn_Helge_Ronning-1024x683.jpg 1024w, https:\/\/hoytundertaket.no\/letohallen\/wp-content\/uploads\/sites\/8\/2024\/11\/Letohallen_apningsdag_HTL_04058_Foto_Bjorn_Helge_Ronning-300x200.jpg 300w, https:\/\/hoytundertaket.no\/letohallen\/wp-content\/uploads\/sites\/8\/2024\/11\/Letohallen_apningsdag_HTL_04058_Foto_Bjorn_Helge_Ronning-768x512.jpg 768w, https:\/\/hoytundertaket.no\/letohallen\/wp-content\/uploads\/sites\/8\/2024\/11\/Letohallen_apningsdag_HTL_04058_Foto_Bjorn_Helge_Ronning.jpg 1080w\" sizes=\"auto, (max-width: 1024px) 100vw, 1024px\" \/><\/figure>\n\n\n\n<figure class=\"wp-block-image size-large\"><img loading=\"lazy\" decoding=\"async\" width=\"1024\" height=\"683\" data-id=\"1197\" src=\"https:\/\/hoytundertaket.no\/letohallen\/wp-content\/uploads\/sites\/8\/2024\/11\/Letohallen_apningsdag_HTL_04061_Foto_Bjorn_Helge_Ronning-1024x683.jpg\" alt=\"\" class=\"wp-image-1197\" srcset=\"https:\/\/hoytundertaket.no\/letohallen\/wp-content\/uploads\/sites\/8\/2024\/11\/Letohallen_apningsdag_HTL_04061_Foto_Bjorn_Helge_Ronning-1024x683.jpg 1024w, https:\/\/hoytundertaket.no\/letohallen\/wp-content\/uploads\/sites\/8\/2024\/11\/Letohallen_apningsdag_HTL_04061_Foto_Bjorn_Helge_Ronning-300x200.jpg 300w, https:\/\/hoytundertaket.no\/letohallen\/wp-content\/uploads\/sites\/8\/2024\/11\/Letohallen_apningsdag_HTL_04061_Foto_Bjorn_Helge_Ronning-768x512.jpg 768w, https:\/\/hoytundertaket.no\/letohallen\/wp-content\/uploads\/sites\/8\/2024\/11\/Letohallen_apningsdag_HTL_04061_Foto_Bjorn_Helge_Ronning.jpg 1080w\" sizes=\"auto, (max-width: 1024px) 100vw, 1024px\" \/><\/figure>\n\n\n\n<figure class=\"wp-block-image size-large\"><img loading=\"lazy\" decoding=\"async\" width=\"1024\" height=\"683\" data-id=\"1193\" src=\"https:\/\/hoytundertaket.no\/letohallen\/wp-content\/uploads\/sites\/8\/2024\/11\/Letohallen_apningsdag_HTL_04070_Foto_Bjorn_Helge_Ronning-1024x683.jpg\" alt=\"\" class=\"wp-image-1193\" srcset=\"https:\/\/hoytundertaket.no\/letohallen\/wp-content\/uploads\/sites\/8\/2024\/11\/Letohallen_apningsdag_HTL_04070_Foto_Bjorn_Helge_Ronning-1024x683.jpg 1024w, https:\/\/hoytundertaket.no\/letohallen\/wp-content\/uploads\/sites\/8\/2024\/11\/Letohallen_apningsdag_HTL_04070_Foto_Bjorn_Helge_Ronning-300x200.jpg 300w, https:\/\/hoytundertaket.no\/letohallen\/wp-content\/uploads\/sites\/8\/2024\/11\/Letohallen_apningsdag_HTL_04070_Foto_Bjorn_Helge_Ronning-768x512.jpg 768w, https:\/\/hoytundertaket.no\/letohallen\/wp-content\/uploads\/sites\/8\/2024\/11\/Letohallen_apningsdag_HTL_04070_Foto_Bjorn_Helge_Ronning.jpg 1080w\" sizes=\"auto, (max-width: 1024px) 100vw, 1024px\" \/><\/figure>\n\n\n\n<figure class=\"wp-block-image size-large\"><img loading=\"lazy\" decoding=\"async\" width=\"1024\" height=\"683\" data-id=\"1190\" src=\"https:\/\/hoytundertaket.no\/letohallen\/wp-content\/uploads\/sites\/8\/2024\/11\/Letohallen_apningsdag_HTL_04108_Foto_Bjorn_Helge_Ronning-1024x683.jpg\" alt=\"\" class=\"wp-image-1190\" srcset=\"https:\/\/hoytundertaket.no\/letohallen\/wp-content\/uploads\/sites\/8\/2024\/11\/Letohallen_apningsdag_HTL_04108_Foto_Bjorn_Helge_Ronning-1024x683.jpg 1024w, https:\/\/hoytundertaket.no\/letohallen\/wp-content\/uploads\/sites\/8\/2024\/11\/Letohallen_apningsdag_HTL_04108_Foto_Bjorn_Helge_Ronning-300x200.jpg 300w, https:\/\/hoytundertaket.no\/letohallen\/wp-content\/uploads\/sites\/8\/2024\/11\/Letohallen_apningsdag_HTL_04108_Foto_Bjorn_Helge_Ronning-768x512.jpg 768w, https:\/\/hoytundertaket.no\/letohallen\/wp-content\/uploads\/sites\/8\/2024\/11\/Letohallen_apningsdag_HTL_04108_Foto_Bjorn_Helge_Ronning.jpg 1080w\" sizes=\"auto, (max-width: 1024px) 100vw, 1024px\" \/><\/figure>\n\n\n\n<figure class=\"wp-block-image size-large\"><img loading=\"lazy\" decoding=\"async\" width=\"1024\" height=\"683\" data-id=\"1196\" src=\"https:\/\/hoytundertaket.no\/letohallen\/wp-content\/uploads\/sites\/8\/2024\/11\/Letohallen_apningsdag_HTL_04133_Foto_Bjorn_Helge_Ronning-1024x683.jpg\" alt=\"\" class=\"wp-image-1196\" srcset=\"https:\/\/hoytundertaket.no\/letohallen\/wp-content\/uploads\/sites\/8\/2024\/11\/Letohallen_apningsdag_HTL_04133_Foto_Bjorn_Helge_Ronning-1024x683.jpg 1024w, https:\/\/hoytundertaket.no\/letohallen\/wp-content\/uploads\/sites\/8\/2024\/11\/Letohallen_apningsdag_HTL_04133_Foto_Bjorn_Helge_Ronning-300x200.jpg 300w, https:\/\/hoytundertaket.no\/letohallen\/wp-content\/uploads\/sites\/8\/2024\/11\/Letohallen_apningsdag_HTL_04133_Foto_Bjorn_Helge_Ronning-768x512.jpg 768w, https:\/\/hoytundertaket.no\/letohallen\/wp-content\/uploads\/sites\/8\/2024\/11\/Letohallen_apningsdag_HTL_04133_Foto_Bjorn_Helge_Ronning.jpg 1080w\" sizes=\"auto, (max-width: 1024px) 100vw, 1024px\" \/><\/figure>\n\n\n\n<figure class=\"wp-block-image size-large\"><img loading=\"lazy\" decoding=\"async\" width=\"1024\" height=\"683\" data-id=\"1194\" src=\"https:\/\/hoytundertaket.no\/letohallen\/wp-content\/uploads\/sites\/8\/2024\/11\/Letohallen_apningsdag_HTL_04165_Foto_Bjorn_Helge_Ronning-1024x683.jpg\" alt=\"\" class=\"wp-image-1194\" srcset=\"https:\/\/hoytundertaket.no\/letohallen\/wp-content\/uploads\/sites\/8\/2024\/11\/Letohallen_apningsdag_HTL_04165_Foto_Bjorn_Helge_Ronning-1024x683.jpg 1024w, https:\/\/hoytundertaket.no\/letohallen\/wp-content\/uploads\/sites\/8\/2024\/11\/Letohallen_apningsdag_HTL_04165_Foto_Bjorn_Helge_Ronning-300x200.jpg 300w, https:\/\/hoytundertaket.no\/letohallen\/wp-content\/uploads\/sites\/8\/2024\/11\/Letohallen_apningsdag_HTL_04165_Foto_Bjorn_Helge_Ronning-768x512.jpg 768w, https:\/\/hoytundertaket.no\/letohallen\/wp-content\/uploads\/sites\/8\/2024\/11\/Letohallen_apningsdag_HTL_04165_Foto_Bjorn_Helge_Ronning.jpg 1080w\" sizes=\"auto, (max-width: 1024px) 100vw, 1024px\" \/><\/figure>\n\n\n\n<figure class=\"wp-block-image size-large\"><img loading=\"lazy\" decoding=\"async\" width=\"1024\" height=\"683\" data-id=\"1199\" src=\"https:\/\/hoytundertaket.no\/letohallen\/wp-content\/uploads\/sites\/8\/2024\/11\/Letohallen_apningsdag_HTL_04160_Foto_Bjorn_Helge_Ronning-1024x683.jpg\" alt=\"\" class=\"wp-image-1199\" srcset=\"https:\/\/hoytundertaket.no\/letohallen\/wp-content\/uploads\/sites\/8\/2024\/11\/Letohallen_apningsdag_HTL_04160_Foto_Bjorn_Helge_Ronning-1024x683.jpg 1024w, https:\/\/hoytundertaket.no\/letohallen\/wp-content\/uploads\/sites\/8\/2024\/11\/Letohallen_apningsdag_HTL_04160_Foto_Bjorn_Helge_Ronning-300x200.jpg 300w, https:\/\/hoytundertaket.no\/letohallen\/wp-content\/uploads\/sites\/8\/2024\/11\/Letohallen_apningsdag_HTL_04160_Foto_Bjorn_Helge_Ronning-768x512.jpg 768w, https:\/\/hoytundertaket.no\/letohallen\/wp-content\/uploads\/sites\/8\/2024\/11\/Letohallen_apningsdag_HTL_04160_Foto_Bjorn_Helge_Ronning.jpg 1080w\" sizes=\"auto, (max-width: 1024px) 100vw, 1024px\" \/><\/figure>\n\n\n\n<figure class=\"wp-block-image size-large\"><img loading=\"lazy\" decoding=\"async\" width=\"1024\" height=\"683\" data-id=\"1200\" src=\"https:\/\/hoytundertaket.no\/letohallen\/wp-content\/uploads\/sites\/8\/2024\/11\/Letohallen_apningsdag_HTL_04153_Foto_Bjorn_Helge_Ronning-1024x683.jpg\" alt=\"\" class=\"wp-image-1200\" srcset=\"https:\/\/hoytundertaket.no\/letohallen\/wp-content\/uploads\/sites\/8\/2024\/11\/Letohallen_apningsdag_HTL_04153_Foto_Bjorn_Helge_Ronning-1024x683.jpg 1024w, https:\/\/hoytundertaket.no\/letohallen\/wp-content\/uploads\/sites\/8\/2024\/11\/Letohallen_apningsdag_HTL_04153_Foto_Bjorn_Helge_Ronning-300x200.jpg 300w, https:\/\/hoytundertaket.no\/letohallen\/wp-content\/uploads\/sites\/8\/2024\/11\/Letohallen_apningsdag_HTL_04153_Foto_Bjorn_Helge_Ronning-768x512.jpg 768w, https:\/\/hoytundertaket.no\/letohallen\/wp-content\/uploads\/sites\/8\/2024\/11\/Letohallen_apningsdag_HTL_04153_Foto_Bjorn_Helge_Ronning.jpg 1080w\" sizes=\"auto, (max-width: 1024px) 100vw, 1024px\" \/><\/figure>\n\n\n\n<figure class=\"wp-block-image size-large\"><img loading=\"lazy\" decoding=\"async\" width=\"1024\" height=\"683\" data-id=\"1191\" src=\"https:\/\/hoytundertaket.no\/letohallen\/wp-content\/uploads\/sites\/8\/2024\/11\/Letohallen_apningsdag_HTL_04190_Foto_Bjorn_Helge_Ronning-1024x683.jpg\" alt=\"\" class=\"wp-image-1191\" srcset=\"https:\/\/hoytundertaket.no\/letohallen\/wp-content\/uploads\/sites\/8\/2024\/11\/Letohallen_apningsdag_HTL_04190_Foto_Bjorn_Helge_Ronning-1024x683.jpg 1024w, https:\/\/hoytundertaket.no\/letohallen\/wp-content\/uploads\/sites\/8\/2024\/11\/Letohallen_apningsdag_HTL_04190_Foto_Bjorn_Helge_Ronning-300x200.jpg 300w, https:\/\/hoytundertaket.no\/letohallen\/wp-content\/uploads\/sites\/8\/2024\/11\/Letohallen_apningsdag_HTL_04190_Foto_Bjorn_Helge_Ronning-768x512.jpg 768w, https:\/\/hoytundertaket.no\/letohallen\/wp-content\/uploads\/sites\/8\/2024\/11\/Letohallen_apningsdag_HTL_04190_Foto_Bjorn_Helge_Ronning.jpg 1080w\" sizes=\"auto, (max-width: 1024px) 100vw, 1024px\" \/><\/figure>\n\n\n\n<figure class=\"wp-block-image size-large\"><img loading=\"lazy\" decoding=\"async\" width=\"1024\" height=\"683\" data-id=\"1201\" src=\"https:\/\/hoytundertaket.no\/letohallen\/wp-content\/uploads\/sites\/8\/2024\/11\/Letohallen_apningsdag_HTL_04219_Foto_Bjorn_Helge_Ronning-1024x683.jpg\" alt=\"\" class=\"wp-image-1201\" srcset=\"https:\/\/hoytundertaket.no\/letohallen\/wp-content\/uploads\/sites\/8\/2024\/11\/Letohallen_apningsdag_HTL_04219_Foto_Bjorn_Helge_Ronning-1024x683.jpg 1024w, https:\/\/hoytundertaket.no\/letohallen\/wp-content\/uploads\/sites\/8\/2024\/11\/Letohallen_apningsdag_HTL_04219_Foto_Bjorn_Helge_Ronning-300x200.jpg 300w, https:\/\/hoytundertaket.no\/letohallen\/wp-content\/uploads\/sites\/8\/2024\/11\/Letohallen_apningsdag_HTL_04219_Foto_Bjorn_Helge_Ronning-768x512.jpg 768w, https:\/\/hoytundertaket.no\/letohallen\/wp-content\/uploads\/sites\/8\/2024\/11\/Letohallen_apningsdag_HTL_04219_Foto_Bjorn_Helge_Ronning.jpg 1080w\" sizes=\"auto, (max-width: 1024px) 100vw, 1024px\" \/><\/figure>\n\n\n\n<figure class=\"wp-block-image size-large\"><img loading=\"lazy\" decoding=\"async\" width=\"1024\" height=\"683\" data-id=\"1198\" src=\"https:\/\/hoytundertaket.no\/letohallen\/wp-content\/uploads\/sites\/8\/2024\/11\/Letohallen_apningsdag_HTL_04220_Foto_Bjorn_Helge_Ronning-1024x683.jpg\" alt=\"\" class=\"wp-image-1198\" srcset=\"https:\/\/hoytundertaket.no\/letohallen\/wp-content\/uploads\/sites\/8\/2024\/11\/Letohallen_apningsdag_HTL_04220_Foto_Bjorn_Helge_Ronning-1024x683.jpg 1024w, https:\/\/hoytundertaket.no\/letohallen\/wp-content\/uploads\/sites\/8\/2024\/11\/Letohallen_apningsdag_HTL_04220_Foto_Bjorn_Helge_Ronning-300x200.jpg 300w, https:\/\/hoytundertaket.no\/letohallen\/wp-content\/uploads\/sites\/8\/2024\/11\/Letohallen_apningsdag_HTL_04220_Foto_Bjorn_Helge_Ronning-768x512.jpg 768w, https:\/\/hoytundertaket.no\/letohallen\/wp-content\/uploads\/sites\/8\/2024\/11\/Letohallen_apningsdag_HTL_04220_Foto_Bjorn_Helge_Ronning.jpg 1080w\" sizes=\"auto, (max-width: 1024px) 100vw, 1024px\" \/><\/figure>\n\n\n\n<figure class=\"wp-block-image size-large\"><img loading=\"lazy\" decoding=\"async\" width=\"1024\" height=\"683\" data-id=\"1195\" src=\"https:\/\/hoytundertaket.no\/letohallen\/wp-content\/uploads\/sites\/8\/2024\/11\/Letohallen_apningsdag_HTL_04250_Foto_Bjorn_Helge_Ronning-1024x683.jpg\" alt=\"\" class=\"wp-image-1195\" srcset=\"https:\/\/hoytundertaket.no\/letohallen\/wp-content\/uploads\/sites\/8\/2024\/11\/Letohallen_apningsdag_HTL_04250_Foto_Bjorn_Helge_Ronning-1024x683.jpg 1024w, https:\/\/hoytundertaket.no\/letohallen\/wp-content\/uploads\/sites\/8\/2024\/11\/Letohallen_apningsdag_HTL_04250_Foto_Bjorn_Helge_Ronning-300x200.jpg 300w, https:\/\/hoytundertaket.no\/letohallen\/wp-content\/uploads\/sites\/8\/2024\/11\/Letohallen_apningsdag_HTL_04250_Foto_Bjorn_Helge_Ronning-768x512.jpg 768w, https:\/\/hoytundertaket.no\/letohallen\/wp-content\/uploads\/sites\/8\/2024\/11\/Letohallen_apningsdag_HTL_04250_Foto_Bjorn_Helge_Ronning.jpg 1080w\" sizes=\"auto, (max-width: 1024px) 100vw, 1024px\" \/><\/figure>\n<\/figure>\n\n\n\n<p><\/p>\n","protected":false},"excerpt":{"rendered":"<p>Her kan du f\u00e5 se litt av aktivitetene p\u00e5 klatresenteret hos oss.<\/p>\n","protected":false},"author":18,"featured_media":0,"parent":0,"menu_order":0,"comment_status":"closed","ping_status":"closed","template":"page-gallery-2.php","meta":{"_acf_changed":false,"footnotes":""},"class_list":["post-1188","page","type-page","status-publish","hentry"],"acf":[],"yoast_head":"<!-- This site is optimized with the Yoast SEO plugin v26.9 - https:\/\/yoast.com\/product\/yoast-seo-wordpress\/ -->\n<title>GALLERI - H\u00f8yt Under Taket Letohallen<\/title>\n<meta name=\"description\" content=\"Her finner du v\u00e5rt galleri med inspirerende bilder og video fra klatresenteret - H\u00f8yt Under Taket Letohallen\" \/>\n<meta name=\"robots\" content=\"index, follow, max-snippet:-1, max-image-preview:large, max-video-preview:-1\" \/>\n<link rel=\"canonical\" href=\"https:\/\/hoytundertaket.no\/letohallen\/galleri\/\" \/>\n<meta property=\"og:locale\" content=\"nb_NO\" \/>\n<meta property=\"og:type\" content=\"article\" \/>\n<meta property=\"og:title\" content=\"GALLERI - H\u00f8yt Under Taket Letohallen\" \/>\n<meta property=\"og:description\" content=\"Her finner du v\u00e5rt galleri med inspirerende bilder og video fra klatresenteret - H\u00f8yt Under Taket Letohallen\" \/>\n<meta property=\"og:url\" content=\"https:\/\/hoytundertaket.no\/letohallen\/galleri\/\" \/>\n<meta property=\"og:site_name\" content=\"H\u00f8yt Under Taket Letohallen\" \/>\n<meta property=\"article:modified_time\" content=\"2024-12-18T07:52:00+00:00\" \/>\n<meta property=\"og:image\" content=\"https:\/\/hoytundertaket.no\/letohallen\/wp-content\/uploads\/sites\/8\/2024\/11\/Letohallen_apningsdag_HTL_04063_Foto_Bjorn_Helge_Ronning.jpg\" \/>\n\t<meta property=\"og:image:width\" content=\"1080\" \/>\n\t<meta property=\"og:image:height\" content=\"720\" \/>\n\t<meta property=\"og:image:type\" content=\"image\/jpeg\" \/>\n<meta name=\"twitter:card\" content=\"summary_large_image\" \/>\n<meta name=\"twitter:label1\" content=\"Ansl. lesetid\" \/>\n\t<meta name=\"twitter:data1\" content=\"3 minutter\" \/>\n<script type=\"application\/ld+json\" class=\"yoast-schema-graph\">{\"@context\":\"https:\/\/schema.org\",\"@graph\":[{\"@type\":\"WebPage\",\"@id\":\"https:\/\/hoytundertaket.no\/letohallen\/galleri\/\",\"url\":\"https:\/\/hoytundertaket.no\/letohallen\/galleri\/\",\"name\":\"GALLERI - H\u00f8yt Under Taket Letohallen\",\"isPartOf\":{\"@id\":\"https:\/\/hoytundertaket.no\/letohallen\/#website\"},\"primaryImageOfPage\":{\"@id\":\"https:\/\/hoytundertaket.no\/letohallen\/galleri\/#primaryimage\"},\"image\":{\"@id\":\"https:\/\/hoytundertaket.no\/letohallen\/galleri\/#primaryimage\"},\"thumbnailUrl\":\"https:\/\/hoytundertaket.no\/letohallen\/wp-content\/uploads\/sites\/8\/2024\/11\/Letohallen_apningsdag_HTL_04063_Foto_Bjorn_Helge_Ronning-1024x683.jpg\",\"datePublished\":\"2024-11-06T15:11:10+00:00\",\"dateModified\":\"2024-12-18T07:52:00+00:00\",\"description\":\"Her finner du v\u00e5rt galleri med inspirerende bilder og video fra klatresenteret - H\u00f8yt Under Taket Letohallen\",\"breadcrumb\":{\"@id\":\"https:\/\/hoytundertaket.no\/letohallen\/galleri\/#breadcrumb\"},\"inLanguage\":\"nb-NO\",\"potentialAction\":[{\"@type\":\"ReadAction\",\"target\":[\"https:\/\/hoytundertaket.no\/letohallen\/galleri\/\"]}]},{\"@type\":\"ImageObject\",\"inLanguage\":\"nb-NO\",\"@id\":\"https:\/\/hoytundertaket.no\/letohallen\/galleri\/#primaryimage\",\"url\":\"https:\/\/hoytundertaket.no\/letohallen\/wp-content\/uploads\/sites\/8\/2024\/11\/Letohallen_apningsdag_HTL_04063_Foto_Bjorn_Helge_Ronning.jpg\",\"contentUrl\":\"https:\/\/hoytundertaket.no\/letohallen\/wp-content\/uploads\/sites\/8\/2024\/11\/Letohallen_apningsdag_HTL_04063_Foto_Bjorn_Helge_Ronning.jpg\",\"width\":1080,\"height\":720},{\"@type\":\"BreadcrumbList\",\"@id\":\"https:\/\/hoytundertaket.no\/letohallen\/galleri\/#breadcrumb\",\"itemListElement\":[{\"@type\":\"ListItem\",\"position\":1,\"name\":\"Hjem\",\"item\":\"https:\/\/hoytundertaket.no\/letohallen\/\"},{\"@type\":\"ListItem\",\"position\":2,\"name\":\"GALLERI\"}]},{\"@type\":\"WebSite\",\"@id\":\"https:\/\/hoytundertaket.no\/letohallen\/#website\",\"url\":\"https:\/\/hoytundertaket.no\/letohallen\/\",\"name\":\"H\u00f8yt Under Taket Letohallen\",\"description\":\"Bare enda et H\u00f8yt Under Taket-nettsted\",\"publisher\":{\"@id\":\"https:\/\/hoytundertaket.no\/letohallen\/#organization\"},\"potentialAction\":[{\"@type\":\"SearchAction\",\"target\":{\"@type\":\"EntryPoint\",\"urlTemplate\":\"https:\/\/hoytundertaket.no\/letohallen\/?s={search_term_string}\"},\"query-input\":{\"@type\":\"PropertyValueSpecification\",\"valueRequired\":true,\"valueName\":\"search_term_string\"}}],\"inLanguage\":\"nb-NO\"},{\"@type\":[\"Organization\",\"Place\"],\"@id\":\"https:\/\/hoytundertaket.no\/letohallen\/#organization\",\"name\":\"H\u00f8yt Under Taket Letohallen\",\"url\":\"https:\/\/hoytundertaket.no\/letohallen\/\",\"logo\":{\"@id\":\"https:\/\/hoytundertaket.no\/letohallen\/galleri\/#local-main-organization-logo\"},\"image\":{\"@id\":\"https:\/\/hoytundertaket.no\/letohallen\/galleri\/#local-main-organization-logo\"},\"telephone\":[],\"openingHoursSpecification\":[{\"@type\":\"OpeningHoursSpecification\",\"dayOfWeek\":[\"Monday\",\"Tuesday\",\"Wednesday\",\"Thursday\",\"Friday\",\"Saturday\",\"Sunday\"],\"opens\":\"09:00\",\"closes\":\"17:00\"}]},{\"@type\":\"ImageObject\",\"inLanguage\":\"nb-NO\",\"@id\":\"https:\/\/hoytundertaket.no\/letohallen\/galleri\/#local-main-organization-logo\",\"url\":\"https:\/\/hoytundertaket.no\/letohallen\/wp-content\/uploads\/sites\/8\/2023\/02\/hut-logo-letohallen-horisontal-pos.svg\",\"contentUrl\":\"https:\/\/hoytundertaket.no\/letohallen\/wp-content\/uploads\/sites\/8\/2023\/02\/hut-logo-letohallen-horisontal-pos.svg\",\"width\":340,\"height\":110,\"caption\":\"H\u00f8yt Under Taket Letohallen\"}]}<\/script>\n<!-- \/ Yoast SEO plugin. -->","yoast_head_json":{"title":"GALLERI - H\u00f8yt Under Taket Letohallen","description":"Her finner du v\u00e5rt galleri med inspirerende bilder og video fra klatresenteret - H\u00f8yt Under Taket Letohallen","robots":{"index":"index","follow":"follow","max-snippet":"max-snippet:-1","max-image-preview":"max-image-preview:large","max-video-preview":"max-video-preview:-1"},"canonical":"https:\/\/hoytundertaket.no\/letohallen\/galleri\/","og_locale":"nb_NO","og_type":"article","og_title":"GALLERI - H\u00f8yt Under Taket Letohallen","og_description":"Her finner du v\u00e5rt galleri med inspirerende bilder og video fra klatresenteret - H\u00f8yt Under Taket Letohallen","og_url":"https:\/\/hoytundertaket.no\/letohallen\/galleri\/","og_site_name":"H\u00f8yt Under Taket Letohallen","article_modified_time":"2024-12-18T07:52:00+00:00","og_image":[{"width":1080,"height":720,"url":"https:\/\/hoytundertaket.no\/letohallen\/wp-content\/uploads\/sites\/8\/2024\/11\/Letohallen_apningsdag_HTL_04063_Foto_Bjorn_Helge_Ronning.jpg","type":"image\/jpeg"}],"twitter_card":"summary_large_image","twitter_misc":{"Ansl. lesetid":"3 minutter"},"schema":{"@context":"https:\/\/schema.org","@graph":[{"@type":"WebPage","@id":"https:\/\/hoytundertaket.no\/letohallen\/galleri\/","url":"https:\/\/hoytundertaket.no\/letohallen\/galleri\/","name":"GALLERI - H\u00f8yt Under Taket Letohallen","isPartOf":{"@id":"https:\/\/hoytundertaket.no\/letohallen\/#website"},"primaryImageOfPage":{"@id":"https:\/\/hoytundertaket.no\/letohallen\/galleri\/#primaryimage"},"image":{"@id":"https:\/\/hoytundertaket.no\/letohallen\/galleri\/#primaryimage"},"thumbnailUrl":"https:\/\/hoytundertaket.no\/letohallen\/wp-content\/uploads\/sites\/8\/2024\/11\/Letohallen_apningsdag_HTL_04063_Foto_Bjorn_Helge_Ronning-1024x683.jpg","datePublished":"2024-11-06T15:11:10+00:00","dateModified":"2024-12-18T07:52:00+00:00","description":"Her finner du v\u00e5rt galleri med inspirerende bilder og video fra klatresenteret - H\u00f8yt Under Taket Letohallen","breadcrumb":{"@id":"https:\/\/hoytundertaket.no\/letohallen\/galleri\/#breadcrumb"},"inLanguage":"nb-NO","potentialAction":[{"@type":"ReadAction","target":["https:\/\/hoytundertaket.no\/letohallen\/galleri\/"]}]},{"@type":"ImageObject","inLanguage":"nb-NO","@id":"https:\/\/hoytundertaket.no\/letohallen\/galleri\/#primaryimage","url":"https:\/\/hoytundertaket.no\/letohallen\/wp-content\/uploads\/sites\/8\/2024\/11\/Letohallen_apningsdag_HTL_04063_Foto_Bjorn_Helge_Ronning.jpg","contentUrl":"https:\/\/hoytundertaket.no\/letohallen\/wp-content\/uploads\/sites\/8\/2024\/11\/Letohallen_apningsdag_HTL_04063_Foto_Bjorn_Helge_Ronning.jpg","width":1080,"height":720},{"@type":"BreadcrumbList","@id":"https:\/\/hoytundertaket.no\/letohallen\/galleri\/#breadcrumb","itemListElement":[{"@type":"ListItem","position":1,"name":"Hjem","item":"https:\/\/hoytundertaket.no\/letohallen\/"},{"@type":"ListItem","position":2,"name":"GALLERI"}]},{"@type":"WebSite","@id":"https:\/\/hoytundertaket.no\/letohallen\/#website","url":"https:\/\/hoytundertaket.no\/letohallen\/","name":"H\u00f8yt Under Taket Letohallen","description":"Bare enda et H\u00f8yt Under Taket-nettsted","publisher":{"@id":"https:\/\/hoytundertaket.no\/letohallen\/#organization"},"potentialAction":[{"@type":"SearchAction","target":{"@type":"EntryPoint","urlTemplate":"https:\/\/hoytundertaket.no\/letohallen\/?s={search_term_string}"},"query-input":{"@type":"PropertyValueSpecification","valueRequired":true,"valueName":"search_term_string"}}],"inLanguage":"nb-NO"},{"@type":["Organization","Place"],"@id":"https:\/\/hoytundertaket.no\/letohallen\/#organization","name":"H\u00f8yt Under Taket Letohallen","url":"https:\/\/hoytundertaket.no\/letohallen\/","logo":{"@id":"https:\/\/hoytundertaket.no\/letohallen\/galleri\/#local-main-organization-logo"},"image":{"@id":"https:\/\/hoytundertaket.no\/letohallen\/galleri\/#local-main-organization-logo"},"telephone":[],"openingHoursSpecification":[{"@type":"OpeningHoursSpecification","dayOfWeek":["Monday","Tuesday","Wednesday","Thursday","Friday","Saturday","Sunday"],"opens":"09:00","closes":"17:00"}]},{"@type":"ImageObject","inLanguage":"nb-NO","@id":"https:\/\/hoytundertaket.no\/letohallen\/galleri\/#local-main-organization-logo","url":"https:\/\/hoytundertaket.no\/letohallen\/wp-content\/uploads\/sites\/8\/2023\/02\/hut-logo-letohallen-horisontal-pos.svg","contentUrl":"https:\/\/hoytundertaket.no\/letohallen\/wp-content\/uploads\/sites\/8\/2023\/02\/hut-logo-letohallen-horisontal-pos.svg","width":340,"height":110,"caption":"H\u00f8yt Under Taket Letohallen"}]}},"_links":{"self":[{"href":"https:\/\/hoytundertaket.no\/letohallen\/wp-json\/wp\/v2\/pages\/1188","targetHints":{"allow":["GET"]}}],"collection":[{"href":"https:\/\/hoytundertaket.no\/letohallen\/wp-json\/wp\/v2\/pages"}],"about":[{"href":"https:\/\/hoytundertaket.no\/letohallen\/wp-json\/wp\/v2\/types\/page"}],"author":[{"embeddable":true,"href":"https:\/\/hoytundertaket.no\/letohallen\/wp-json\/wp\/v2\/users\/18"}],"replies":[{"embeddable":true,"href":"https:\/\/hoytundertaket.no\/letohallen\/wp-json\/wp\/v2\/comments?post=1188"}],"version-history":[{"count":2,"href":"https:\/\/hoytundertaket.no\/letohallen\/wp-json\/wp\/v2\/pages\/1188\/revisions"}],"predecessor-version":[{"id":1206,"href":"https:\/\/hoytundertaket.no\/letohallen\/wp-json\/wp\/v2\/pages\/1188\/revisions\/1206"}],"wp:attachment":[{"href":"https:\/\/hoytundertaket.no\/letohallen\/wp-json\/wp\/v2\/media?parent=1188"}],"curies":[{"name":"wp","href":"https:\/\/api.w.org\/{rel}","templated":true}]}}