{"id":364,"date":"2023-04-13T14:00:21","date_gmt":"2023-04-13T12:00:21","guid":{"rendered":"https:\/\/hoytundertaket.no\/letohallen\/?page_id=364"},"modified":"2024-05-28T19:14:31","modified_gmt":"2024-05-28T17:14:31","slug":"praktisk-info","status":"publish","type":"page","link":"https:\/\/hoytundertaket.no\/letohallen\/informasjon\/praktisk-info\/","title":{"rendered":"Praktisk info"},"content":{"rendered":"\n<p>Her finner du praktisk informasjon som er greit \u00e5 f\u00e5 med seg i forkant av bes\u00f8ket hos oss.<\/p>\n","protected":false},"excerpt":{"rendered":"<p>Her finner du praktisk informasjon som er greit \u00e5 f\u00e5 med seg i forkant av bes\u00f8ket hos oss.<\/p>\n","protected":false},"author":1,"featured_media":0,"parent":242,"menu_order":0,"comment_status":"closed","ping_status":"closed","template":"page-info.php","meta":{"_acf_changed":false,"footnotes":""},"class_list":["post-364","page","type-page","status-publish","hentry"],"acf":[],"yoast_head":"<!-- This site is optimized with the Yoast SEO plugin v27.4 - https:\/\/yoast.com\/product\/yoast-seo-wordpress\/ -->\n<title>Praktisk info - H\u00f8yt Under Taket Letohallen<\/title>\n<meta name=\"robots\" content=\"index, follow, max-snippet:-1, max-image-preview:large, max-video-preview:-1\" \/>\n<link rel=\"canonical\" href=\"https:\/\/hoytundertaket.no\/letohallen\/informasjon\/praktisk-info\/\" \/>\n<meta property=\"og:locale\" content=\"nb_NO\" \/>\n<meta property=\"og:type\" content=\"article\" \/>\n<meta property=\"og:title\" content=\"Praktisk info - H\u00f8yt Under Taket Letohallen\" \/>\n<meta property=\"og:description\" content=\"Her finner du praktisk informasjon som er greit \u00e5 f\u00e5 med seg i forkant av bes\u00f8ket hos oss.\" \/>\n<meta property=\"og:url\" content=\"https:\/\/hoytundertaket.no\/letohallen\/informasjon\/praktisk-info\/\" \/>\n<meta property=\"og:site_name\" content=\"H\u00f8yt Under Taket Letohallen\" \/>\n<meta property=\"article:modified_time\" content=\"2024-05-28T17:14:31+00:00\" \/>\n<meta name=\"twitter:card\" content=\"summary_large_image\" \/>\n<meta name=\"twitter:label1\" content=\"Ansl. lesetid\" \/>\n\t<meta name=\"twitter:data1\" content=\"1 minutt\" \/>\n<script type=\"application\/ld+json\" class=\"yoast-schema-graph\">{\"@context\":\"https:\\\/\\\/schema.org\",\"@graph\":[{\"@type\":\"WebPage\",\"@id\":\"https:\\\/\\\/hoytundertaket.no\\\/letohallen\\\/informasjon\\\/praktisk-info\\\/\",\"url\":\"https:\\\/\\\/hoytundertaket.no\\\/letohallen\\\/informasjon\\\/praktisk-info\\\/\",\"name\":\"Praktisk info - H\u00f8yt Under Taket Letohallen\",\"isPartOf\":{\"@id\":\"https:\\\/\\\/hoytundertaket.no\\\/letohallen\\\/#website\"},\"datePublished\":\"2023-04-13T12:00:21+00:00\",\"dateModified\":\"2024-05-28T17:14:31+00:00\",\"breadcrumb\":{\"@id\":\"https:\\\/\\\/hoytundertaket.no\\\/letohallen\\\/informasjon\\\/praktisk-info\\\/#breadcrumb\"},\"inLanguage\":\"nb-NO\",\"potentialAction\":[{\"@type\":\"ReadAction\",\"target\":[\"https:\\\/\\\/hoytundertaket.no\\\/letohallen\\\/informasjon\\\/praktisk-info\\\/\"]}]},{\"@type\":\"BreadcrumbList\",\"@id\":\"https:\\\/\\\/hoytundertaket.no\\\/letohallen\\\/informasjon\\\/praktisk-info\\\/#breadcrumb\",\"itemListElement\":[{\"@type\":\"ListItem\",\"position\":1,\"name\":\"Hjem\",\"item\":\"https:\\\/\\\/hoytundertaket.no\\\/letohallen\\\/\"},{\"@type\":\"ListItem\",\"position\":2,\"name\":\"Informasjon\",\"item\":\"https:\\\/\\\/hoytundertaket.no\\\/letohallen\\\/informasjon\\\/\"},{\"@type\":\"ListItem\",\"position\":3,\"name\":\"Praktisk info\"}]},{\"@type\":\"WebSite\",\"@id\":\"https:\\\/\\\/hoytundertaket.no\\\/letohallen\\\/#website\",\"url\":\"https:\\\/\\\/hoytundertaket.no\\\/letohallen\\\/\",\"name\":\"H\u00f8yt Under Taket Letohallen\",\"description\":\"Bare enda et H\u00f8yt Under Taket-nettsted\",\"publisher\":{\"@id\":\"https:\\\/\\\/hoytundertaket.no\\\/letohallen\\\/#organization\"},\"potentialAction\":[{\"@type\":\"SearchAction\",\"target\":{\"@type\":\"EntryPoint\",\"urlTemplate\":\"https:\\\/\\\/hoytundertaket.no\\\/letohallen\\\/?s={search_term_string}\"},\"query-input\":{\"@type\":\"PropertyValueSpecification\",\"valueRequired\":true,\"valueName\":\"search_term_string\"}}],\"inLanguage\":\"nb-NO\"},{\"@type\":[\"Organization\",\"Place\"],\"@id\":\"https:\\\/\\\/hoytundertaket.no\\\/letohallen\\\/#organization\",\"name\":\"H\u00f8yt Under Taket Letohallen\",\"url\":\"https:\\\/\\\/hoytundertaket.no\\\/letohallen\\\/\",\"logo\":{\"@id\":\"https:\\\/\\\/hoytundertaket.no\\\/letohallen\\\/informasjon\\\/praktisk-info\\\/#local-main-organization-logo\"},\"image\":{\"@id\":\"https:\\\/\\\/hoytundertaket.no\\\/letohallen\\\/informasjon\\\/praktisk-info\\\/#local-main-organization-logo\"},\"telephone\":[],\"openingHoursSpecification\":[{\"@type\":\"OpeningHoursSpecification\",\"dayOfWeek\":[\"Monday\",\"Tuesday\",\"Wednesday\",\"Thursday\",\"Friday\",\"Saturday\",\"Sunday\"],\"opens\":\"09:00\",\"closes\":\"17:00\"}]},{\"@type\":\"ImageObject\",\"inLanguage\":\"nb-NO\",\"@id\":\"https:\\\/\\\/hoytundertaket.no\\\/letohallen\\\/informasjon\\\/praktisk-info\\\/#local-main-organization-logo\",\"url\":\"https:\\\/\\\/hoytundertaket.no\\\/letohallen\\\/wp-content\\\/uploads\\\/sites\\\/8\\\/2023\\\/02\\\/hut-logo-letohallen-horisontal-pos.svg\",\"contentUrl\":\"https:\\\/\\\/hoytundertaket.no\\\/letohallen\\\/wp-content\\\/uploads\\\/sites\\\/8\\\/2023\\\/02\\\/hut-logo-letohallen-horisontal-pos.svg\",\"width\":340,\"height\":110,\"caption\":\"H\u00f8yt Under Taket Letohallen\"}]}<\/script>\n<!-- \/ Yoast SEO plugin. -->","yoast_head_json":{"title":"Praktisk info - H\u00f8yt Under Taket Letohallen","robots":{"index":"index","follow":"follow","max-snippet":"max-snippet:-1","max-image-preview":"max-image-preview:large","max-video-preview":"max-video-preview:-1"},"canonical":"https:\/\/hoytundertaket.no\/letohallen\/informasjon\/praktisk-info\/","og_locale":"nb_NO","og_type":"article","og_title":"Praktisk info - H\u00f8yt Under Taket Letohallen","og_description":"Her finner du praktisk informasjon som er greit \u00e5 f\u00e5 med seg i forkant av bes\u00f8ket hos oss.","og_url":"https:\/\/hoytundertaket.no\/letohallen\/informasjon\/praktisk-info\/","og_site_name":"H\u00f8yt Under Taket Letohallen","article_modified_time":"2024-05-28T17:14:31+00:00","twitter_card":"summary_large_image","twitter_misc":{"Ansl. lesetid":"1 minutt"},"schema":{"@context":"https:\/\/schema.org","@graph":[{"@type":"WebPage","@id":"https:\/\/hoytundertaket.no\/letohallen\/informasjon\/praktisk-info\/","url":"https:\/\/hoytundertaket.no\/letohallen\/informasjon\/praktisk-info\/","name":"Praktisk info - H\u00f8yt Under Taket Letohallen","isPartOf":{"@id":"https:\/\/hoytundertaket.no\/letohallen\/#website"},"datePublished":"2023-04-13T12:00:21+00:00","dateModified":"2024-05-28T17:14:31+00:00","breadcrumb":{"@id":"https:\/\/hoytundertaket.no\/letohallen\/informasjon\/praktisk-info\/#breadcrumb"},"inLanguage":"nb-NO","potentialAction":[{"@type":"ReadAction","target":["https:\/\/hoytundertaket.no\/letohallen\/informasjon\/praktisk-info\/"]}]},{"@type":"BreadcrumbList","@id":"https:\/\/hoytundertaket.no\/letohallen\/informasjon\/praktisk-info\/#breadcrumb","itemListElement":[{"@type":"ListItem","position":1,"name":"Hjem","item":"https:\/\/hoytundertaket.no\/letohallen\/"},{"@type":"ListItem","position":2,"name":"Informasjon","item":"https:\/\/hoytundertaket.no\/letohallen\/informasjon\/"},{"@type":"ListItem","position":3,"name":"Praktisk info"}]},{"@type":"WebSite","@id":"https:\/\/hoytundertaket.no\/letohallen\/#website","url":"https:\/\/hoytundertaket.no\/letohallen\/","name":"H\u00f8yt Under Taket Letohallen","description":"Bare enda et H\u00f8yt Under Taket-nettsted","publisher":{"@id":"https:\/\/hoytundertaket.no\/letohallen\/#organization"},"potentialAction":[{"@type":"SearchAction","target":{"@type":"EntryPoint","urlTemplate":"https:\/\/hoytundertaket.no\/letohallen\/?s={search_term_string}"},"query-input":{"@type":"PropertyValueSpecification","valueRequired":true,"valueName":"search_term_string"}}],"inLanguage":"nb-NO"},{"@type":["Organization","Place"],"@id":"https:\/\/hoytundertaket.no\/letohallen\/#organization","name":"H\u00f8yt Under Taket Letohallen","url":"https:\/\/hoytundertaket.no\/letohallen\/","logo":{"@id":"https:\/\/hoytundertaket.no\/letohallen\/informasjon\/praktisk-info\/#local-main-organization-logo"},"image":{"@id":"https:\/\/hoytundertaket.no\/letohallen\/informasjon\/praktisk-info\/#local-main-organization-logo"},"telephone":[],"openingHoursSpecification":[{"@type":"OpeningHoursSpecification","dayOfWeek":["Monday","Tuesday","Wednesday","Thursday","Friday","Saturday","Sunday"],"opens":"09:00","closes":"17:00"}]},{"@type":"ImageObject","inLanguage":"nb-NO","@id":"https:\/\/hoytundertaket.no\/letohallen\/informasjon\/praktisk-info\/#local-main-organization-logo","url":"https:\/\/hoytundertaket.no\/letohallen\/wp-content\/uploads\/sites\/8\/2023\/02\/hut-logo-letohallen-horisontal-pos.svg","contentUrl":"https:\/\/hoytundertaket.no\/letohallen\/wp-content\/uploads\/sites\/8\/2023\/02\/hut-logo-letohallen-horisontal-pos.svg","width":340,"height":110,"caption":"H\u00f8yt Under Taket Letohallen"}]}},"_links":{"self":[{"href":"https:\/\/hoytundertaket.no\/letohallen\/wp-json\/wp\/v2\/pages\/364","targetHints":{"allow":["GET"]}}],"collection":[{"href":"https:\/\/hoytundertaket.no\/letohallen\/wp-json\/wp\/v2\/pages"}],"about":[{"href":"https:\/\/hoytundertaket.no\/letohallen\/wp-json\/wp\/v2\/types\/page"}],"author":[{"embeddable":true,"href":"https:\/\/hoytundertaket.no\/letohallen\/wp-json\/wp\/v2\/users\/1"}],"replies":[{"embeddable":true,"href":"https:\/\/hoytundertaket.no\/letohallen\/wp-json\/wp\/v2\/comments?post=364"}],"version-history":[{"count":10,"href":"https:\/\/hoytundertaket.no\/letohallen\/wp-json\/wp\/v2\/pages\/364\/revisions"}],"predecessor-version":[{"id":1106,"href":"https:\/\/hoytundertaket.no\/letohallen\/wp-json\/wp\/v2\/pages\/364\/revisions\/1106"}],"up":[{"embeddable":true,"href":"https:\/\/hoytundertaket.no\/letohallen\/wp-json\/wp\/v2\/pages\/242"}],"wp:attachment":[{"href":"https:\/\/hoytundertaket.no\/letohallen\/wp-json\/wp\/v2\/media?parent=364"}],"curies":[{"name":"wp","href":"https:\/\/api.w.org\/{rel}","templated":true}]}}