{"id":429,"date":"2023-04-13T14:24:52","date_gmt":"2023-04-13T12:24:52","guid":{"rendered":"https:\/\/hoytundertaket.no\/letohallen\/?page_id=429"},"modified":"2026-02-11T15:57:13","modified_gmt":"2026-02-11T14:57:13","slug":"buldring","status":"publish","type":"page","link":"https:\/\/hoytundertaket.no\/letohallen\/aktiviteter\/buldring\/","title":{"rendered":"Buldring"},"content":{"rendered":"","protected":false},"excerpt":{"rendered":"","protected":false},"author":1,"featured_media":1290,"parent":1556,"menu_order":0,"comment_status":"closed","ping_status":"closed","template":"page-visit.php","meta":{"_acf_changed":false,"footnotes":""},"class_list":["post-429","page","type-page","status-publish","has-post-thumbnail","hentry"],"acf":[],"yoast_head":"<!-- This site is optimized with the Yoast SEO plugin v26.9 - https:\/\/yoast.com\/product\/yoast-seo-wordpress\/ -->\n<title>Buldring p\u00e5 Letohallen: Ditt f\u00f8rste bes\u00f8k p\u00e5 H\u00f8yt Under Taket<\/title>\n<meta name=\"description\" content=\"Vil du pr\u00f8ve buldring p\u00e5 Letohallen? Hos oss p\u00e5 H\u00f8yt Under Taket finner du alt du trenger for \u00e5 komme i gang! Pr\u00f8v buldring i dag!\" \/>\n<meta name=\"robots\" content=\"index, follow, max-snippet:-1, max-image-preview:large, max-video-preview:-1\" \/>\n<link rel=\"canonical\" href=\"https:\/\/hoytundertaket.no\/letohallen\/aktiviteter\/buldring\/\" \/>\n<meta property=\"og:locale\" content=\"nb_NO\" \/>\n<meta property=\"og:type\" content=\"article\" \/>\n<meta property=\"og:title\" content=\"Buldring p\u00e5 Letohallen: Ditt f\u00f8rste bes\u00f8k p\u00e5 H\u00f8yt Under Taket\" \/>\n<meta property=\"og:description\" content=\"Vil du pr\u00f8ve buldring p\u00e5 Letohallen? Hos oss p\u00e5 H\u00f8yt Under Taket finner du alt du trenger for \u00e5 komme i gang! Pr\u00f8v buldring i dag!\" \/>\n<meta property=\"og:url\" content=\"https:\/\/hoytundertaket.no\/letohallen\/aktiviteter\/buldring\/\" \/>\n<meta property=\"og:site_name\" content=\"H\u00f8yt Under Taket Letohallen\" \/>\n<meta property=\"article:modified_time\" content=\"2026-02-11T14:57:13+00:00\" \/>\n<meta property=\"og:image\" content=\"https:\/\/hoytundertaket.no\/letohallen\/wp-content\/uploads\/sites\/8\/2024\/11\/Letohallen_apningsdag_HTL_04070_Foto_Bjorn_Helge_Ronning.jpg\" \/>\n\t<meta property=\"og:image:width\" content=\"1080\" \/>\n\t<meta property=\"og:image:height\" content=\"720\" \/>\n\t<meta property=\"og:image:type\" content=\"image\/jpeg\" \/>\n<meta name=\"twitter:card\" content=\"summary_large_image\" \/>\n<meta name=\"twitter:label1\" content=\"Ansl. lesetid\" \/>\n\t<meta name=\"twitter:data1\" content=\"3 minutter\" \/>\n<script type=\"application\/ld+json\" class=\"yoast-schema-graph\">{\"@context\":\"https:\/\/schema.org\",\"@graph\":[{\"@type\":\"WebPage\",\"@id\":\"https:\/\/hoytundertaket.no\/letohallen\/aktiviteter\/buldring\/\",\"url\":\"https:\/\/hoytundertaket.no\/letohallen\/aktiviteter\/buldring\/\",\"name\":\"Buldring p\u00e5 Letohallen: Ditt f\u00f8rste bes\u00f8k p\u00e5 H\u00f8yt Under Taket\",\"isPartOf\":{\"@id\":\"https:\/\/hoytundertaket.no\/letohallen\/#website\"},\"primaryImageOfPage\":{\"@id\":\"https:\/\/hoytundertaket.no\/letohallen\/aktiviteter\/buldring\/#primaryimage\"},\"image\":{\"@id\":\"https:\/\/hoytundertaket.no\/letohallen\/aktiviteter\/buldring\/#primaryimage\"},\"thumbnailUrl\":\"https:\/\/hoytundertaket.no\/letohallen\/wp-content\/uploads\/sites\/8\/2024\/12\/Letohallen_apningsdag_HTL_04070_Foto_Bjorn_Helge_Ronning.jpg\",\"datePublished\":\"2023-04-13T12:24:52+00:00\",\"dateModified\":\"2026-02-11T14:57:13+00:00\",\"description\":\"Vil du pr\u00f8ve buldring p\u00e5 Letohallen? Hos oss p\u00e5 H\u00f8yt Under Taket finner du alt du trenger for \u00e5 komme i gang! Pr\u00f8v buldring i dag!\",\"breadcrumb\":{\"@id\":\"https:\/\/hoytundertaket.no\/letohallen\/aktiviteter\/buldring\/#breadcrumb\"},\"inLanguage\":\"nb-NO\",\"potentialAction\":[{\"@type\":\"ReadAction\",\"target\":[\"https:\/\/hoytundertaket.no\/letohallen\/aktiviteter\/buldring\/\"]}]},{\"@type\":\"ImageObject\",\"inLanguage\":\"nb-NO\",\"@id\":\"https:\/\/hoytundertaket.no\/letohallen\/aktiviteter\/buldring\/#primaryimage\",\"url\":\"https:\/\/hoytundertaket.no\/letohallen\/wp-content\/uploads\/sites\/8\/2024\/12\/Letohallen_apningsdag_HTL_04070_Foto_Bjorn_Helge_Ronning.jpg\",\"contentUrl\":\"https:\/\/hoytundertaket.no\/letohallen\/wp-content\/uploads\/sites\/8\/2024\/12\/Letohallen_apningsdag_HTL_04070_Foto_Bjorn_Helge_Ronning.jpg\",\"width\":1080,\"height\":720,\"caption\":\"Trygg og l\u00e6rerik barneklatring hos H\u00f8yt Under Taket Letohallen \u2013 instrukt\u00f8r veileder barn p\u00e5 klatreveggen.\"},{\"@type\":\"BreadcrumbList\",\"@id\":\"https:\/\/hoytundertaket.no\/letohallen\/aktiviteter\/buldring\/#breadcrumb\",\"itemListElement\":[{\"@type\":\"ListItem\",\"position\":1,\"name\":\"Hjem\",\"item\":\"https:\/\/hoytundertaket.no\/letohallen\/\"},{\"@type\":\"ListItem\",\"position\":2,\"name\":\"Aktiviteter\",\"item\":\"https:\/\/hoytundertaket.no\/letohallen\/aktiviteter\/\"},{\"@type\":\"ListItem\",\"position\":3,\"name\":\"Buldring\"}]},{\"@type\":\"WebSite\",\"@id\":\"https:\/\/hoytundertaket.no\/letohallen\/#website\",\"url\":\"https:\/\/hoytundertaket.no\/letohallen\/\",\"name\":\"H\u00f8yt Under Taket Letohallen\",\"description\":\"Bare enda et H\u00f8yt Under Taket-nettsted\",\"publisher\":{\"@id\":\"https:\/\/hoytundertaket.no\/letohallen\/#organization\"},\"potentialAction\":[{\"@type\":\"SearchAction\",\"target\":{\"@type\":\"EntryPoint\",\"urlTemplate\":\"https:\/\/hoytundertaket.no\/letohallen\/?s={search_term_string}\"},\"query-input\":{\"@type\":\"PropertyValueSpecification\",\"valueRequired\":true,\"valueName\":\"search_term_string\"}}],\"inLanguage\":\"nb-NO\"},{\"@type\":[\"Organization\",\"Place\"],\"@id\":\"https:\/\/hoytundertaket.no\/letohallen\/#organization\",\"name\":\"H\u00f8yt Under Taket Letohallen\",\"url\":\"https:\/\/hoytundertaket.no\/letohallen\/\",\"logo\":{\"@id\":\"https:\/\/hoytundertaket.no\/letohallen\/aktiviteter\/buldring\/#local-main-organization-logo\"},\"image\":{\"@id\":\"https:\/\/hoytundertaket.no\/letohallen\/aktiviteter\/buldring\/#local-main-organization-logo\"},\"telephone\":[],\"openingHoursSpecification\":[{\"@type\":\"OpeningHoursSpecification\",\"dayOfWeek\":[\"Monday\",\"Tuesday\",\"Wednesday\",\"Thursday\",\"Friday\",\"Saturday\",\"Sunday\"],\"opens\":\"09:00\",\"closes\":\"17:00\"}]},{\"@type\":\"ImageObject\",\"inLanguage\":\"nb-NO\",\"@id\":\"https:\/\/hoytundertaket.no\/letohallen\/aktiviteter\/buldring\/#local-main-organization-logo\",\"url\":\"https:\/\/hoytundertaket.no\/letohallen\/wp-content\/uploads\/sites\/8\/2023\/02\/hut-logo-letohallen-horisontal-pos.svg\",\"contentUrl\":\"https:\/\/hoytundertaket.no\/letohallen\/wp-content\/uploads\/sites\/8\/2023\/02\/hut-logo-letohallen-horisontal-pos.svg\",\"width\":340,\"height\":110,\"caption\":\"H\u00f8yt Under Taket Letohallen\"}]}<\/script>\n<!-- \/ Yoast SEO plugin. -->","yoast_head_json":{"title":"Buldring p\u00e5 Letohallen: Ditt f\u00f8rste bes\u00f8k p\u00e5 H\u00f8yt Under Taket","description":"Vil du pr\u00f8ve buldring p\u00e5 Letohallen? Hos oss p\u00e5 H\u00f8yt Under Taket finner du alt du trenger for \u00e5 komme i gang! Pr\u00f8v buldring i dag!","robots":{"index":"index","follow":"follow","max-snippet":"max-snippet:-1","max-image-preview":"max-image-preview:large","max-video-preview":"max-video-preview:-1"},"canonical":"https:\/\/hoytundertaket.no\/letohallen\/aktiviteter\/buldring\/","og_locale":"nb_NO","og_type":"article","og_title":"Buldring p\u00e5 Letohallen: Ditt f\u00f8rste bes\u00f8k p\u00e5 H\u00f8yt Under Taket","og_description":"Vil du pr\u00f8ve buldring p\u00e5 Letohallen? Hos oss p\u00e5 H\u00f8yt Under Taket finner du alt du trenger for \u00e5 komme i gang! Pr\u00f8v buldring i dag!","og_url":"https:\/\/hoytundertaket.no\/letohallen\/aktiviteter\/buldring\/","og_site_name":"H\u00f8yt Under Taket Letohallen","article_modified_time":"2026-02-11T14:57:13+00:00","og_image":[{"width":1080,"height":720,"url":"https:\/\/hoytundertaket.no\/letohallen\/wp-content\/uploads\/sites\/8\/2024\/11\/Letohallen_apningsdag_HTL_04070_Foto_Bjorn_Helge_Ronning.jpg","type":"image\/jpeg"}],"twitter_card":"summary_large_image","twitter_misc":{"Ansl. lesetid":"3 minutter"},"schema":{"@context":"https:\/\/schema.org","@graph":[{"@type":"WebPage","@id":"https:\/\/hoytundertaket.no\/letohallen\/aktiviteter\/buldring\/","url":"https:\/\/hoytundertaket.no\/letohallen\/aktiviteter\/buldring\/","name":"Buldring p\u00e5 Letohallen: Ditt f\u00f8rste bes\u00f8k p\u00e5 H\u00f8yt Under Taket","isPartOf":{"@id":"https:\/\/hoytundertaket.no\/letohallen\/#website"},"primaryImageOfPage":{"@id":"https:\/\/hoytundertaket.no\/letohallen\/aktiviteter\/buldring\/#primaryimage"},"image":{"@id":"https:\/\/hoytundertaket.no\/letohallen\/aktiviteter\/buldring\/#primaryimage"},"thumbnailUrl":"https:\/\/hoytundertaket.no\/letohallen\/wp-content\/uploads\/sites\/8\/2024\/12\/Letohallen_apningsdag_HTL_04070_Foto_Bjorn_Helge_Ronning.jpg","datePublished":"2023-04-13T12:24:52+00:00","dateModified":"2026-02-11T14:57:13+00:00","description":"Vil du pr\u00f8ve buldring p\u00e5 Letohallen? Hos oss p\u00e5 H\u00f8yt Under Taket finner du alt du trenger for \u00e5 komme i gang! Pr\u00f8v buldring i dag!","breadcrumb":{"@id":"https:\/\/hoytundertaket.no\/letohallen\/aktiviteter\/buldring\/#breadcrumb"},"inLanguage":"nb-NO","potentialAction":[{"@type":"ReadAction","target":["https:\/\/hoytundertaket.no\/letohallen\/aktiviteter\/buldring\/"]}]},{"@type":"ImageObject","inLanguage":"nb-NO","@id":"https:\/\/hoytundertaket.no\/letohallen\/aktiviteter\/buldring\/#primaryimage","url":"https:\/\/hoytundertaket.no\/letohallen\/wp-content\/uploads\/sites\/8\/2024\/12\/Letohallen_apningsdag_HTL_04070_Foto_Bjorn_Helge_Ronning.jpg","contentUrl":"https:\/\/hoytundertaket.no\/letohallen\/wp-content\/uploads\/sites\/8\/2024\/12\/Letohallen_apningsdag_HTL_04070_Foto_Bjorn_Helge_Ronning.jpg","width":1080,"height":720,"caption":"Trygg og l\u00e6rerik barneklatring hos H\u00f8yt Under Taket Letohallen \u2013 instrukt\u00f8r veileder barn p\u00e5 klatreveggen."},{"@type":"BreadcrumbList","@id":"https:\/\/hoytundertaket.no\/letohallen\/aktiviteter\/buldring\/#breadcrumb","itemListElement":[{"@type":"ListItem","position":1,"name":"Hjem","item":"https:\/\/hoytundertaket.no\/letohallen\/"},{"@type":"ListItem","position":2,"name":"Aktiviteter","item":"https:\/\/hoytundertaket.no\/letohallen\/aktiviteter\/"},{"@type":"ListItem","position":3,"name":"Buldring"}]},{"@type":"WebSite","@id":"https:\/\/hoytundertaket.no\/letohallen\/#website","url":"https:\/\/hoytundertaket.no\/letohallen\/","name":"H\u00f8yt Under Taket Letohallen","description":"Bare enda et H\u00f8yt Under Taket-nettsted","publisher":{"@id":"https:\/\/hoytundertaket.no\/letohallen\/#organization"},"potentialAction":[{"@type":"SearchAction","target":{"@type":"EntryPoint","urlTemplate":"https:\/\/hoytundertaket.no\/letohallen\/?s={search_term_string}"},"query-input":{"@type":"PropertyValueSpecification","valueRequired":true,"valueName":"search_term_string"}}],"inLanguage":"nb-NO"},{"@type":["Organization","Place"],"@id":"https:\/\/hoytundertaket.no\/letohallen\/#organization","name":"H\u00f8yt Under Taket Letohallen","url":"https:\/\/hoytundertaket.no\/letohallen\/","logo":{"@id":"https:\/\/hoytundertaket.no\/letohallen\/aktiviteter\/buldring\/#local-main-organization-logo"},"image":{"@id":"https:\/\/hoytundertaket.no\/letohallen\/aktiviteter\/buldring\/#local-main-organization-logo"},"telephone":[],"openingHoursSpecification":[{"@type":"OpeningHoursSpecification","dayOfWeek":["Monday","Tuesday","Wednesday","Thursday","Friday","Saturday","Sunday"],"opens":"09:00","closes":"17:00"}]},{"@type":"ImageObject","inLanguage":"nb-NO","@id":"https:\/\/hoytundertaket.no\/letohallen\/aktiviteter\/buldring\/#local-main-organization-logo","url":"https:\/\/hoytundertaket.no\/letohallen\/wp-content\/uploads\/sites\/8\/2023\/02\/hut-logo-letohallen-horisontal-pos.svg","contentUrl":"https:\/\/hoytundertaket.no\/letohallen\/wp-content\/uploads\/sites\/8\/2023\/02\/hut-logo-letohallen-horisontal-pos.svg","width":340,"height":110,"caption":"H\u00f8yt Under Taket Letohallen"}]}},"_links":{"self":[{"href":"https:\/\/hoytundertaket.no\/letohallen\/wp-json\/wp\/v2\/pages\/429","targetHints":{"allow":["GET"]}}],"collection":[{"href":"https:\/\/hoytundertaket.no\/letohallen\/wp-json\/wp\/v2\/pages"}],"about":[{"href":"https:\/\/hoytundertaket.no\/letohallen\/wp-json\/wp\/v2\/types\/page"}],"author":[{"embeddable":true,"href":"https:\/\/hoytundertaket.no\/letohallen\/wp-json\/wp\/v2\/users\/1"}],"replies":[{"embeddable":true,"href":"https:\/\/hoytundertaket.no\/letohallen\/wp-json\/wp\/v2\/comments?post=429"}],"version-history":[{"count":14,"href":"https:\/\/hoytundertaket.no\/letohallen\/wp-json\/wp\/v2\/pages\/429\/revisions"}],"predecessor-version":[{"id":1671,"href":"https:\/\/hoytundertaket.no\/letohallen\/wp-json\/wp\/v2\/pages\/429\/revisions\/1671"}],"up":[{"embeddable":true,"href":"https:\/\/hoytundertaket.no\/letohallen\/wp-json\/wp\/v2\/pages\/1556"}],"wp:featuredmedia":[{"embeddable":true,"href":"https:\/\/hoytundertaket.no\/letohallen\/wp-json\/wp\/v2\/media\/1290"}],"wp:attachment":[{"href":"https:\/\/hoytundertaket.no\/letohallen\/wp-json\/wp\/v2\/media?parent=429"}],"curies":[{"name":"wp","href":"https:\/\/api.w.org\/{rel}","templated":true}]}}