{"id":435,"date":"2023-04-13T14:28:08","date_gmt":"2023-04-13T12:28:08","guid":{"rendered":"https:\/\/hoytundertaket.no\/letohallen\/?page_id=435"},"modified":"2026-02-11T15:59:16","modified_gmt":"2026-02-11T14:59:16","slug":"familieaktiviteter","status":"publish","type":"page","link":"https:\/\/hoytundertaket.no\/letohallen\/aktiviteter\/familieaktiviteter\/","title":{"rendered":"Familieaktiviteter"},"content":{"rendered":"","protected":false},"excerpt":{"rendered":"","protected":false},"author":1,"featured_media":1849,"parent":1556,"menu_order":0,"comment_status":"closed","ping_status":"closed","template":"page-visit.php","meta":{"_acf_changed":false,"footnotes":""},"class_list":["post-435","page","type-page","status-publish","has-post-thumbnail","hentry"],"acf":[],"yoast_head":"<!-- This site is optimized with the Yoast SEO plugin v26.9 - https:\/\/yoast.com\/product\/yoast-seo-wordpress\/ -->\n<title>Familieaktiviteter - H\u00f8yt Under Taket Letohallen<\/title>\n<meta name=\"description\" content=\"Familieaktiviteter p\u00e5 Letohallen hos oss best\u00e5r av innholdsrike temaklatrevegger og innend\u00f8rs klatrel\u00f8yper. Perfekt for lek i veggen!\" \/>\n<meta name=\"robots\" content=\"index, follow, max-snippet:-1, max-image-preview:large, max-video-preview:-1\" \/>\n<link rel=\"canonical\" href=\"https:\/\/hoytundertaket.no\/letohallen\/aktiviteter\/familieaktiviteter\/\" \/>\n<meta property=\"og:locale\" content=\"nb_NO\" \/>\n<meta property=\"og:type\" content=\"article\" \/>\n<meta property=\"og:title\" content=\"Familieaktiviteter - H\u00f8yt Under Taket Letohallen\" \/>\n<meta property=\"og:description\" content=\"Familieaktiviteter p\u00e5 Letohallen hos oss best\u00e5r av innholdsrike temaklatrevegger og innend\u00f8rs klatrel\u00f8yper. Perfekt for lek i veggen!\" \/>\n<meta property=\"og:url\" content=\"https:\/\/hoytundertaket.no\/letohallen\/aktiviteter\/familieaktiviteter\/\" \/>\n<meta property=\"og:site_name\" content=\"H\u00f8yt Under Taket Letohallen\" \/>\n<meta property=\"article:modified_time\" content=\"2026-02-11T14:59:16+00:00\" \/>\n<meta property=\"og:image\" content=\"https:\/\/hoytundertaket.no\/letohallen\/wp-content\/uploads\/sites\/8\/2026\/02\/Innendors-klatring-for-barn-og-voksne-\u2013-Hoyt-Under-Taket-Letohallen.png\" \/>\n\t<meta property=\"og:image:width\" content=\"1920\" \/>\n\t<meta property=\"og:image:height\" content=\"1281\" \/>\n\t<meta property=\"og:image:type\" content=\"image\/png\" \/>\n<meta name=\"twitter:card\" content=\"summary_large_image\" \/>\n<meta name=\"twitter:label1\" content=\"Ansl. lesetid\" \/>\n\t<meta name=\"twitter:data1\" content=\"4 minutter\" \/>\n<script type=\"application\/ld+json\" class=\"yoast-schema-graph\">{\"@context\":\"https:\/\/schema.org\",\"@graph\":[{\"@type\":\"WebPage\",\"@id\":\"https:\/\/hoytundertaket.no\/letohallen\/aktiviteter\/familieaktiviteter\/\",\"url\":\"https:\/\/hoytundertaket.no\/letohallen\/aktiviteter\/familieaktiviteter\/\",\"name\":\"Familieaktiviteter - H\u00f8yt Under Taket Letohallen\",\"isPartOf\":{\"@id\":\"https:\/\/hoytundertaket.no\/letohallen\/#website\"},\"primaryImageOfPage\":{\"@id\":\"https:\/\/hoytundertaket.no\/letohallen\/aktiviteter\/familieaktiviteter\/#primaryimage\"},\"image\":{\"@id\":\"https:\/\/hoytundertaket.no\/letohallen\/aktiviteter\/familieaktiviteter\/#primaryimage\"},\"thumbnailUrl\":\"https:\/\/hoytundertaket.no\/letohallen\/wp-content\/uploads\/sites\/8\/2026\/02\/Innendors-klatring-for-barn-og-voksne-\u2013-Hoyt-Under-Taket-Letohallen.png\",\"datePublished\":\"2023-04-13T12:28:08+00:00\",\"dateModified\":\"2026-02-11T14:59:16+00:00\",\"description\":\"Familieaktiviteter p\u00e5 Letohallen hos oss best\u00e5r av innholdsrike temaklatrevegger og innend\u00f8rs klatrel\u00f8yper. Perfekt for lek i veggen!\",\"breadcrumb\":{\"@id\":\"https:\/\/hoytundertaket.no\/letohallen\/aktiviteter\/familieaktiviteter\/#breadcrumb\"},\"inLanguage\":\"nb-NO\",\"potentialAction\":[{\"@type\":\"ReadAction\",\"target\":[\"https:\/\/hoytundertaket.no\/letohallen\/aktiviteter\/familieaktiviteter\/\"]}]},{\"@type\":\"ImageObject\",\"inLanguage\":\"nb-NO\",\"@id\":\"https:\/\/hoytundertaket.no\/letohallen\/aktiviteter\/familieaktiviteter\/#primaryimage\",\"url\":\"https:\/\/hoytundertaket.no\/letohallen\/wp-content\/uploads\/sites\/8\/2026\/02\/Innendors-klatring-for-barn-og-voksne-\u2013-Hoyt-Under-Taket-Letohallen.png\",\"contentUrl\":\"https:\/\/hoytundertaket.no\/letohallen\/wp-content\/uploads\/sites\/8\/2026\/02\/Innendors-klatring-for-barn-og-voksne-\u2013-Hoyt-Under-Taket-Letohallen.png\",\"width\":1920,\"height\":1281,\"caption\":\"Full aktivitet i H\u00f8yt Under Taket Letohallen med buldring, tauklatring og familievennlige klatreomr\u00e5der p\u00e5 Romerike.\"},{\"@type\":\"BreadcrumbList\",\"@id\":\"https:\/\/hoytundertaket.no\/letohallen\/aktiviteter\/familieaktiviteter\/#breadcrumb\",\"itemListElement\":[{\"@type\":\"ListItem\",\"position\":1,\"name\":\"Hjem\",\"item\":\"https:\/\/hoytundertaket.no\/letohallen\/\"},{\"@type\":\"ListItem\",\"position\":2,\"name\":\"Aktiviteter\",\"item\":\"https:\/\/hoytundertaket.no\/letohallen\/aktiviteter\/\"},{\"@type\":\"ListItem\",\"position\":3,\"name\":\"Familieaktiviteter\"}]},{\"@type\":\"WebSite\",\"@id\":\"https:\/\/hoytundertaket.no\/letohallen\/#website\",\"url\":\"https:\/\/hoytundertaket.no\/letohallen\/\",\"name\":\"H\u00f8yt Under Taket Letohallen\",\"description\":\"Bare enda et H\u00f8yt Under Taket-nettsted\",\"publisher\":{\"@id\":\"https:\/\/hoytundertaket.no\/letohallen\/#organization\"},\"potentialAction\":[{\"@type\":\"SearchAction\",\"target\":{\"@type\":\"EntryPoint\",\"urlTemplate\":\"https:\/\/hoytundertaket.no\/letohallen\/?s={search_term_string}\"},\"query-input\":{\"@type\":\"PropertyValueSpecification\",\"valueRequired\":true,\"valueName\":\"search_term_string\"}}],\"inLanguage\":\"nb-NO\"},{\"@type\":[\"Organization\",\"Place\"],\"@id\":\"https:\/\/hoytundertaket.no\/letohallen\/#organization\",\"name\":\"H\u00f8yt Under Taket Letohallen\",\"url\":\"https:\/\/hoytundertaket.no\/letohallen\/\",\"logo\":{\"@id\":\"https:\/\/hoytundertaket.no\/letohallen\/aktiviteter\/familieaktiviteter\/#local-main-organization-logo\"},\"image\":{\"@id\":\"https:\/\/hoytundertaket.no\/letohallen\/aktiviteter\/familieaktiviteter\/#local-main-organization-logo\"},\"telephone\":[],\"openingHoursSpecification\":[{\"@type\":\"OpeningHoursSpecification\",\"dayOfWeek\":[\"Monday\",\"Tuesday\",\"Wednesday\",\"Thursday\",\"Friday\",\"Saturday\",\"Sunday\"],\"opens\":\"09:00\",\"closes\":\"17:00\"}]},{\"@type\":\"ImageObject\",\"inLanguage\":\"nb-NO\",\"@id\":\"https:\/\/hoytundertaket.no\/letohallen\/aktiviteter\/familieaktiviteter\/#local-main-organization-logo\",\"url\":\"https:\/\/hoytundertaket.no\/letohallen\/wp-content\/uploads\/sites\/8\/2023\/02\/hut-logo-letohallen-horisontal-pos.svg\",\"contentUrl\":\"https:\/\/hoytundertaket.no\/letohallen\/wp-content\/uploads\/sites\/8\/2023\/02\/hut-logo-letohallen-horisontal-pos.svg\",\"width\":340,\"height\":110,\"caption\":\"H\u00f8yt Under Taket Letohallen\"}]}<\/script>\n<!-- \/ Yoast SEO plugin. -->","yoast_head_json":{"title":"Familieaktiviteter - H\u00f8yt Under Taket Letohallen","description":"Familieaktiviteter p\u00e5 Letohallen hos oss best\u00e5r av innholdsrike temaklatrevegger og innend\u00f8rs klatrel\u00f8yper. Perfekt for lek i veggen!","robots":{"index":"index","follow":"follow","max-snippet":"max-snippet:-1","max-image-preview":"max-image-preview:large","max-video-preview":"max-video-preview:-1"},"canonical":"https:\/\/hoytundertaket.no\/letohallen\/aktiviteter\/familieaktiviteter\/","og_locale":"nb_NO","og_type":"article","og_title":"Familieaktiviteter - H\u00f8yt Under Taket Letohallen","og_description":"Familieaktiviteter p\u00e5 Letohallen hos oss best\u00e5r av innholdsrike temaklatrevegger og innend\u00f8rs klatrel\u00f8yper. Perfekt for lek i veggen!","og_url":"https:\/\/hoytundertaket.no\/letohallen\/aktiviteter\/familieaktiviteter\/","og_site_name":"H\u00f8yt Under Taket Letohallen","article_modified_time":"2026-02-11T14:59:16+00:00","og_image":[{"width":1920,"height":1281,"url":"https:\/\/hoytundertaket.no\/letohallen\/wp-content\/uploads\/sites\/8\/2026\/02\/Innendors-klatring-for-barn-og-voksne-\u2013-Hoyt-Under-Taket-Letohallen.png","type":"image\/png"}],"twitter_card":"summary_large_image","twitter_misc":{"Ansl. lesetid":"4 minutter"},"schema":{"@context":"https:\/\/schema.org","@graph":[{"@type":"WebPage","@id":"https:\/\/hoytundertaket.no\/letohallen\/aktiviteter\/familieaktiviteter\/","url":"https:\/\/hoytundertaket.no\/letohallen\/aktiviteter\/familieaktiviteter\/","name":"Familieaktiviteter - H\u00f8yt Under Taket Letohallen","isPartOf":{"@id":"https:\/\/hoytundertaket.no\/letohallen\/#website"},"primaryImageOfPage":{"@id":"https:\/\/hoytundertaket.no\/letohallen\/aktiviteter\/familieaktiviteter\/#primaryimage"},"image":{"@id":"https:\/\/hoytundertaket.no\/letohallen\/aktiviteter\/familieaktiviteter\/#primaryimage"},"thumbnailUrl":"https:\/\/hoytundertaket.no\/letohallen\/wp-content\/uploads\/sites\/8\/2026\/02\/Innendors-klatring-for-barn-og-voksne-\u2013-Hoyt-Under-Taket-Letohallen.png","datePublished":"2023-04-13T12:28:08+00:00","dateModified":"2026-02-11T14:59:16+00:00","description":"Familieaktiviteter p\u00e5 Letohallen hos oss best\u00e5r av innholdsrike temaklatrevegger og innend\u00f8rs klatrel\u00f8yper. Perfekt for lek i veggen!","breadcrumb":{"@id":"https:\/\/hoytundertaket.no\/letohallen\/aktiviteter\/familieaktiviteter\/#breadcrumb"},"inLanguage":"nb-NO","potentialAction":[{"@type":"ReadAction","target":["https:\/\/hoytundertaket.no\/letohallen\/aktiviteter\/familieaktiviteter\/"]}]},{"@type":"ImageObject","inLanguage":"nb-NO","@id":"https:\/\/hoytundertaket.no\/letohallen\/aktiviteter\/familieaktiviteter\/#primaryimage","url":"https:\/\/hoytundertaket.no\/letohallen\/wp-content\/uploads\/sites\/8\/2026\/02\/Innendors-klatring-for-barn-og-voksne-\u2013-Hoyt-Under-Taket-Letohallen.png","contentUrl":"https:\/\/hoytundertaket.no\/letohallen\/wp-content\/uploads\/sites\/8\/2026\/02\/Innendors-klatring-for-barn-og-voksne-\u2013-Hoyt-Under-Taket-Letohallen.png","width":1920,"height":1281,"caption":"Full aktivitet i H\u00f8yt Under Taket Letohallen med buldring, tauklatring og familievennlige klatreomr\u00e5der p\u00e5 Romerike."},{"@type":"BreadcrumbList","@id":"https:\/\/hoytundertaket.no\/letohallen\/aktiviteter\/familieaktiviteter\/#breadcrumb","itemListElement":[{"@type":"ListItem","position":1,"name":"Hjem","item":"https:\/\/hoytundertaket.no\/letohallen\/"},{"@type":"ListItem","position":2,"name":"Aktiviteter","item":"https:\/\/hoytundertaket.no\/letohallen\/aktiviteter\/"},{"@type":"ListItem","position":3,"name":"Familieaktiviteter"}]},{"@type":"WebSite","@id":"https:\/\/hoytundertaket.no\/letohallen\/#website","url":"https:\/\/hoytundertaket.no\/letohallen\/","name":"H\u00f8yt Under Taket Letohallen","description":"Bare enda et H\u00f8yt Under Taket-nettsted","publisher":{"@id":"https:\/\/hoytundertaket.no\/letohallen\/#organization"},"potentialAction":[{"@type":"SearchAction","target":{"@type":"EntryPoint","urlTemplate":"https:\/\/hoytundertaket.no\/letohallen\/?s={search_term_string}"},"query-input":{"@type":"PropertyValueSpecification","valueRequired":true,"valueName":"search_term_string"}}],"inLanguage":"nb-NO"},{"@type":["Organization","Place"],"@id":"https:\/\/hoytundertaket.no\/letohallen\/#organization","name":"H\u00f8yt Under Taket Letohallen","url":"https:\/\/hoytundertaket.no\/letohallen\/","logo":{"@id":"https:\/\/hoytundertaket.no\/letohallen\/aktiviteter\/familieaktiviteter\/#local-main-organization-logo"},"image":{"@id":"https:\/\/hoytundertaket.no\/letohallen\/aktiviteter\/familieaktiviteter\/#local-main-organization-logo"},"telephone":[],"openingHoursSpecification":[{"@type":"OpeningHoursSpecification","dayOfWeek":["Monday","Tuesday","Wednesday","Thursday","Friday","Saturday","Sunday"],"opens":"09:00","closes":"17:00"}]},{"@type":"ImageObject","inLanguage":"nb-NO","@id":"https:\/\/hoytundertaket.no\/letohallen\/aktiviteter\/familieaktiviteter\/#local-main-organization-logo","url":"https:\/\/hoytundertaket.no\/letohallen\/wp-content\/uploads\/sites\/8\/2023\/02\/hut-logo-letohallen-horisontal-pos.svg","contentUrl":"https:\/\/hoytundertaket.no\/letohallen\/wp-content\/uploads\/sites\/8\/2023\/02\/hut-logo-letohallen-horisontal-pos.svg","width":340,"height":110,"caption":"H\u00f8yt Under Taket Letohallen"}]}},"_links":{"self":[{"href":"https:\/\/hoytundertaket.no\/letohallen\/wp-json\/wp\/v2\/pages\/435","targetHints":{"allow":["GET"]}}],"collection":[{"href":"https:\/\/hoytundertaket.no\/letohallen\/wp-json\/wp\/v2\/pages"}],"about":[{"href":"https:\/\/hoytundertaket.no\/letohallen\/wp-json\/wp\/v2\/types\/page"}],"author":[{"embeddable":true,"href":"https:\/\/hoytundertaket.no\/letohallen\/wp-json\/wp\/v2\/users\/1"}],"replies":[{"embeddable":true,"href":"https:\/\/hoytundertaket.no\/letohallen\/wp-json\/wp\/v2\/comments?post=435"}],"version-history":[{"count":10,"href":"https:\/\/hoytundertaket.no\/letohallen\/wp-json\/wp\/v2\/pages\/435\/revisions"}],"predecessor-version":[{"id":1664,"href":"https:\/\/hoytundertaket.no\/letohallen\/wp-json\/wp\/v2\/pages\/435\/revisions\/1664"}],"up":[{"embeddable":true,"href":"https:\/\/hoytundertaket.no\/letohallen\/wp-json\/wp\/v2\/pages\/1556"}],"wp:featuredmedia":[{"embeddable":true,"href":"https:\/\/hoytundertaket.no\/letohallen\/wp-json\/wp\/v2\/media\/1849"}],"wp:attachment":[{"href":"https:\/\/hoytundertaket.no\/letohallen\/wp-json\/wp\/v2\/media?parent=435"}],"curies":[{"name":"wp","href":"https:\/\/api.w.org\/{rel}","templated":true}]}}