{"id":934,"date":"2023-12-11T14:10:32","date_gmt":"2023-12-11T13:10:32","guid":{"rendered":"https:\/\/hoytundertaket.no\/letohallen\/?page_id=934"},"modified":"2026-02-19T09:31:30","modified_gmt":"2026-02-19T08:31:30","slug":"bedrifter","status":"publish","type":"page","link":"https:\/\/hoytundertaket.no\/letohallen\/bedrifter\/","title":{"rendered":"Bedrifter"},"content":{"rendered":"","protected":false},"excerpt":{"rendered":"","protected":false},"author":7,"featured_media":0,"parent":0,"menu_order":0,"comment_status":"closed","ping_status":"closed","template":"page-climbing.php","meta":{"_acf_changed":false,"footnotes":""},"class_list":["post-934","page","type-page","status-publish","hentry"],"acf":[],"yoast_head":"<!-- This site is optimized with the Yoast SEO plugin v27.4 - https:\/\/yoast.com\/product\/yoast-seo-wordpress\/ -->\n<title>Bedriftstilbud - H\u00f8yt Under Taket Letohallen<\/title>\n<meta name=\"description\" content=\"Ta med jobben for \u00e5 teste ut v\u00e5rt bedriftstilbud p\u00e5 H\u00f8yt Under Taket Letohallen. Vi har ulike tilbud for \u00e5 treffe dine behov. Velkommen!\" \/>\n<meta name=\"robots\" content=\"index, follow, max-snippet:-1, max-image-preview:large, max-video-preview:-1\" \/>\n<link rel=\"canonical\" href=\"https:\/\/hoytundertaket.no\/letohallen\/bedrifter\/\" \/>\n<meta property=\"og:locale\" content=\"nb_NO\" \/>\n<meta property=\"og:type\" content=\"article\" \/>\n<meta property=\"og:title\" content=\"Bedriftstilbud - H\u00f8yt Under Taket Letohallen\" \/>\n<meta property=\"og:description\" content=\"Ta med jobben for \u00e5 teste ut v\u00e5rt bedriftstilbud p\u00e5 H\u00f8yt Under Taket Letohallen. Vi har ulike tilbud for \u00e5 treffe dine behov. Velkommen!\" \/>\n<meta property=\"og:url\" content=\"https:\/\/hoytundertaket.no\/letohallen\/bedrifter\/\" \/>\n<meta property=\"og:site_name\" content=\"H\u00f8yt Under Taket Letohallen\" \/>\n<meta property=\"article:modified_time\" content=\"2026-02-19T08:31:30+00:00\" \/>\n<meta property=\"og:image\" content=\"https:\/\/hoytundertaket.no\/letohallen\/wp-content\/uploads\/sites\/8\/2023\/06\/Hoyt_Under_Taket_Skien_HTL_02647_Foto_Kristoffer_Engen.jpg\" \/>\n\t<meta property=\"og:image:width\" content=\"1920\" \/>\n\t<meta property=\"og:image:height\" content=\"1281\" \/>\n\t<meta property=\"og:image:type\" content=\"image\/jpeg\" \/>\n<meta name=\"twitter:card\" content=\"summary_large_image\" \/>\n<meta name=\"twitter:label1\" content=\"Ansl. lesetid\" \/>\n\t<meta name=\"twitter:data1\" content=\"2 minutter\" \/>\n<script type=\"application\/ld+json\" class=\"yoast-schema-graph\">{\"@context\":\"https:\\\/\\\/schema.org\",\"@graph\":[{\"@type\":\"WebPage\",\"@id\":\"https:\\\/\\\/hoytundertaket.no\\\/letohallen\\\/bedrifter\\\/\",\"url\":\"https:\\\/\\\/hoytundertaket.no\\\/letohallen\\\/bedrifter\\\/\",\"name\":\"Bedriftstilbud - H\u00f8yt Under Taket Letohallen\",\"isPartOf\":{\"@id\":\"https:\\\/\\\/hoytundertaket.no\\\/letohallen\\\/#website\"},\"datePublished\":\"2023-12-11T13:10:32+00:00\",\"dateModified\":\"2026-02-19T08:31:30+00:00\",\"description\":\"Ta med jobben for \u00e5 teste ut v\u00e5rt bedriftstilbud p\u00e5 H\u00f8yt Under Taket Letohallen. Vi har ulike tilbud for \u00e5 treffe dine behov. Velkommen!\",\"breadcrumb\":{\"@id\":\"https:\\\/\\\/hoytundertaket.no\\\/letohallen\\\/bedrifter\\\/#breadcrumb\"},\"inLanguage\":\"nb-NO\",\"potentialAction\":[{\"@type\":\"ReadAction\",\"target\":[\"https:\\\/\\\/hoytundertaket.no\\\/letohallen\\\/bedrifter\\\/\"]}]},{\"@type\":\"BreadcrumbList\",\"@id\":\"https:\\\/\\\/hoytundertaket.no\\\/letohallen\\\/bedrifter\\\/#breadcrumb\",\"itemListElement\":[{\"@type\":\"ListItem\",\"position\":1,\"name\":\"Hjem\",\"item\":\"https:\\\/\\\/hoytundertaket.no\\\/letohallen\\\/\"},{\"@type\":\"ListItem\",\"position\":2,\"name\":\"Bedrifter\"}]},{\"@type\":\"WebSite\",\"@id\":\"https:\\\/\\\/hoytundertaket.no\\\/letohallen\\\/#website\",\"url\":\"https:\\\/\\\/hoytundertaket.no\\\/letohallen\\\/\",\"name\":\"H\u00f8yt Under Taket Letohallen\",\"description\":\"Bare enda et H\u00f8yt Under Taket-nettsted\",\"publisher\":{\"@id\":\"https:\\\/\\\/hoytundertaket.no\\\/letohallen\\\/#organization\"},\"potentialAction\":[{\"@type\":\"SearchAction\",\"target\":{\"@type\":\"EntryPoint\",\"urlTemplate\":\"https:\\\/\\\/hoytundertaket.no\\\/letohallen\\\/?s={search_term_string}\"},\"query-input\":{\"@type\":\"PropertyValueSpecification\",\"valueRequired\":true,\"valueName\":\"search_term_string\"}}],\"inLanguage\":\"nb-NO\"},{\"@type\":[\"Organization\",\"Place\"],\"@id\":\"https:\\\/\\\/hoytundertaket.no\\\/letohallen\\\/#organization\",\"name\":\"H\u00f8yt Under Taket Letohallen\",\"url\":\"https:\\\/\\\/hoytundertaket.no\\\/letohallen\\\/\",\"logo\":{\"@id\":\"https:\\\/\\\/hoytundertaket.no\\\/letohallen\\\/bedrifter\\\/#local-main-organization-logo\"},\"image\":{\"@id\":\"https:\\\/\\\/hoytundertaket.no\\\/letohallen\\\/bedrifter\\\/#local-main-organization-logo\"},\"telephone\":[],\"openingHoursSpecification\":[{\"@type\":\"OpeningHoursSpecification\",\"dayOfWeek\":[\"Monday\",\"Tuesday\",\"Wednesday\",\"Thursday\",\"Friday\",\"Saturday\",\"Sunday\"],\"opens\":\"09:00\",\"closes\":\"17:00\"}]},{\"@type\":\"ImageObject\",\"inLanguage\":\"nb-NO\",\"@id\":\"https:\\\/\\\/hoytundertaket.no\\\/letohallen\\\/bedrifter\\\/#local-main-organization-logo\",\"url\":\"https:\\\/\\\/hoytundertaket.no\\\/letohallen\\\/wp-content\\\/uploads\\\/sites\\\/8\\\/2023\\\/02\\\/hut-logo-letohallen-horisontal-pos.svg\",\"contentUrl\":\"https:\\\/\\\/hoytundertaket.no\\\/letohallen\\\/wp-content\\\/uploads\\\/sites\\\/8\\\/2023\\\/02\\\/hut-logo-letohallen-horisontal-pos.svg\",\"width\":340,\"height\":110,\"caption\":\"H\u00f8yt Under Taket Letohallen\"}]}<\/script>\n<!-- \/ Yoast SEO plugin. -->","yoast_head_json":{"title":"Bedriftstilbud - H\u00f8yt Under Taket Letohallen","description":"Ta med jobben for \u00e5 teste ut v\u00e5rt bedriftstilbud p\u00e5 H\u00f8yt Under Taket Letohallen. Vi har ulike tilbud for \u00e5 treffe dine behov. Velkommen!","robots":{"index":"index","follow":"follow","max-snippet":"max-snippet:-1","max-image-preview":"max-image-preview:large","max-video-preview":"max-video-preview:-1"},"canonical":"https:\/\/hoytundertaket.no\/letohallen\/bedrifter\/","og_locale":"nb_NO","og_type":"article","og_title":"Bedriftstilbud - H\u00f8yt Under Taket Letohallen","og_description":"Ta med jobben for \u00e5 teste ut v\u00e5rt bedriftstilbud p\u00e5 H\u00f8yt Under Taket Letohallen. Vi har ulike tilbud for \u00e5 treffe dine behov. Velkommen!","og_url":"https:\/\/hoytundertaket.no\/letohallen\/bedrifter\/","og_site_name":"H\u00f8yt Under Taket Letohallen","article_modified_time":"2026-02-19T08:31:30+00:00","og_image":[{"width":1920,"height":1281,"url":"https:\/\/hoytundertaket.no\/letohallen\/wp-content\/uploads\/sites\/8\/2023\/06\/Hoyt_Under_Taket_Skien_HTL_02647_Foto_Kristoffer_Engen.jpg","type":"image\/jpeg"}],"twitter_card":"summary_large_image","twitter_misc":{"Ansl. lesetid":"2 minutter"},"schema":{"@context":"https:\/\/schema.org","@graph":[{"@type":"WebPage","@id":"https:\/\/hoytundertaket.no\/letohallen\/bedrifter\/","url":"https:\/\/hoytundertaket.no\/letohallen\/bedrifter\/","name":"Bedriftstilbud - H\u00f8yt Under Taket Letohallen","isPartOf":{"@id":"https:\/\/hoytundertaket.no\/letohallen\/#website"},"datePublished":"2023-12-11T13:10:32+00:00","dateModified":"2026-02-19T08:31:30+00:00","description":"Ta med jobben for \u00e5 teste ut v\u00e5rt bedriftstilbud p\u00e5 H\u00f8yt Under Taket Letohallen. Vi har ulike tilbud for \u00e5 treffe dine behov. Velkommen!","breadcrumb":{"@id":"https:\/\/hoytundertaket.no\/letohallen\/bedrifter\/#breadcrumb"},"inLanguage":"nb-NO","potentialAction":[{"@type":"ReadAction","target":["https:\/\/hoytundertaket.no\/letohallen\/bedrifter\/"]}]},{"@type":"BreadcrumbList","@id":"https:\/\/hoytundertaket.no\/letohallen\/bedrifter\/#breadcrumb","itemListElement":[{"@type":"ListItem","position":1,"name":"Hjem","item":"https:\/\/hoytundertaket.no\/letohallen\/"},{"@type":"ListItem","position":2,"name":"Bedrifter"}]},{"@type":"WebSite","@id":"https:\/\/hoytundertaket.no\/letohallen\/#website","url":"https:\/\/hoytundertaket.no\/letohallen\/","name":"H\u00f8yt Under Taket Letohallen","description":"Bare enda et H\u00f8yt Under Taket-nettsted","publisher":{"@id":"https:\/\/hoytundertaket.no\/letohallen\/#organization"},"potentialAction":[{"@type":"SearchAction","target":{"@type":"EntryPoint","urlTemplate":"https:\/\/hoytundertaket.no\/letohallen\/?s={search_term_string}"},"query-input":{"@type":"PropertyValueSpecification","valueRequired":true,"valueName":"search_term_string"}}],"inLanguage":"nb-NO"},{"@type":["Organization","Place"],"@id":"https:\/\/hoytundertaket.no\/letohallen\/#organization","name":"H\u00f8yt Under Taket Letohallen","url":"https:\/\/hoytundertaket.no\/letohallen\/","logo":{"@id":"https:\/\/hoytundertaket.no\/letohallen\/bedrifter\/#local-main-organization-logo"},"image":{"@id":"https:\/\/hoytundertaket.no\/letohallen\/bedrifter\/#local-main-organization-logo"},"telephone":[],"openingHoursSpecification":[{"@type":"OpeningHoursSpecification","dayOfWeek":["Monday","Tuesday","Wednesday","Thursday","Friday","Saturday","Sunday"],"opens":"09:00","closes":"17:00"}]},{"@type":"ImageObject","inLanguage":"nb-NO","@id":"https:\/\/hoytundertaket.no\/letohallen\/bedrifter\/#local-main-organization-logo","url":"https:\/\/hoytundertaket.no\/letohallen\/wp-content\/uploads\/sites\/8\/2023\/02\/hut-logo-letohallen-horisontal-pos.svg","contentUrl":"https:\/\/hoytundertaket.no\/letohallen\/wp-content\/uploads\/sites\/8\/2023\/02\/hut-logo-letohallen-horisontal-pos.svg","width":340,"height":110,"caption":"H\u00f8yt Under Taket Letohallen"}]}},"_links":{"self":[{"href":"https:\/\/hoytundertaket.no\/letohallen\/wp-json\/wp\/v2\/pages\/934","targetHints":{"allow":["GET"]}}],"collection":[{"href":"https:\/\/hoytundertaket.no\/letohallen\/wp-json\/wp\/v2\/pages"}],"about":[{"href":"https:\/\/hoytundertaket.no\/letohallen\/wp-json\/wp\/v2\/types\/page"}],"author":[{"embeddable":true,"href":"https:\/\/hoytundertaket.no\/letohallen\/wp-json\/wp\/v2\/users\/7"}],"replies":[{"embeddable":true,"href":"https:\/\/hoytundertaket.no\/letohallen\/wp-json\/wp\/v2\/comments?post=934"}],"version-history":[{"count":5,"href":"https:\/\/hoytundertaket.no\/letohallen\/wp-json\/wp\/v2\/pages\/934\/revisions"}],"predecessor-version":[{"id":1892,"href":"https:\/\/hoytundertaket.no\/letohallen\/wp-json\/wp\/v2\/pages\/934\/revisions\/1892"}],"wp:attachment":[{"href":"https:\/\/hoytundertaket.no\/letohallen\/wp-json\/wp\/v2\/media?parent=934"}],"curies":[{"name":"wp","href":"https:\/\/api.w.org\/{rel}","templated":true}]}}