{"id":271,"date":"2023-02-02T15:41:32","date_gmt":"2023-02-02T14:41:32","guid":{"rendered":"https:\/\/hoytundertaket.no\/moss\/?page_id=271"},"modified":"2026-02-11T16:16:08","modified_gmt":"2026-02-11T15:16:08","slug":"familieaktiviteter","status":"publish","type":"page","link":"https:\/\/hoytundertaket.no\/moss\/aktiviteter\/familieaktiviteter\/","title":{"rendered":"Familieaktiviteter"},"content":{"rendered":"\n<p>Klatrel\u00f8yper og temavegger gj\u00f8r klatringen enda mer spennende for b\u00e5de sm\u00e5 og store!<\/p>\n\n\n\n<figure class=\"wp-block-embed is-type-video is-provider-youtube wp-block-embed-youtube wp-embed-aspect-16-9 wp-has-aspect-ratio\"><div class=\"wp-block-embed__wrapper\">\n<iframe loading=\"lazy\" title=\"Spektakul\u00e6r FPV dronefilm fra H\u00f8yt Under Taket Moss \ud83d\ude80\ud83e\uddd7\u200d\u2642\ufe0f\" width=\"640\" height=\"360\" src=\"https:\/\/www.youtube.com\/embed\/NxROpCMdsLQ?feature=oembed\" frameborder=\"0\" allow=\"accelerometer; autoplay; clipboard-write; encrypted-media; gyroscope; picture-in-picture; web-share\" referrerpolicy=\"strict-origin-when-cross-origin\" allowfullscreen><\/iframe>\n<\/div><\/figure>\n","protected":false},"excerpt":{"rendered":"<p>Klatrel\u00f8yper og temavegger gj\u00f8r klatringen enda mer spennende for b\u00e5de sm\u00e5 og store!<\/p>\n","protected":false},"author":1,"featured_media":1167,"parent":1457,"menu_order":0,"comment_status":"closed","ping_status":"closed","template":"page-visit.php","meta":{"_acf_changed":false,"footnotes":""},"class_list":["post-271","page","type-page","status-publish","has-post-thumbnail","hentry"],"acf":[],"yoast_head":"<!-- This site is optimized with the Yoast SEO plugin v26.9 - https:\/\/yoast.com\/product\/yoast-seo-wordpress\/ -->\n<title>Familieaktiviteter i Moss - H\u00f8yt Under Taket<\/title>\n<meta name=\"description\" content=\"Har du lyst p\u00e5 moro og spenning? Da er en dag med familieaktiviteter i Moss hos H\u00f8yt Under Taket noe for deg. Velkommen til oss!\" \/>\n<meta name=\"robots\" content=\"index, follow, max-snippet:-1, max-image-preview:large, max-video-preview:-1\" \/>\n<link rel=\"canonical\" href=\"https:\/\/hoytundertaket.no\/moss\/aktiviteter\/familieaktiviteter\/\" \/>\n<meta property=\"og:locale\" content=\"nb_NO\" \/>\n<meta property=\"og:type\" content=\"article\" \/>\n<meta property=\"og:title\" content=\"Familieaktiviteter i Moss - H\u00f8yt Under Taket\" \/>\n<meta property=\"og:description\" content=\"Har du lyst p\u00e5 moro og spenning? Da er en dag med familieaktiviteter i Moss hos H\u00f8yt Under Taket noe for deg. Velkommen til oss!\" \/>\n<meta property=\"og:url\" content=\"https:\/\/hoytundertaket.no\/moss\/aktiviteter\/familieaktiviteter\/\" \/>\n<meta property=\"og:site_name\" content=\"H\u00f8yt Under Taket Moss\" \/>\n<meta property=\"article:modified_time\" content=\"2026-02-11T15:16:08+00:00\" \/>\n<meta property=\"og:image\" content=\"https:\/\/hoytundertaket.no\/moss\/wp-content\/uploads\/sites\/6\/2024\/12\/klatreloyper_moss.jpg\" \/>\n\t<meta property=\"og:image:width\" content=\"1920\" \/>\n\t<meta property=\"og:image:height\" content=\"1080\" \/>\n\t<meta property=\"og:image:type\" content=\"image\/jpeg\" \/>\n<meta name=\"twitter:card\" content=\"summary_large_image\" \/>\n<meta name=\"twitter:label1\" content=\"Ansl. lesetid\" \/>\n\t<meta name=\"twitter:data1\" content=\"4 minutter\" \/>\n<script type=\"application\/ld+json\" class=\"yoast-schema-graph\">{\"@context\":\"https:\/\/schema.org\",\"@graph\":[{\"@type\":\"WebPage\",\"@id\":\"https:\/\/hoytundertaket.no\/moss\/aktiviteter\/familieaktiviteter\/\",\"url\":\"https:\/\/hoytundertaket.no\/moss\/aktiviteter\/familieaktiviteter\/\",\"name\":\"Familieaktiviteter i Moss - H\u00f8yt Under Taket\",\"isPartOf\":{\"@id\":\"https:\/\/hoytundertaket.no\/moss\/#website\"},\"primaryImageOfPage\":{\"@id\":\"https:\/\/hoytundertaket.no\/moss\/aktiviteter\/familieaktiviteter\/#primaryimage\"},\"image\":{\"@id\":\"https:\/\/hoytundertaket.no\/moss\/aktiviteter\/familieaktiviteter\/#primaryimage\"},\"thumbnailUrl\":\"https:\/\/hoytundertaket.no\/moss\/wp-content\/uploads\/sites\/6\/2024\/12\/klatreloyper_moss.jpg\",\"datePublished\":\"2023-02-02T14:41:32+00:00\",\"dateModified\":\"2026-02-11T15:16:08+00:00\",\"description\":\"Har du lyst p\u00e5 moro og spenning? Da er en dag med familieaktiviteter i Moss hos H\u00f8yt Under Taket noe for deg. Velkommen til oss!\",\"breadcrumb\":{\"@id\":\"https:\/\/hoytundertaket.no\/moss\/aktiviteter\/familieaktiviteter\/#breadcrumb\"},\"inLanguage\":\"nb-NO\",\"potentialAction\":[{\"@type\":\"ReadAction\",\"target\":[\"https:\/\/hoytundertaket.no\/moss\/aktiviteter\/familieaktiviteter\/\"]}]},{\"@type\":\"ImageObject\",\"inLanguage\":\"nb-NO\",\"@id\":\"https:\/\/hoytundertaket.no\/moss\/aktiviteter\/familieaktiviteter\/#primaryimage\",\"url\":\"https:\/\/hoytundertaket.no\/moss\/wp-content\/uploads\/sites\/6\/2024\/12\/klatreloyper_moss.jpg\",\"contentUrl\":\"https:\/\/hoytundertaket.no\/moss\/wp-content\/uploads\/sites\/6\/2024\/12\/klatreloyper_moss.jpg\",\"width\":1920,\"height\":1080,\"caption\":\"Spennende hinderl\u00f8ype i h\u00f8yden hos H\u00f8yt Under Taket Moss \u2013 en aktiv og trygg familieopplevelse i klatrehallen.\"},{\"@type\":\"BreadcrumbList\",\"@id\":\"https:\/\/hoytundertaket.no\/moss\/aktiviteter\/familieaktiviteter\/#breadcrumb\",\"itemListElement\":[{\"@type\":\"ListItem\",\"position\":1,\"name\":\"Hjem\",\"item\":\"https:\/\/hoytundertaket.no\/moss\/\"},{\"@type\":\"ListItem\",\"position\":2,\"name\":\"Aktiviteter\",\"item\":\"https:\/\/hoytundertaket.no\/moss\/aktiviteter\/\"},{\"@type\":\"ListItem\",\"position\":3,\"name\":\"Familieaktiviteter\"}]},{\"@type\":\"WebSite\",\"@id\":\"https:\/\/hoytundertaket.no\/moss\/#website\",\"url\":\"https:\/\/hoytundertaket.no\/moss\/\",\"name\":\"H\u00f8yt Under Taket Moss\",\"description\":\"Klatring for alle\",\"publisher\":{\"@id\":\"https:\/\/hoytundertaket.no\/moss\/#organization\"},\"potentialAction\":[{\"@type\":\"SearchAction\",\"target\":{\"@type\":\"EntryPoint\",\"urlTemplate\":\"https:\/\/hoytundertaket.no\/moss\/?s={search_term_string}\"},\"query-input\":{\"@type\":\"PropertyValueSpecification\",\"valueRequired\":true,\"valueName\":\"search_term_string\"}}],\"inLanguage\":\"nb-NO\"},{\"@type\":[\"Organization\",\"Place\"],\"@id\":\"https:\/\/hoytundertaket.no\/moss\/#organization\",\"name\":\"H\u00f8yt Under Taket Moss\",\"url\":\"https:\/\/hoytundertaket.no\/moss\/\",\"logo\":{\"@id\":\"https:\/\/hoytundertaket.no\/moss\/aktiviteter\/familieaktiviteter\/#local-main-organization-logo\"},\"image\":{\"@id\":\"https:\/\/hoytundertaket.no\/moss\/aktiviteter\/familieaktiviteter\/#local-main-organization-logo\"},\"telephone\":[],\"openingHoursSpecification\":[{\"@type\":\"OpeningHoursSpecification\",\"dayOfWeek\":[\"Monday\",\"Tuesday\",\"Wednesday\",\"Thursday\",\"Friday\",\"Saturday\",\"Sunday\"],\"opens\":\"09:00\",\"closes\":\"17:00\"}]},{\"@type\":\"ImageObject\",\"inLanguage\":\"nb-NO\",\"@id\":\"https:\/\/hoytundertaket.no\/moss\/aktiviteter\/familieaktiviteter\/#local-main-organization-logo\",\"url\":\"https:\/\/hoytundertaket.no\/moss\/wp-content\/uploads\/sites\/6\/2024\/05\/hut-logo-moss-horisontal-pos.svg\",\"contentUrl\":\"https:\/\/hoytundertaket.no\/moss\/wp-content\/uploads\/sites\/6\/2024\/05\/hut-logo-moss-horisontal-pos.svg\",\"width\":340,\"height\":110,\"caption\":\"H\u00f8yt Under Taket Moss\"}]}<\/script>\n<!-- \/ Yoast SEO plugin. -->","yoast_head_json":{"title":"Familieaktiviteter i Moss - H\u00f8yt Under Taket","description":"Har du lyst p\u00e5 moro og spenning? Da er en dag med familieaktiviteter i Moss hos H\u00f8yt Under Taket noe for deg. Velkommen til oss!","robots":{"index":"index","follow":"follow","max-snippet":"max-snippet:-1","max-image-preview":"max-image-preview:large","max-video-preview":"max-video-preview:-1"},"canonical":"https:\/\/hoytundertaket.no\/moss\/aktiviteter\/familieaktiviteter\/","og_locale":"nb_NO","og_type":"article","og_title":"Familieaktiviteter i Moss - H\u00f8yt Under Taket","og_description":"Har du lyst p\u00e5 moro og spenning? Da er en dag med familieaktiviteter i Moss hos H\u00f8yt Under Taket noe for deg. Velkommen til oss!","og_url":"https:\/\/hoytundertaket.no\/moss\/aktiviteter\/familieaktiviteter\/","og_site_name":"H\u00f8yt Under Taket Moss","article_modified_time":"2026-02-11T15:16:08+00:00","og_image":[{"width":1920,"height":1080,"url":"https:\/\/hoytundertaket.no\/moss\/wp-content\/uploads\/sites\/6\/2024\/12\/klatreloyper_moss.jpg","type":"image\/jpeg"}],"twitter_card":"summary_large_image","twitter_misc":{"Ansl. lesetid":"4 minutter"},"schema":{"@context":"https:\/\/schema.org","@graph":[{"@type":"WebPage","@id":"https:\/\/hoytundertaket.no\/moss\/aktiviteter\/familieaktiviteter\/","url":"https:\/\/hoytundertaket.no\/moss\/aktiviteter\/familieaktiviteter\/","name":"Familieaktiviteter i Moss - H\u00f8yt Under Taket","isPartOf":{"@id":"https:\/\/hoytundertaket.no\/moss\/#website"},"primaryImageOfPage":{"@id":"https:\/\/hoytundertaket.no\/moss\/aktiviteter\/familieaktiviteter\/#primaryimage"},"image":{"@id":"https:\/\/hoytundertaket.no\/moss\/aktiviteter\/familieaktiviteter\/#primaryimage"},"thumbnailUrl":"https:\/\/hoytundertaket.no\/moss\/wp-content\/uploads\/sites\/6\/2024\/12\/klatreloyper_moss.jpg","datePublished":"2023-02-02T14:41:32+00:00","dateModified":"2026-02-11T15:16:08+00:00","description":"Har du lyst p\u00e5 moro og spenning? Da er en dag med familieaktiviteter i Moss hos H\u00f8yt Under Taket noe for deg. Velkommen til oss!","breadcrumb":{"@id":"https:\/\/hoytundertaket.no\/moss\/aktiviteter\/familieaktiviteter\/#breadcrumb"},"inLanguage":"nb-NO","potentialAction":[{"@type":"ReadAction","target":["https:\/\/hoytundertaket.no\/moss\/aktiviteter\/familieaktiviteter\/"]}]},{"@type":"ImageObject","inLanguage":"nb-NO","@id":"https:\/\/hoytundertaket.no\/moss\/aktiviteter\/familieaktiviteter\/#primaryimage","url":"https:\/\/hoytundertaket.no\/moss\/wp-content\/uploads\/sites\/6\/2024\/12\/klatreloyper_moss.jpg","contentUrl":"https:\/\/hoytundertaket.no\/moss\/wp-content\/uploads\/sites\/6\/2024\/12\/klatreloyper_moss.jpg","width":1920,"height":1080,"caption":"Spennende hinderl\u00f8ype i h\u00f8yden hos H\u00f8yt Under Taket Moss \u2013 en aktiv og trygg familieopplevelse i klatrehallen."},{"@type":"BreadcrumbList","@id":"https:\/\/hoytundertaket.no\/moss\/aktiviteter\/familieaktiviteter\/#breadcrumb","itemListElement":[{"@type":"ListItem","position":1,"name":"Hjem","item":"https:\/\/hoytundertaket.no\/moss\/"},{"@type":"ListItem","position":2,"name":"Aktiviteter","item":"https:\/\/hoytundertaket.no\/moss\/aktiviteter\/"},{"@type":"ListItem","position":3,"name":"Familieaktiviteter"}]},{"@type":"WebSite","@id":"https:\/\/hoytundertaket.no\/moss\/#website","url":"https:\/\/hoytundertaket.no\/moss\/","name":"H\u00f8yt Under Taket Moss","description":"Klatring for alle","publisher":{"@id":"https:\/\/hoytundertaket.no\/moss\/#organization"},"potentialAction":[{"@type":"SearchAction","target":{"@type":"EntryPoint","urlTemplate":"https:\/\/hoytundertaket.no\/moss\/?s={search_term_string}"},"query-input":{"@type":"PropertyValueSpecification","valueRequired":true,"valueName":"search_term_string"}}],"inLanguage":"nb-NO"},{"@type":["Organization","Place"],"@id":"https:\/\/hoytundertaket.no\/moss\/#organization","name":"H\u00f8yt Under Taket Moss","url":"https:\/\/hoytundertaket.no\/moss\/","logo":{"@id":"https:\/\/hoytundertaket.no\/moss\/aktiviteter\/familieaktiviteter\/#local-main-organization-logo"},"image":{"@id":"https:\/\/hoytundertaket.no\/moss\/aktiviteter\/familieaktiviteter\/#local-main-organization-logo"},"telephone":[],"openingHoursSpecification":[{"@type":"OpeningHoursSpecification","dayOfWeek":["Monday","Tuesday","Wednesday","Thursday","Friday","Saturday","Sunday"],"opens":"09:00","closes":"17:00"}]},{"@type":"ImageObject","inLanguage":"nb-NO","@id":"https:\/\/hoytundertaket.no\/moss\/aktiviteter\/familieaktiviteter\/#local-main-organization-logo","url":"https:\/\/hoytundertaket.no\/moss\/wp-content\/uploads\/sites\/6\/2024\/05\/hut-logo-moss-horisontal-pos.svg","contentUrl":"https:\/\/hoytundertaket.no\/moss\/wp-content\/uploads\/sites\/6\/2024\/05\/hut-logo-moss-horisontal-pos.svg","width":340,"height":110,"caption":"H\u00f8yt Under Taket Moss"}]}},"_links":{"self":[{"href":"https:\/\/hoytundertaket.no\/moss\/wp-json\/wp\/v2\/pages\/271","targetHints":{"allow":["GET"]}}],"collection":[{"href":"https:\/\/hoytundertaket.no\/moss\/wp-json\/wp\/v2\/pages"}],"about":[{"href":"https:\/\/hoytundertaket.no\/moss\/wp-json\/wp\/v2\/types\/page"}],"author":[{"embeddable":true,"href":"https:\/\/hoytundertaket.no\/moss\/wp-json\/wp\/v2\/users\/1"}],"replies":[{"embeddable":true,"href":"https:\/\/hoytundertaket.no\/moss\/wp-json\/wp\/v2\/comments?post=271"}],"version-history":[{"count":15,"href":"https:\/\/hoytundertaket.no\/moss\/wp-json\/wp\/v2\/pages\/271\/revisions"}],"predecessor-version":[{"id":1568,"href":"https:\/\/hoytundertaket.no\/moss\/wp-json\/wp\/v2\/pages\/271\/revisions\/1568"}],"up":[{"embeddable":true,"href":"https:\/\/hoytundertaket.no\/moss\/wp-json\/wp\/v2\/pages\/1457"}],"wp:featuredmedia":[{"embeddable":true,"href":"https:\/\/hoytundertaket.no\/moss\/wp-json\/wp\/v2\/media\/1167"}],"wp:attachment":[{"href":"https:\/\/hoytundertaket.no\/moss\/wp-json\/wp\/v2\/media?parent=271"}],"curies":[{"name":"wp","href":"https:\/\/api.w.org\/{rel}","templated":true}]}}