{"id":3132,"date":"2026-04-16T09:46:29","date_gmt":"2026-04-16T07:46:29","guid":{"rendered":"https:\/\/hoytundertaket.no\/skien\/?post_type=events&#038;p=3132"},"modified":"2026-04-16T09:53:30","modified_gmt":"2026-04-16T07:53:30","slug":"fredagstau","status":"publish","type":"events","link":"https:\/\/hoytundertaket.no\/skien\/hva-skjer\/fredagstau\/","title":{"rendered":"Fredagstau"},"content":{"rendered":"\n<p>Sosial tauklatring hver fredag \ud83e\udea2<\/p>\n\n\n\n<p>En sosial klatre\u00f8kt for alle som synes det er g\u00f8y med tauklatring.<\/p>\n\n\n\n<p>Til deg som ikke har en taupartner: Fortvil ikke! Du blir garantert kjent med noen som kan sikre deg opp veggen\u00a0<img loading=\"lazy\" decoding=\"async\" height=\"16\" width=\"16\" src=\"https:\/\/static.xx.fbcdn.net\/images\/emoji.php\/v9\/teb\/2\/16\/1f642.png\" alt=\"\ud83d\ude42\">\u00a0Har du ikke klatret tau f\u00f8r? Da er dette en gylden anledning til \u00e5 pr\u00f8ve!<\/p>\n\n\n\n<p><\/p>\n","protected":false},"excerpt":{"rendered":"<p>En sosial klatre\u00f8kt for alle som synes det er g\u00f8y med tauklatring.<\/p>\n","protected":false},"featured_media":0,"parent":0,"menu_order":0,"template":"","meta":{"_acf_changed":true},"class_list":["post-3132","events","type-events","status-publish","hentry"],"acf":{"dates":[{"date":"20260417","start_time":"18:00:00","end_time":"20:00:00"},{"date":"20260424","start_time":"18:00:00","end_time":"20:00:00"},{"date":"20260501","start_time":"18:00:00","end_time":"20:00:00"},{"date":"20260508","start_time":"18:00:00","end_time":"20:00:00"},{"date":"20260515","start_time":"18:00:00","end_time":"20:00:00"},{"date":"20260522","start_time":"18:00:00","end_time":"20:00:00"},{"date":"20260529","start_time":"18:00:00","end_time":"20:00:00"},{"date":"20260605","start_time":"18:00:00","end_time":"20:00:00"},{"date":"20260612","start_time":"18:00:00","end_time":"20:00:00"},{"date":"20260619","start_time":"18:00:00","end_time":"20:00:00"},{"date":"20260626","start_time":"18:00:00","end_time":"20:00:00"},{"date":"20260703","start_time":"18:00:00","end_time":"20:00:00"},{"date":"20260710","start_time":"18:00:00","end_time":"20:00:00"},{"date":"20260717","start_time":"18:00:00","end_time":"20:00:00"},{"date":"20260724","start_time":"18:00:00","end_time":"20:00:00"},{"date":"20260731","start_time":"18:00:00","end_time":"20:00:00"},{"date":"20260807","start_time":"18:00:00","end_time":"20:00:00"}],"icon":2434,"location":"Uniongata 10, 3732 Skien","custom_link":""},"yoast_head":"<!-- This site is optimized with the Yoast SEO plugin v27.4 - https:\/\/yoast.com\/product\/yoast-seo-wordpress\/ -->\n<title>Fredagstau - H\u00f8yt Under Taket Skien<\/title>\n<meta name=\"robots\" content=\"index, follow, max-snippet:-1, max-image-preview:large, max-video-preview:-1\" \/>\n<link rel=\"canonical\" href=\"https:\/\/hoytundertaket.no\/skien\/hva-skjer\/fredagstau\/\" \/>\n<meta property=\"og:locale\" content=\"nb_NO\" \/>\n<meta property=\"og:type\" content=\"article\" \/>\n<meta property=\"og:title\" content=\"Fredagstau - H\u00f8yt Under Taket Skien\" \/>\n<meta property=\"og:description\" content=\"En sosial klatre\u00f8kt for alle som synes det er g\u00f8y med tauklatring.\" \/>\n<meta property=\"og:url\" content=\"https:\/\/hoytundertaket.no\/skien\/hva-skjer\/fredagstau\/\" \/>\n<meta property=\"og:site_name\" content=\"H\u00f8yt Under Taket Skien\" \/>\n<meta property=\"article:modified_time\" content=\"2026-04-16T07:53:30+00:00\" \/>\n<meta property=\"og:image\" content=\"https:\/\/static.xx.fbcdn.net\/images\/emoji.php\/v9\/teb\/2\/16\/1f642.png\" \/>\n<meta name=\"twitter:card\" content=\"summary_large_image\" \/>\n<meta name=\"twitter:label1\" content=\"Ansl. lesetid\" \/>\n\t<meta name=\"twitter:data1\" content=\"1 minutt\" \/>\n<script type=\"application\/ld+json\" class=\"yoast-schema-graph\">{\"@context\":\"https:\\\/\\\/schema.org\",\"@graph\":[{\"@type\":\"WebPage\",\"@id\":\"https:\\\/\\\/hoytundertaket.no\\\/skien\\\/hva-skjer\\\/fredagstau\\\/\",\"url\":\"https:\\\/\\\/hoytundertaket.no\\\/skien\\\/hva-skjer\\\/fredagstau\\\/\",\"name\":\"Fredagstau - H\u00f8yt Under Taket Skien\",\"isPartOf\":{\"@id\":\"https:\\\/\\\/hoytundertaket.no\\\/skien\\\/#website\"},\"primaryImageOfPage\":{\"@id\":\"https:\\\/\\\/hoytundertaket.no\\\/skien\\\/hva-skjer\\\/fredagstau\\\/#primaryimage\"},\"image\":{\"@id\":\"https:\\\/\\\/hoytundertaket.no\\\/skien\\\/hva-skjer\\\/fredagstau\\\/#primaryimage\"},\"thumbnailUrl\":\"https:\\\/\\\/static.xx.fbcdn.net\\\/images\\\/emoji.php\\\/v9\\\/teb\\\/2\\\/16\\\/1f642.png\",\"datePublished\":\"2026-04-16T07:46:29+00:00\",\"dateModified\":\"2026-04-16T07:53:30+00:00\",\"breadcrumb\":{\"@id\":\"https:\\\/\\\/hoytundertaket.no\\\/skien\\\/hva-skjer\\\/fredagstau\\\/#breadcrumb\"},\"inLanguage\":\"nb-NO\",\"potentialAction\":[{\"@type\":\"ReadAction\",\"target\":[\"https:\\\/\\\/hoytundertaket.no\\\/skien\\\/hva-skjer\\\/fredagstau\\\/\"]}]},{\"@type\":\"ImageObject\",\"inLanguage\":\"nb-NO\",\"@id\":\"https:\\\/\\\/hoytundertaket.no\\\/skien\\\/hva-skjer\\\/fredagstau\\\/#primaryimage\",\"url\":\"https:\\\/\\\/static.xx.fbcdn.net\\\/images\\\/emoji.php\\\/v9\\\/teb\\\/2\\\/16\\\/1f642.png\",\"contentUrl\":\"https:\\\/\\\/static.xx.fbcdn.net\\\/images\\\/emoji.php\\\/v9\\\/teb\\\/2\\\/16\\\/1f642.png\"},{\"@type\":\"BreadcrumbList\",\"@id\":\"https:\\\/\\\/hoytundertaket.no\\\/skien\\\/hva-skjer\\\/fredagstau\\\/#breadcrumb\",\"itemListElement\":[{\"@type\":\"ListItem\",\"position\":1,\"name\":\"Hjem\",\"item\":\"https:\\\/\\\/hoytundertaket.no\\\/skien\\\/\"},{\"@type\":\"ListItem\",\"position\":2,\"name\":\"Fredagstau\"}]},{\"@type\":\"WebSite\",\"@id\":\"https:\\\/\\\/hoytundertaket.no\\\/skien\\\/#website\",\"url\":\"https:\\\/\\\/hoytundertaket.no\\\/skien\\\/\",\"name\":\"H\u00f8yt Under Taket Skien\",\"description\":\"Bare enda et H\u00f8yt Under Taket-nettsted\",\"publisher\":{\"@id\":\"https:\\\/\\\/hoytundertaket.no\\\/skien\\\/#organization\"},\"potentialAction\":[{\"@type\":\"SearchAction\",\"target\":{\"@type\":\"EntryPoint\",\"urlTemplate\":\"https:\\\/\\\/hoytundertaket.no\\\/skien\\\/?s={search_term_string}\"},\"query-input\":{\"@type\":\"PropertyValueSpecification\",\"valueRequired\":true,\"valueName\":\"search_term_string\"}}],\"inLanguage\":\"nb-NO\"},{\"@type\":[\"Organization\",\"Place\"],\"@id\":\"https:\\\/\\\/hoytundertaket.no\\\/skien\\\/#organization\",\"name\":\"H\u00f8yt Under Taket Skien\",\"url\":\"https:\\\/\\\/hoytundertaket.no\\\/skien\\\/\",\"logo\":{\"@id\":\"https:\\\/\\\/hoytundertaket.no\\\/skien\\\/hva-skjer\\\/fredagstau\\\/#local-main-organization-logo\"},\"image\":{\"@id\":\"https:\\\/\\\/hoytundertaket.no\\\/skien\\\/hva-skjer\\\/fredagstau\\\/#local-main-organization-logo\"},\"telephone\":[],\"openingHoursSpecification\":[{\"@type\":\"OpeningHoursSpecification\",\"dayOfWeek\":[\"Monday\",\"Tuesday\",\"Wednesday\",\"Thursday\",\"Friday\",\"Saturday\",\"Sunday\"],\"opens\":\"09:00\",\"closes\":\"17:00\"}]},{\"@type\":\"ImageObject\",\"inLanguage\":\"nb-NO\",\"@id\":\"https:\\\/\\\/hoytundertaket.no\\\/skien\\\/hva-skjer\\\/fredagstau\\\/#local-main-organization-logo\",\"url\":\"https:\\\/\\\/hoytundertaket.no\\\/skien\\\/wp-content\\\/uploads\\\/sites\\\/4\\\/2021\\\/10\\\/hut-logo-skien-horisontal-pos.svg\",\"contentUrl\":\"https:\\\/\\\/hoytundertaket.no\\\/skien\\\/wp-content\\\/uploads\\\/sites\\\/4\\\/2021\\\/10\\\/hut-logo-skien-horisontal-pos.svg\",\"width\":340,\"height\":110,\"caption\":\"H\u00f8yt Under Taket Skien\"}]}<\/script>\n<!-- \/ Yoast SEO plugin. -->","yoast_head_json":{"title":"Fredagstau - H\u00f8yt Under Taket Skien","robots":{"index":"index","follow":"follow","max-snippet":"max-snippet:-1","max-image-preview":"max-image-preview:large","max-video-preview":"max-video-preview:-1"},"canonical":"https:\/\/hoytundertaket.no\/skien\/hva-skjer\/fredagstau\/","og_locale":"nb_NO","og_type":"article","og_title":"Fredagstau - H\u00f8yt Under Taket Skien","og_description":"En sosial klatre\u00f8kt for alle som synes det er g\u00f8y med tauklatring.","og_url":"https:\/\/hoytundertaket.no\/skien\/hva-skjer\/fredagstau\/","og_site_name":"H\u00f8yt Under Taket Skien","article_modified_time":"2026-04-16T07:53:30+00:00","og_image":[{"url":"https:\/\/static.xx.fbcdn.net\/images\/emoji.php\/v9\/teb\/2\/16\/1f642.png","type":"","width":"","height":""}],"twitter_card":"summary_large_image","twitter_misc":{"Ansl. lesetid":"1 minutt"},"schema":{"@context":"https:\/\/schema.org","@graph":[{"@type":"WebPage","@id":"https:\/\/hoytundertaket.no\/skien\/hva-skjer\/fredagstau\/","url":"https:\/\/hoytundertaket.no\/skien\/hva-skjer\/fredagstau\/","name":"Fredagstau - H\u00f8yt Under Taket Skien","isPartOf":{"@id":"https:\/\/hoytundertaket.no\/skien\/#website"},"primaryImageOfPage":{"@id":"https:\/\/hoytundertaket.no\/skien\/hva-skjer\/fredagstau\/#primaryimage"},"image":{"@id":"https:\/\/hoytundertaket.no\/skien\/hva-skjer\/fredagstau\/#primaryimage"},"thumbnailUrl":"https:\/\/static.xx.fbcdn.net\/images\/emoji.php\/v9\/teb\/2\/16\/1f642.png","datePublished":"2026-04-16T07:46:29+00:00","dateModified":"2026-04-16T07:53:30+00:00","breadcrumb":{"@id":"https:\/\/hoytundertaket.no\/skien\/hva-skjer\/fredagstau\/#breadcrumb"},"inLanguage":"nb-NO","potentialAction":[{"@type":"ReadAction","target":["https:\/\/hoytundertaket.no\/skien\/hva-skjer\/fredagstau\/"]}]},{"@type":"ImageObject","inLanguage":"nb-NO","@id":"https:\/\/hoytundertaket.no\/skien\/hva-skjer\/fredagstau\/#primaryimage","url":"https:\/\/static.xx.fbcdn.net\/images\/emoji.php\/v9\/teb\/2\/16\/1f642.png","contentUrl":"https:\/\/static.xx.fbcdn.net\/images\/emoji.php\/v9\/teb\/2\/16\/1f642.png"},{"@type":"BreadcrumbList","@id":"https:\/\/hoytundertaket.no\/skien\/hva-skjer\/fredagstau\/#breadcrumb","itemListElement":[{"@type":"ListItem","position":1,"name":"Hjem","item":"https:\/\/hoytundertaket.no\/skien\/"},{"@type":"ListItem","position":2,"name":"Fredagstau"}]},{"@type":"WebSite","@id":"https:\/\/hoytundertaket.no\/skien\/#website","url":"https:\/\/hoytundertaket.no\/skien\/","name":"H\u00f8yt Under Taket Skien","description":"Bare enda et H\u00f8yt Under Taket-nettsted","publisher":{"@id":"https:\/\/hoytundertaket.no\/skien\/#organization"},"potentialAction":[{"@type":"SearchAction","target":{"@type":"EntryPoint","urlTemplate":"https:\/\/hoytundertaket.no\/skien\/?s={search_term_string}"},"query-input":{"@type":"PropertyValueSpecification","valueRequired":true,"valueName":"search_term_string"}}],"inLanguage":"nb-NO"},{"@type":["Organization","Place"],"@id":"https:\/\/hoytundertaket.no\/skien\/#organization","name":"H\u00f8yt Under Taket Skien","url":"https:\/\/hoytundertaket.no\/skien\/","logo":{"@id":"https:\/\/hoytundertaket.no\/skien\/hva-skjer\/fredagstau\/#local-main-organization-logo"},"image":{"@id":"https:\/\/hoytundertaket.no\/skien\/hva-skjer\/fredagstau\/#local-main-organization-logo"},"telephone":[],"openingHoursSpecification":[{"@type":"OpeningHoursSpecification","dayOfWeek":["Monday","Tuesday","Wednesday","Thursday","Friday","Saturday","Sunday"],"opens":"09:00","closes":"17:00"}]},{"@type":"ImageObject","inLanguage":"nb-NO","@id":"https:\/\/hoytundertaket.no\/skien\/hva-skjer\/fredagstau\/#local-main-organization-logo","url":"https:\/\/hoytundertaket.no\/skien\/wp-content\/uploads\/sites\/4\/2021\/10\/hut-logo-skien-horisontal-pos.svg","contentUrl":"https:\/\/hoytundertaket.no\/skien\/wp-content\/uploads\/sites\/4\/2021\/10\/hut-logo-skien-horisontal-pos.svg","width":340,"height":110,"caption":"H\u00f8yt Under Taket Skien"}]}},"_links":{"self":[{"href":"https:\/\/hoytundertaket.no\/skien\/wp-json\/wp\/v2\/events\/3132","targetHints":{"allow":["GET"]}}],"collection":[{"href":"https:\/\/hoytundertaket.no\/skien\/wp-json\/wp\/v2\/events"}],"about":[{"href":"https:\/\/hoytundertaket.no\/skien\/wp-json\/wp\/v2\/types\/events"}],"wp:attachment":[{"href":"https:\/\/hoytundertaket.no\/skien\/wp-json\/wp\/v2\/media?parent=3132"}],"curies":[{"name":"wp","href":"https:\/\/api.w.org\/{rel}","templated":true}]}}

<p>Sosial tauklatring hver fredag 🪢</p>



<p>En sosial klatreøkt for alle som synes det er gøy med tauklatring.</p>



<p>Til deg som ikke har en taupartner: Fortvil ikke! Du blir garantert kjent med noen som kan sikre deg opp veggen <img loading="lazy" decoding="async" height="16" width="16" src="https://static.xx.fbcdn.net/images/emoji.php/v9/teb/2/16/1f642.png" alt="🙂"> Har du ikke klatret tau før? Da er dette en gylden anledning til å prøve!</p>



<p></p>

<p>En sosial klatreøkt for alle som synes det er gøy med tauklatring.</p>

<!-- This site is optimized with the Yoast SEO plugin v27.4 - https://yoast.com/product/yoast-seo-wordpress/ -->
<title>Fredagstau - Høyt Under Taket Skien</title>
<meta name="robots" content="index, follow, max-snippet:-1, max-image-preview:large, max-video-preview:-1" />
<link rel="canonical" href="https://hoytundertaket.no/skien/hva-skjer/fredagstau/" />
<meta property="og:locale" content="nb_NO" />
<meta property="og:type" content="article" />
<meta property="og:title" content="Fredagstau - Høyt Under Taket Skien" />
<meta property="og:description" content="En sosial klatreøkt for alle som synes det er gøy med tauklatring." />
<meta property="og:url" content="https://hoytundertaket.no/skien/hva-skjer/fredagstau/" />
<meta property="og:site_name" content="Høyt Under Taket Skien" />
<meta property="article:modified_time" content="2026-04-16T07:53:30+00:00" />
<meta property="og:image" content="https://static.xx.fbcdn.net/images/emoji.php/v9/teb/2/16/1f642.png" />
<meta name="twitter:card" content="summary_large_image" />
<meta name="twitter:label1" content="Ansl. lesetid" />
	<meta name="twitter:data1" content="1 minutt" />
<script type="application/ld+json" class="yoast-schema-graph">{"@context":"https:\/\/schema.org","@graph":[{"@type":"WebPage","@id":"https:\/\/hoytundertaket.no\/skien\/hva-skjer\/fredagstau\/","url":"https:\/\/hoytundertaket.no\/skien\/hva-skjer\/fredagstau\/","name":"Fredagstau - Høyt Under Taket Skien","isPartOf":{"@id":"https:\/\/hoytundertaket.no\/skien\/#website"},"primaryImageOfPage":{"@id":"https:\/\/hoytundertaket.no\/skien\/hva-skjer\/fredagstau\/#primaryimage"},"image":{"@id":"https:\/\/hoytundertaket.no\/skien\/hva-skjer\/fredagstau\/#primaryimage"},"thumbnailUrl":"https:\/\/static.xx.fbcdn.net\/images\/emoji.php\/v9\/teb\/2\/16\/1f642.png","datePublished":"2026-04-16T07:46:29+00:00","dateModified":"2026-04-16T07:53:30+00:00","breadcrumb":{"@id":"https:\/\/hoytundertaket.no\/skien\/hva-skjer\/fredagstau\/#breadcrumb"},"inLanguage":"nb-NO","potentialAction":[{"@type":"ReadAction","target":["https:\/\/hoytundertaket.no\/skien\/hva-skjer\/fredagstau\/"]}]},{"@type":"ImageObject","inLanguage":"nb-NO","@id":"https:\/\/hoytundertaket.no\/skien\/hva-skjer\/fredagstau\/#primaryimage","url":"https:\/\/static.xx.fbcdn.net\/images\/emoji.php\/v9\/teb\/2\/16\/1f642.png","contentUrl":"https:\/\/static.xx.fbcdn.net\/images\/emoji.php\/v9\/teb\/2\/16\/1f642.png"},{"@type":"BreadcrumbList","@id":"https:\/\/hoytundertaket.no\/skien\/hva-skjer\/fredagstau\/#breadcrumb","itemListElement":[{"@type":"ListItem","position":1,"name":"Hjem","item":"https:\/\/hoytundertaket.no\/skien\/"},{"@type":"ListItem","position":2,"name":"Fredagstau"}]},{"@type":"WebSite","@id":"https:\/\/hoytundertaket.no\/skien\/#website","url":"https:\/\/hoytundertaket.no\/skien\/","name":"Høyt Under Taket Skien","description":"Bare enda et Høyt Under Taket-nettsted","publisher":{"@id":"https:\/\/hoytundertaket.no\/skien\/#organization"},"potentialAction":[{"@type":"SearchAction","target":{"@type":"EntryPoint","urlTemplate":"https:\/\/hoytundertaket.no\/skien\/?s={search_term_string}"},"query-input":{"@type":"PropertyValueSpecification","valueRequired":true,"valueName":"search_term_string"}}],"inLanguage":"nb-NO"},{"@type":["Organization","Place"],"@id":"https:\/\/hoytundertaket.no\/skien\/#organization","name":"Høyt Under Taket Skien","url":"https:\/\/hoytundertaket.no\/skien\/","logo":{"@id":"https:\/\/hoytundertaket.no\/skien\/hva-skjer\/fredagstau\/#local-main-organization-logo"},"image":{"@id":"https:\/\/hoytundertaket.no\/skien\/hva-skjer\/fredagstau\/#local-main-organization-logo"},"telephone":[],"openingHoursSpecification":[{"@type":"OpeningHoursSpecification","dayOfWeek":["Monday","Tuesday","Wednesday","Thursday","Friday","Saturday","Sunday"],"opens":"09:00","closes":"17:00"}]},{"@type":"ImageObject","inLanguage":"nb-NO","@id":"https:\/\/hoytundertaket.no\/skien\/hva-skjer\/fredagstau\/#local-main-organization-logo","url":"https:\/\/hoytundertaket.no\/skien\/wp-content\/uploads\/sites\/4\/2021\/10\/hut-logo-skien-horisontal-pos.svg","contentUrl":"https:\/\/hoytundertaket.no\/skien\/wp-content\/uploads\/sites\/4\/2021\/10\/hut-logo-skien-horisontal-pos.svg","width":340,"height":110,"caption":"Høyt Under Taket Skien"}]}</script>
<!-- / Yoast SEO plugin. -->

Fredagstau - Høyt Under Taket Skien

En sosial klatreøkt for alle som synes det er gøy med tauklatring.

Høyt Under Taket Skien

Bare enda et Høyt Under Taket-nettsted
