{"id":908,"date":"2022-08-16T15:50:10","date_gmt":"2022-08-16T13:50:10","guid":{"rendered":"https:\/\/hoytundertaket.no\/skien\/?page_id=908"},"modified":"2022-08-17T09:08:16","modified_gmt":"2022-08-17T07:08:16","slug":"apning-av-klatresenteret","status":"publish","type":"page","link":"https:\/\/hoytundertaket.no\/skien\/apning-av-klatresenteret\/","title":{"rendered":"\u00c5pning av klatresenteret 3. september"},"content":{"rendered":"\n<p class=\"has-text-align-center\">Vi inviterer til \u00e5pen dag p\u00e5 klatresenteret<\/p>\n","protected":false},"excerpt":{"rendered":"<p>Vi inviterer til \u00e5pen dag p\u00e5 klatresenteret<\/p>\n","protected":false},"author":3,"featured_media":696,"parent":0,"menu_order":0,"comment_status":"closed","ping_status":"closed","template":"page-info.php","meta":{"_acf_changed":false,"footnotes":""},"class_list":["post-908","page","type-page","status-publish","has-post-thumbnail","hentry"],"acf":[],"yoast_head":"<!-- This site is optimized with the Yoast SEO plugin v26.9 - https:\/\/yoast.com\/product\/yoast-seo-wordpress\/ -->\n<title>\u00c5pning av klatresenteret 3. september - H\u00f8yt Under Taket Skien<\/title>\n<meta name=\"robots\" content=\"index, follow, max-snippet:-1, max-image-preview:large, max-video-preview:-1\" \/>\n<link rel=\"canonical\" href=\"https:\/\/hoytundertaket.no\/skien\/apning-av-klatresenteret\/\" \/>\n<meta property=\"og:locale\" content=\"nb_NO\" \/>\n<meta property=\"og:type\" content=\"article\" \/>\n<meta property=\"og:title\" content=\"\u00c5pning av klatresenteret 3. september - H\u00f8yt Under Taket Skien\" \/>\n<meta property=\"og:description\" content=\"Vi inviterer til \u00e5pen dag p\u00e5 klatresenteret\" \/>\n<meta property=\"og:url\" content=\"https:\/\/hoytundertaket.no\/skien\/apning-av-klatresenteret\/\" \/>\n<meta property=\"og:site_name\" content=\"H\u00f8yt Under Taket Skien\" \/>\n<meta property=\"article:modified_time\" content=\"2022-08-17T07:08:16+00:00\" \/>\n<meta property=\"og:image\" content=\"https:\/\/hoytundertaket.no\/skien\/wp-content\/uploads\/sites\/4\/2022\/08\/DJI-0558-EDIT-14853756-Foto_Kai-Otto_Melau.jpg\" \/>\n\t<meta property=\"og:image:width\" content=\"1080\" \/>\n\t<meta property=\"og:image:height\" content=\"608\" \/>\n\t<meta property=\"og:image:type\" content=\"image\/jpeg\" \/>\n<meta name=\"twitter:card\" content=\"summary_large_image\" \/>\n<script type=\"application\/ld+json\" class=\"yoast-schema-graph\">{\"@context\":\"https:\/\/schema.org\",\"@graph\":[{\"@type\":\"WebPage\",\"@id\":\"https:\/\/hoytundertaket.no\/skien\/apning-av-klatresenteret\/\",\"url\":\"https:\/\/hoytundertaket.no\/skien\/apning-av-klatresenteret\/\",\"name\":\"\u00c5pning av klatresenteret 3. september - H\u00f8yt Under Taket Skien\",\"isPartOf\":{\"@id\":\"https:\/\/hoytundertaket.no\/skien\/#website\"},\"primaryImageOfPage\":{\"@id\":\"https:\/\/hoytundertaket.no\/skien\/apning-av-klatresenteret\/#primaryimage\"},\"image\":{\"@id\":\"https:\/\/hoytundertaket.no\/skien\/apning-av-klatresenteret\/#primaryimage\"},\"thumbnailUrl\":\"https:\/\/hoytundertaket.no\/skien\/wp-content\/uploads\/sites\/4\/2022\/08\/DJI-0558-EDIT-14853756-Foto_Kai-Otto_Melau.jpg\",\"datePublished\":\"2022-08-16T13:50:10+00:00\",\"dateModified\":\"2022-08-17T07:08:16+00:00\",\"breadcrumb\":{\"@id\":\"https:\/\/hoytundertaket.no\/skien\/apning-av-klatresenteret\/#breadcrumb\"},\"inLanguage\":\"nb-NO\",\"potentialAction\":[{\"@type\":\"ReadAction\",\"target\":[\"https:\/\/hoytundertaket.no\/skien\/apning-av-klatresenteret\/\"]}]},{\"@type\":\"ImageObject\",\"inLanguage\":\"nb-NO\",\"@id\":\"https:\/\/hoytundertaket.no\/skien\/apning-av-klatresenteret\/#primaryimage\",\"url\":\"https:\/\/hoytundertaket.no\/skien\/wp-content\/uploads\/sites\/4\/2022\/08\/DJI-0558-EDIT-14853756-Foto_Kai-Otto_Melau.jpg\",\"contentUrl\":\"https:\/\/hoytundertaket.no\/skien\/wp-content\/uploads\/sites\/4\/2022\/08\/DJI-0558-EDIT-14853756-Foto_Kai-Otto_Melau.jpg\",\"width\":1080,\"height\":608,\"caption\":\"H\u00f8yt Under Taket Skien\"},{\"@type\":\"BreadcrumbList\",\"@id\":\"https:\/\/hoytundertaket.no\/skien\/apning-av-klatresenteret\/#breadcrumb\",\"itemListElement\":[{\"@type\":\"ListItem\",\"position\":1,\"name\":\"Hjem\",\"item\":\"https:\/\/hoytundertaket.no\/skien\/\"},{\"@type\":\"ListItem\",\"position\":2,\"name\":\"\u00c5pning av klatresenteret 3. september\"}]},{\"@type\":\"WebSite\",\"@id\":\"https:\/\/hoytundertaket.no\/skien\/#website\",\"url\":\"https:\/\/hoytundertaket.no\/skien\/\",\"name\":\"H\u00f8yt Under Taket Skien\",\"description\":\"Bare enda et H\u00f8yt Under Taket-nettsted\",\"publisher\":{\"@id\":\"https:\/\/hoytundertaket.no\/skien\/#organization\"},\"potentialAction\":[{\"@type\":\"SearchAction\",\"target\":{\"@type\":\"EntryPoint\",\"urlTemplate\":\"https:\/\/hoytundertaket.no\/skien\/?s={search_term_string}\"},\"query-input\":{\"@type\":\"PropertyValueSpecification\",\"valueRequired\":true,\"valueName\":\"search_term_string\"}}],\"inLanguage\":\"nb-NO\"},{\"@type\":[\"Organization\",\"Place\"],\"@id\":\"https:\/\/hoytundertaket.no\/skien\/#organization\",\"name\":\"H\u00f8yt Under Taket Skien\",\"url\":\"https:\/\/hoytundertaket.no\/skien\/\",\"logo\":{\"@id\":\"https:\/\/hoytundertaket.no\/skien\/apning-av-klatresenteret\/#local-main-organization-logo\"},\"image\":{\"@id\":\"https:\/\/hoytundertaket.no\/skien\/apning-av-klatresenteret\/#local-main-organization-logo\"},\"telephone\":[],\"openingHoursSpecification\":[{\"@type\":\"OpeningHoursSpecification\",\"dayOfWeek\":[\"Monday\",\"Tuesday\",\"Wednesday\",\"Thursday\",\"Friday\",\"Saturday\",\"Sunday\"],\"opens\":\"09:00\",\"closes\":\"17:00\"}]},{\"@type\":\"ImageObject\",\"inLanguage\":\"nb-NO\",\"@id\":\"https:\/\/hoytundertaket.no\/skien\/apning-av-klatresenteret\/#local-main-organization-logo\",\"url\":\"https:\/\/hoytundertaket.no\/skien\/wp-content\/uploads\/sites\/4\/2021\/10\/hut-logo-skien-horisontal-pos.svg\",\"contentUrl\":\"https:\/\/hoytundertaket.no\/skien\/wp-content\/uploads\/sites\/4\/2021\/10\/hut-logo-skien-horisontal-pos.svg\",\"width\":340,\"height\":110,\"caption\":\"H\u00f8yt Under Taket Skien\"}]}<\/script>\n<!-- \/ Yoast SEO plugin. -->","yoast_head_json":{"title":"\u00c5pning av klatresenteret 3. september - H\u00f8yt Under Taket Skien","robots":{"index":"index","follow":"follow","max-snippet":"max-snippet:-1","max-image-preview":"max-image-preview:large","max-video-preview":"max-video-preview:-1"},"canonical":"https:\/\/hoytundertaket.no\/skien\/apning-av-klatresenteret\/","og_locale":"nb_NO","og_type":"article","og_title":"\u00c5pning av klatresenteret 3. september - H\u00f8yt Under Taket Skien","og_description":"Vi inviterer til \u00e5pen dag p\u00e5 klatresenteret","og_url":"https:\/\/hoytundertaket.no\/skien\/apning-av-klatresenteret\/","og_site_name":"H\u00f8yt Under Taket Skien","article_modified_time":"2022-08-17T07:08:16+00:00","og_image":[{"width":1080,"height":608,"url":"https:\/\/hoytundertaket.no\/skien\/wp-content\/uploads\/sites\/4\/2022\/08\/DJI-0558-EDIT-14853756-Foto_Kai-Otto_Melau.jpg","type":"image\/jpeg"}],"twitter_card":"summary_large_image","schema":{"@context":"https:\/\/schema.org","@graph":[{"@type":"WebPage","@id":"https:\/\/hoytundertaket.no\/skien\/apning-av-klatresenteret\/","url":"https:\/\/hoytundertaket.no\/skien\/apning-av-klatresenteret\/","name":"\u00c5pning av klatresenteret 3. september - H\u00f8yt Under Taket Skien","isPartOf":{"@id":"https:\/\/hoytundertaket.no\/skien\/#website"},"primaryImageOfPage":{"@id":"https:\/\/hoytundertaket.no\/skien\/apning-av-klatresenteret\/#primaryimage"},"image":{"@id":"https:\/\/hoytundertaket.no\/skien\/apning-av-klatresenteret\/#primaryimage"},"thumbnailUrl":"https:\/\/hoytundertaket.no\/skien\/wp-content\/uploads\/sites\/4\/2022\/08\/DJI-0558-EDIT-14853756-Foto_Kai-Otto_Melau.jpg","datePublished":"2022-08-16T13:50:10+00:00","dateModified":"2022-08-17T07:08:16+00:00","breadcrumb":{"@id":"https:\/\/hoytundertaket.no\/skien\/apning-av-klatresenteret\/#breadcrumb"},"inLanguage":"nb-NO","potentialAction":[{"@type":"ReadAction","target":["https:\/\/hoytundertaket.no\/skien\/apning-av-klatresenteret\/"]}]},{"@type":"ImageObject","inLanguage":"nb-NO","@id":"https:\/\/hoytundertaket.no\/skien\/apning-av-klatresenteret\/#primaryimage","url":"https:\/\/hoytundertaket.no\/skien\/wp-content\/uploads\/sites\/4\/2022\/08\/DJI-0558-EDIT-14853756-Foto_Kai-Otto_Melau.jpg","contentUrl":"https:\/\/hoytundertaket.no\/skien\/wp-content\/uploads\/sites\/4\/2022\/08\/DJI-0558-EDIT-14853756-Foto_Kai-Otto_Melau.jpg","width":1080,"height":608,"caption":"H\u00f8yt Under Taket Skien"},{"@type":"BreadcrumbList","@id":"https:\/\/hoytundertaket.no\/skien\/apning-av-klatresenteret\/#breadcrumb","itemListElement":[{"@type":"ListItem","position":1,"name":"Hjem","item":"https:\/\/hoytundertaket.no\/skien\/"},{"@type":"ListItem","position":2,"name":"\u00c5pning av klatresenteret 3. september"}]},{"@type":"WebSite","@id":"https:\/\/hoytundertaket.no\/skien\/#website","url":"https:\/\/hoytundertaket.no\/skien\/","name":"H\u00f8yt Under Taket Skien","description":"Bare enda et H\u00f8yt Under Taket-nettsted","publisher":{"@id":"https:\/\/hoytundertaket.no\/skien\/#organization"},"potentialAction":[{"@type":"SearchAction","target":{"@type":"EntryPoint","urlTemplate":"https:\/\/hoytundertaket.no\/skien\/?s={search_term_string}"},"query-input":{"@type":"PropertyValueSpecification","valueRequired":true,"valueName":"search_term_string"}}],"inLanguage":"nb-NO"},{"@type":["Organization","Place"],"@id":"https:\/\/hoytundertaket.no\/skien\/#organization","name":"H\u00f8yt Under Taket Skien","url":"https:\/\/hoytundertaket.no\/skien\/","logo":{"@id":"https:\/\/hoytundertaket.no\/skien\/apning-av-klatresenteret\/#local-main-organization-logo"},"image":{"@id":"https:\/\/hoytundertaket.no\/skien\/apning-av-klatresenteret\/#local-main-organization-logo"},"telephone":[],"openingHoursSpecification":[{"@type":"OpeningHoursSpecification","dayOfWeek":["Monday","Tuesday","Wednesday","Thursday","Friday","Saturday","Sunday"],"opens":"09:00","closes":"17:00"}]},{"@type":"ImageObject","inLanguage":"nb-NO","@id":"https:\/\/hoytundertaket.no\/skien\/apning-av-klatresenteret\/#local-main-organization-logo","url":"https:\/\/hoytundertaket.no\/skien\/wp-content\/uploads\/sites\/4\/2021\/10\/hut-logo-skien-horisontal-pos.svg","contentUrl":"https:\/\/hoytundertaket.no\/skien\/wp-content\/uploads\/sites\/4\/2021\/10\/hut-logo-skien-horisontal-pos.svg","width":340,"height":110,"caption":"H\u00f8yt Under Taket Skien"}]}},"_links":{"self":[{"href":"https:\/\/hoytundertaket.no\/skien\/wp-json\/wp\/v2\/pages\/908","targetHints":{"allow":["GET"]}}],"collection":[{"href":"https:\/\/hoytundertaket.no\/skien\/wp-json\/wp\/v2\/pages"}],"about":[{"href":"https:\/\/hoytundertaket.no\/skien\/wp-json\/wp\/v2\/types\/page"}],"author":[{"embeddable":true,"href":"https:\/\/hoytundertaket.no\/skien\/wp-json\/wp\/v2\/users\/3"}],"replies":[{"embeddable":true,"href":"https:\/\/hoytundertaket.no\/skien\/wp-json\/wp\/v2\/comments?post=908"}],"version-history":[{"count":4,"href":"https:\/\/hoytundertaket.no\/skien\/wp-json\/wp\/v2\/pages\/908\/revisions"}],"predecessor-version":[{"id":923,"href":"https:\/\/hoytundertaket.no\/skien\/wp-json\/wp\/v2\/pages\/908\/revisions\/923"}],"wp:featuredmedia":[{"embeddable":true,"href":"https:\/\/hoytundertaket.no\/skien\/wp-json\/wp\/v2\/media\/696"}],"wp:attachment":[{"href":"https:\/\/hoytundertaket.no\/skien\/wp-json\/wp\/v2\/media?parent=908"}],"curies":[{"name":"wp","href":"https:\/\/api.w.org\/{rel}","templated":true}]}}