{"id":662,"date":"2022-08-12T09:34:04","date_gmt":"2022-08-12T07:34:04","guid":{"rendered":"https:\/\/hoytundertaket.no\/skien\/?post_type=bilberry-produkter&#038;p=662"},"modified":"2026-02-19T10:02:11","modified_gmt":"2026-02-19T09:02:11","slug":"inngang","status":"publish","type":"products","link":"https:\/\/hoytundertaket.no\/skien\/produkt\/inngang\/","title":{"rendered":"Inngang"},"content":{"rendered":"\n<p>Denne billetten gir inngang til H\u00f8yt Under Taket i Skien. <strong>Leie av sele og sko er ikke inkludert.<\/strong><\/p>\n\n\n\n<p>Pr\u00f8ve buldrevegger, klatrevegger, temavegger og v\u00e5r innend\u00f8rs Via Ferrata \u2013 tilpasset ulike aldre og niv\u00e5er.<\/p>\n\n\n\n<ul class=\"wp-block-list\">\n<li><strong>Alle m\u00e5 f\u00e5\u00a0oppl\u00e6ring f\u00f8r de starter<\/strong>.<\/li>\n<\/ul>\n\n\n\n<ul class=\"wp-block-list\">\n<li>Velg&nbsp;<strong>uten <\/strong>sikringskort&nbsp;hvis du ikke har brattkort eller topptaukort.<\/li>\n<\/ul>\n\n\n\n<ul class=\"wp-block-list\">\n<li>Velg&nbsp;<strong>med<\/strong> sikringskort&nbsp;hvis du har brattkort eller topptaukort.<\/li>\n<\/ul>\n\n\n\n<p>\u00d8nsker du inngang med utstyr, velg&nbsp;&laquo;<a href=\"https:\/\/hoytundertaket.no\/skien\/produkt\/inngang-med-utstyr\/\">Inngang med utstyr&raquo;.<\/a><\/p>\n\n\n\n<p>Velg dato, tidspunkt og antall personer n\u00e5r du bestiller. Praktisk informasjon f\u00f8r bes\u00f8ket finner du <a href=\"https:\/\/hoytundertaket.no\/skien\/informasjon\/praktisk-info\/\">her. <\/a><\/p>\n","protected":false},"featured_media":2017,"template":"","meta":{"_acf_changed":false},"class_list":["post-662","products","type-products","status-publish","has-post-thumbnail","hentry"],"acf":[],"yoast_head":"<!-- This site is optimized with the Yoast SEO plugin v27.4 - https:\/\/yoast.com\/product\/yoast-seo-wordpress\/ -->\n<title>Inngang - H\u00f8yt Under Taket Skien<\/title>\n<meta name=\"description\" content=\"Kj\u00f8p inngang til H\u00f8yt Under Taket i Skien. Pr\u00f8v buldrevegger, temavegger og Via Ferrata. Alle f\u00e5r oppl\u00e6ring \u2013 perfekt for store og sm\u00e5.\" \/>\n<meta name=\"robots\" content=\"index, follow, max-snippet:-1, max-image-preview:large, max-video-preview:-1\" \/>\n<link rel=\"canonical\" href=\"https:\/\/hoytundertaket.no\/skien\/produkt\/inngang\/\" \/>\n<meta property=\"og:locale\" content=\"nb_NO\" \/>\n<meta property=\"og:type\" content=\"article\" \/>\n<meta property=\"og:title\" content=\"Inngang - H\u00f8yt Under Taket Skien\" \/>\n<meta property=\"og:description\" content=\"Kj\u00f8p inngang til H\u00f8yt Under Taket i Skien. Pr\u00f8v buldrevegger, temavegger og Via Ferrata. Alle f\u00e5r oppl\u00e6ring \u2013 perfekt for store og sm\u00e5.\" \/>\n<meta property=\"og:url\" content=\"https:\/\/hoytundertaket.no\/skien\/produkt\/inngang\/\" \/>\n<meta property=\"og:site_name\" content=\"H\u00f8yt Under Taket Skien\" \/>\n<meta property=\"article:modified_time\" content=\"2026-02-19T09:02:11+00:00\" \/>\n<meta property=\"og:image\" content=\"https:\/\/hoytundertaket.no\/skien\/wp-content\/uploads\/sites\/4\/2024\/11\/Hoyt_Under_Taket_Skien_HTL_02519_Foto_Johan_Loken_Fevang-1.jpg\" \/>\n\t<meta property=\"og:image:width\" content=\"1080\" \/>\n\t<meta property=\"og:image:height\" content=\"720\" \/>\n\t<meta property=\"og:image:type\" content=\"image\/jpeg\" \/>\n<meta name=\"twitter:card\" content=\"summary_large_image\" \/>\n<meta name=\"twitter:label1\" content=\"Ansl. lesetid\" \/>\n\t<meta name=\"twitter:data1\" content=\"1 minutt\" \/>\n<script type=\"application\/ld+json\" class=\"yoast-schema-graph\">{\"@context\":\"https:\\\/\\\/schema.org\",\"@graph\":[{\"@type\":\"WebPage\",\"@id\":\"https:\\\/\\\/hoytundertaket.no\\\/skien\\\/produkt\\\/inngang\\\/\",\"url\":\"https:\\\/\\\/hoytundertaket.no\\\/skien\\\/produkt\\\/inngang\\\/\",\"name\":\"Inngang - H\u00f8yt Under Taket Skien\",\"isPartOf\":{\"@id\":\"https:\\\/\\\/hoytundertaket.no\\\/skien\\\/#website\"},\"primaryImageOfPage\":{\"@id\":\"https:\\\/\\\/hoytundertaket.no\\\/skien\\\/produkt\\\/inngang\\\/#primaryimage\"},\"image\":{\"@id\":\"https:\\\/\\\/hoytundertaket.no\\\/skien\\\/produkt\\\/inngang\\\/#primaryimage\"},\"thumbnailUrl\":\"https:\\\/\\\/hoytundertaket.no\\\/skien\\\/wp-content\\\/uploads\\\/sites\\\/4\\\/2024\\\/11\\\/Hoyt_Under_Taket_Skien_HTL_02519_Foto_Johan_Loken_Fevang-1.jpg\",\"datePublished\":\"2022-08-12T07:34:04+00:00\",\"dateModified\":\"2026-02-19T09:02:11+00:00\",\"description\":\"Kj\u00f8p inngang til H\u00f8yt Under Taket i Skien. Pr\u00f8v buldrevegger, temavegger og Via Ferrata. Alle f\u00e5r oppl\u00e6ring \u2013 perfekt for store og sm\u00e5.\",\"breadcrumb\":{\"@id\":\"https:\\\/\\\/hoytundertaket.no\\\/skien\\\/produkt\\\/inngang\\\/#breadcrumb\"},\"inLanguage\":\"nb-NO\",\"potentialAction\":[{\"@type\":\"ReadAction\",\"target\":[\"https:\\\/\\\/hoytundertaket.no\\\/skien\\\/produkt\\\/inngang\\\/\"]}]},{\"@type\":\"ImageObject\",\"inLanguage\":\"nb-NO\",\"@id\":\"https:\\\/\\\/hoytundertaket.no\\\/skien\\\/produkt\\\/inngang\\\/#primaryimage\",\"url\":\"https:\\\/\\\/hoytundertaket.no\\\/skien\\\/wp-content\\\/uploads\\\/sites\\\/4\\\/2024\\\/11\\\/Hoyt_Under_Taket_Skien_HTL_02519_Foto_Johan_Loken_Fevang-1.jpg\",\"contentUrl\":\"https:\\\/\\\/hoytundertaket.no\\\/skien\\\/wp-content\\\/uploads\\\/sites\\\/4\\\/2024\\\/11\\\/Hoyt_Under_Taket_Skien_HTL_02519_Foto_Johan_Loken_Fevang-1.jpg\",\"width\":1080,\"height\":720,\"caption\":\"Aktivitet for store og sm\u00e5 p\u00e5 klatresenteret i Skien \u2013 med buldrevegger, temavegger og Via Ferrata\"},{\"@type\":\"BreadcrumbList\",\"@id\":\"https:\\\/\\\/hoytundertaket.no\\\/skien\\\/produkt\\\/inngang\\\/#breadcrumb\",\"itemListElement\":[{\"@type\":\"ListItem\",\"position\":1,\"name\":\"Hjem\",\"item\":\"https:\\\/\\\/hoytundertaket.no\\\/skien\\\/\"},{\"@type\":\"ListItem\",\"position\":2,\"name\":\"Inngang\"}]},{\"@type\":\"WebSite\",\"@id\":\"https:\\\/\\\/hoytundertaket.no\\\/skien\\\/#website\",\"url\":\"https:\\\/\\\/hoytundertaket.no\\\/skien\\\/\",\"name\":\"H\u00f8yt Under Taket Skien\",\"description\":\"Bare enda et H\u00f8yt Under Taket-nettsted\",\"publisher\":{\"@id\":\"https:\\\/\\\/hoytundertaket.no\\\/skien\\\/#organization\"},\"potentialAction\":[{\"@type\":\"SearchAction\",\"target\":{\"@type\":\"EntryPoint\",\"urlTemplate\":\"https:\\\/\\\/hoytundertaket.no\\\/skien\\\/?s={search_term_string}\"},\"query-input\":{\"@type\":\"PropertyValueSpecification\",\"valueRequired\":true,\"valueName\":\"search_term_string\"}}],\"inLanguage\":\"nb-NO\"},{\"@type\":[\"Organization\",\"Place\"],\"@id\":\"https:\\\/\\\/hoytundertaket.no\\\/skien\\\/#organization\",\"name\":\"H\u00f8yt Under Taket Skien\",\"url\":\"https:\\\/\\\/hoytundertaket.no\\\/skien\\\/\",\"logo\":{\"@id\":\"https:\\\/\\\/hoytundertaket.no\\\/skien\\\/produkt\\\/inngang\\\/#local-main-organization-logo\"},\"image\":{\"@id\":\"https:\\\/\\\/hoytundertaket.no\\\/skien\\\/produkt\\\/inngang\\\/#local-main-organization-logo\"},\"telephone\":[],\"openingHoursSpecification\":[{\"@type\":\"OpeningHoursSpecification\",\"dayOfWeek\":[\"Monday\",\"Tuesday\",\"Wednesday\",\"Thursday\",\"Friday\",\"Saturday\",\"Sunday\"],\"opens\":\"09:00\",\"closes\":\"17:00\"}]},{\"@type\":\"ImageObject\",\"inLanguage\":\"nb-NO\",\"@id\":\"https:\\\/\\\/hoytundertaket.no\\\/skien\\\/produkt\\\/inngang\\\/#local-main-organization-logo\",\"url\":\"https:\\\/\\\/hoytundertaket.no\\\/skien\\\/wp-content\\\/uploads\\\/sites\\\/4\\\/2021\\\/10\\\/hut-logo-skien-horisontal-pos.svg\",\"contentUrl\":\"https:\\\/\\\/hoytundertaket.no\\\/skien\\\/wp-content\\\/uploads\\\/sites\\\/4\\\/2021\\\/10\\\/hut-logo-skien-horisontal-pos.svg\",\"width\":340,\"height\":110,\"caption\":\"H\u00f8yt Under Taket Skien\"}]}<\/script>\n<!-- \/ Yoast SEO plugin. -->","yoast_head_json":{"title":"Inngang - H\u00f8yt Under Taket Skien","description":"Kj\u00f8p inngang til H\u00f8yt Under Taket i Skien. Pr\u00f8v buldrevegger, temavegger og Via Ferrata. Alle f\u00e5r oppl\u00e6ring \u2013 perfekt for store og sm\u00e5.","robots":{"index":"index","follow":"follow","max-snippet":"max-snippet:-1","max-image-preview":"max-image-preview:large","max-video-preview":"max-video-preview:-1"},"canonical":"https:\/\/hoytundertaket.no\/skien\/produkt\/inngang\/","og_locale":"nb_NO","og_type":"article","og_title":"Inngang - H\u00f8yt Under Taket Skien","og_description":"Kj\u00f8p inngang til H\u00f8yt Under Taket i Skien. Pr\u00f8v buldrevegger, temavegger og Via Ferrata. Alle f\u00e5r oppl\u00e6ring \u2013 perfekt for store og sm\u00e5.","og_url":"https:\/\/hoytundertaket.no\/skien\/produkt\/inngang\/","og_site_name":"H\u00f8yt Under Taket Skien","article_modified_time":"2026-02-19T09:02:11+00:00","og_image":[{"width":1080,"height":720,"url":"https:\/\/hoytundertaket.no\/skien\/wp-content\/uploads\/sites\/4\/2024\/11\/Hoyt_Under_Taket_Skien_HTL_02519_Foto_Johan_Loken_Fevang-1.jpg","type":"image\/jpeg"}],"twitter_card":"summary_large_image","twitter_misc":{"Ansl. lesetid":"1 minutt"},"schema":{"@context":"https:\/\/schema.org","@graph":[{"@type":"WebPage","@id":"https:\/\/hoytundertaket.no\/skien\/produkt\/inngang\/","url":"https:\/\/hoytundertaket.no\/skien\/produkt\/inngang\/","name":"Inngang - H\u00f8yt Under Taket Skien","isPartOf":{"@id":"https:\/\/hoytundertaket.no\/skien\/#website"},"primaryImageOfPage":{"@id":"https:\/\/hoytundertaket.no\/skien\/produkt\/inngang\/#primaryimage"},"image":{"@id":"https:\/\/hoytundertaket.no\/skien\/produkt\/inngang\/#primaryimage"},"thumbnailUrl":"https:\/\/hoytundertaket.no\/skien\/wp-content\/uploads\/sites\/4\/2024\/11\/Hoyt_Under_Taket_Skien_HTL_02519_Foto_Johan_Loken_Fevang-1.jpg","datePublished":"2022-08-12T07:34:04+00:00","dateModified":"2026-02-19T09:02:11+00:00","description":"Kj\u00f8p inngang til H\u00f8yt Under Taket i Skien. Pr\u00f8v buldrevegger, temavegger og Via Ferrata. Alle f\u00e5r oppl\u00e6ring \u2013 perfekt for store og sm\u00e5.","breadcrumb":{"@id":"https:\/\/hoytundertaket.no\/skien\/produkt\/inngang\/#breadcrumb"},"inLanguage":"nb-NO","potentialAction":[{"@type":"ReadAction","target":["https:\/\/hoytundertaket.no\/skien\/produkt\/inngang\/"]}]},{"@type":"ImageObject","inLanguage":"nb-NO","@id":"https:\/\/hoytundertaket.no\/skien\/produkt\/inngang\/#primaryimage","url":"https:\/\/hoytundertaket.no\/skien\/wp-content\/uploads\/sites\/4\/2024\/11\/Hoyt_Under_Taket_Skien_HTL_02519_Foto_Johan_Loken_Fevang-1.jpg","contentUrl":"https:\/\/hoytundertaket.no\/skien\/wp-content\/uploads\/sites\/4\/2024\/11\/Hoyt_Under_Taket_Skien_HTL_02519_Foto_Johan_Loken_Fevang-1.jpg","width":1080,"height":720,"caption":"Aktivitet for store og sm\u00e5 p\u00e5 klatresenteret i Skien \u2013 med buldrevegger, temavegger og Via Ferrata"},{"@type":"BreadcrumbList","@id":"https:\/\/hoytundertaket.no\/skien\/produkt\/inngang\/#breadcrumb","itemListElement":[{"@type":"ListItem","position":1,"name":"Hjem","item":"https:\/\/hoytundertaket.no\/skien\/"},{"@type":"ListItem","position":2,"name":"Inngang"}]},{"@type":"WebSite","@id":"https:\/\/hoytundertaket.no\/skien\/#website","url":"https:\/\/hoytundertaket.no\/skien\/","name":"H\u00f8yt Under Taket Skien","description":"Bare enda et H\u00f8yt Under Taket-nettsted","publisher":{"@id":"https:\/\/hoytundertaket.no\/skien\/#organization"},"potentialAction":[{"@type":"SearchAction","target":{"@type":"EntryPoint","urlTemplate":"https:\/\/hoytundertaket.no\/skien\/?s={search_term_string}"},"query-input":{"@type":"PropertyValueSpecification","valueRequired":true,"valueName":"search_term_string"}}],"inLanguage":"nb-NO"},{"@type":["Organization","Place"],"@id":"https:\/\/hoytundertaket.no\/skien\/#organization","name":"H\u00f8yt Under Taket Skien","url":"https:\/\/hoytundertaket.no\/skien\/","logo":{"@id":"https:\/\/hoytundertaket.no\/skien\/produkt\/inngang\/#local-main-organization-logo"},"image":{"@id":"https:\/\/hoytundertaket.no\/skien\/produkt\/inngang\/#local-main-organization-logo"},"telephone":[],"openingHoursSpecification":[{"@type":"OpeningHoursSpecification","dayOfWeek":["Monday","Tuesday","Wednesday","Thursday","Friday","Saturday","Sunday"],"opens":"09:00","closes":"17:00"}]},{"@type":"ImageObject","inLanguage":"nb-NO","@id":"https:\/\/hoytundertaket.no\/skien\/produkt\/inngang\/#local-main-organization-logo","url":"https:\/\/hoytundertaket.no\/skien\/wp-content\/uploads\/sites\/4\/2021\/10\/hut-logo-skien-horisontal-pos.svg","contentUrl":"https:\/\/hoytundertaket.no\/skien\/wp-content\/uploads\/sites\/4\/2021\/10\/hut-logo-skien-horisontal-pos.svg","width":340,"height":110,"caption":"H\u00f8yt Under Taket Skien"}]}},"_links":{"self":[{"href":"https:\/\/hoytundertaket.no\/skien\/wp-json\/wp\/v2\/products\/662","targetHints":{"allow":["GET"]}}],"collection":[{"href":"https:\/\/hoytundertaket.no\/skien\/wp-json\/wp\/v2\/products"}],"about":[{"href":"https:\/\/hoytundertaket.no\/skien\/wp-json\/wp\/v2\/types\/products"}],"wp:featuredmedia":[{"embeddable":true,"href":"https:\/\/hoytundertaket.no\/skien\/wp-json\/wp\/v2\/media\/2017"}],"wp:attachment":[{"href":"https:\/\/hoytundertaket.no\/skien\/wp-json\/wp\/v2\/media?parent=662"}],"curies":[{"name":"wp","href":"https:\/\/api.w.org\/{rel}","templated":true}]}}

<p>Denne billetten gir inngang til Høyt Under Taket i Skien. <strong>Leie av sele og sko er ikke inkludert.</strong></p>



<p>Prøve buldrevegger, klatrevegger, temavegger og vår innendørs Via Ferrata – tilpasset ulike aldre og nivåer.</p>



<ul class="wp-block-list">
<li><strong>Alle må få opplæring før de starter</strong>.</li>
</ul>



<ul class="wp-block-list">
<li>Velg&nbsp;<strong>uten </strong>sikringskort&nbsp;hvis du ikke har brattkort eller topptaukort.</li>
</ul>



<ul class="wp-block-list">
<li>Velg&nbsp;<strong>med</strong> sikringskort&nbsp;hvis du har brattkort eller topptaukort.</li>
</ul>



<p>Ønsker du inngang med utstyr, velg&nbsp;&laquo;<a href="https://hoytundertaket.no/skien/produkt/inngang-med-utstyr/">Inngang med utstyr&raquo;.</a></p>



<p>Velg dato, tidspunkt og antall personer når du bestiller. Praktisk informasjon før besøket finner du <a href="https://hoytundertaket.no/skien/informasjon/praktisk-info/">her. </a></p>

<!-- This site is optimized with the Yoast SEO plugin v27.4 - https://yoast.com/product/yoast-seo-wordpress/ -->
<title>Inngang - Høyt Under Taket Skien</title>
<meta name="description" content="Kjøp inngang til Høyt Under Taket i Skien. Prøv buldrevegger, temavegger og Via Ferrata. Alle får opplæring – perfekt for store og små." />
<meta name="robots" content="index, follow, max-snippet:-1, max-image-preview:large, max-video-preview:-1" />
<link rel="canonical" href="https://hoytundertaket.no/skien/produkt/inngang/" />
<meta property="og:locale" content="nb_NO" />
<meta property="og:type" content="article" />
<meta property="og:title" content="Inngang - Høyt Under Taket Skien" />
<meta property="og:description" content="Kjøp inngang til Høyt Under Taket i Skien. Prøv buldrevegger, temavegger og Via Ferrata. Alle får opplæring – perfekt for store og små." />
<meta property="og:url" content="https://hoytundertaket.no/skien/produkt/inngang/" />
<meta property="og:site_name" content="Høyt Under Taket Skien" />
<meta property="article:modified_time" content="2026-02-19T09:02:11+00:00" />
<meta property="og:image" content="https://hoytundertaket.no/skien/wp-content/uploads/sites/4/2024/11/Hoyt_Under_Taket_Skien_HTL_02519_Foto_Johan_Loken_Fevang-1.jpg" />
	<meta property="og:image:width" content="1080" />
	<meta property="og:image:height" content="720" />
	<meta property="og:image:type" content="image/jpeg" />
<meta name="twitter:card" content="summary_large_image" />
<meta name="twitter:label1" content="Ansl. lesetid" />
	<meta name="twitter:data1" content="1 minutt" />
<script type="application/ld+json" class="yoast-schema-graph">{"@context":"https:\/\/schema.org","@graph":[{"@type":"WebPage","@id":"https:\/\/hoytundertaket.no\/skien\/produkt\/inngang\/","url":"https:\/\/hoytundertaket.no\/skien\/produkt\/inngang\/","name":"Inngang - Høyt Under Taket Skien","isPartOf":{"@id":"https:\/\/hoytundertaket.no\/skien\/#website"},"primaryImageOfPage":{"@id":"https:\/\/hoytundertaket.no\/skien\/produkt\/inngang\/#primaryimage"},"image":{"@id":"https:\/\/hoytundertaket.no\/skien\/produkt\/inngang\/#primaryimage"},"thumbnailUrl":"https:\/\/hoytundertaket.no\/skien\/wp-content\/uploads\/sites\/4\/2024\/11\/Hoyt_Under_Taket_Skien_HTL_02519_Foto_Johan_Loken_Fevang-1.jpg","datePublished":"2022-08-12T07:34:04+00:00","dateModified":"2026-02-19T09:02:11+00:00","description":"Kjøp inngang til Høyt Under Taket i Skien. Prøv buldrevegger, temavegger og Via Ferrata. Alle får opplæring – perfekt for store og små.","breadcrumb":{"@id":"https:\/\/hoytundertaket.no\/skien\/produkt\/inngang\/#breadcrumb"},"inLanguage":"nb-NO","potentialAction":[{"@type":"ReadAction","target":["https:\/\/hoytundertaket.no\/skien\/produkt\/inngang\/"]}]},{"@type":"ImageObject","inLanguage":"nb-NO","@id":"https:\/\/hoytundertaket.no\/skien\/produkt\/inngang\/#primaryimage","url":"https:\/\/hoytundertaket.no\/skien\/wp-content\/uploads\/sites\/4\/2024\/11\/Hoyt_Under_Taket_Skien_HTL_02519_Foto_Johan_Loken_Fevang-1.jpg","contentUrl":"https:\/\/hoytundertaket.no\/skien\/wp-content\/uploads\/sites\/4\/2024\/11\/Hoyt_Under_Taket_Skien_HTL_02519_Foto_Johan_Loken_Fevang-1.jpg","width":1080,"height":720,"caption":"Aktivitet for store og små på klatresenteret i Skien – med buldrevegger, temavegger og Via Ferrata"},{"@type":"BreadcrumbList","@id":"https:\/\/hoytundertaket.no\/skien\/produkt\/inngang\/#breadcrumb","itemListElement":[{"@type":"ListItem","position":1,"name":"Hjem","item":"https:\/\/hoytundertaket.no\/skien\/"},{"@type":"ListItem","position":2,"name":"Inngang"}]},{"@type":"WebSite","@id":"https:\/\/hoytundertaket.no\/skien\/#website","url":"https:\/\/hoytundertaket.no\/skien\/","name":"Høyt Under Taket Skien","description":"Bare enda et Høyt Under Taket-nettsted","publisher":{"@id":"https:\/\/hoytundertaket.no\/skien\/#organization"},"potentialAction":[{"@type":"SearchAction","target":{"@type":"EntryPoint","urlTemplate":"https:\/\/hoytundertaket.no\/skien\/?s={search_term_string}"},"query-input":{"@type":"PropertyValueSpecification","valueRequired":true,"valueName":"search_term_string"}}],"inLanguage":"nb-NO"},{"@type":["Organization","Place"],"@id":"https:\/\/hoytundertaket.no\/skien\/#organization","name":"Høyt Under Taket Skien","url":"https:\/\/hoytundertaket.no\/skien\/","logo":{"@id":"https:\/\/hoytundertaket.no\/skien\/produkt\/inngang\/#local-main-organization-logo"},"image":{"@id":"https:\/\/hoytundertaket.no\/skien\/produkt\/inngang\/#local-main-organization-logo"},"telephone":[],"openingHoursSpecification":[{"@type":"OpeningHoursSpecification","dayOfWeek":["Monday","Tuesday","Wednesday","Thursday","Friday","Saturday","Sunday"],"opens":"09:00","closes":"17:00"}]},{"@type":"ImageObject","inLanguage":"nb-NO","@id":"https:\/\/hoytundertaket.no\/skien\/produkt\/inngang\/#local-main-organization-logo","url":"https:\/\/hoytundertaket.no\/skien\/wp-content\/uploads\/sites\/4\/2021\/10\/hut-logo-skien-horisontal-pos.svg","contentUrl":"https:\/\/hoytundertaket.no\/skien\/wp-content\/uploads\/sites\/4\/2021\/10\/hut-logo-skien-horisontal-pos.svg","width":340,"height":110,"caption":"Høyt Under Taket Skien"}]}</script>
<!-- / Yoast SEO plugin. -->

Inngang - Høyt Under Taket Skien

Kjøp inngang til Høyt Under Taket i Skien. Prøv buldrevegger, temavegger og Via Ferrata. Alle får opplæring – perfekt for store og små.

Høyt Under Taket Skien

Aktivitet for store og små på klatresenteret i Skien – med buldrevegger, temavegger og Via Ferrata

Bare enda et Høyt Under Taket-nettsted
