{"id":32,"date":"2020-11-04T18:40:12","date_gmt":"2020-11-04T17:40:12","guid":{"rendered":"http:\/\/296511-www.web.tornado-node.net\/tonsberg\/?page_id=32"},"modified":"2025-02-10T14:36:51","modified_gmt":"2025-02-10T13:36:51","slug":"nyheter","status":"publish","type":"page","link":"https:\/\/hoytundertaket.no\/tonsberg\/nyheter\/","title":{"rendered":"Artikler"},"content":{"rendered":"\n<p class=\"has-text-align-center\">Her kan du f\u00e5 innblikk i klatresenternes spennende verden.<\/p>\n","protected":false},"excerpt":{"rendered":"<p>Her kan du f\u00e5 innblikk i klatresenternes spennende verden.<\/p>\n","protected":false},"author":1,"featured_media":312,"parent":0,"menu_order":0,"comment_status":"closed","ping_status":"closed","template":"page-archive.php","meta":{"_acf_changed":false,"footnotes":""},"class_list":["post-32","page","type-page","status-publish","has-post-thumbnail","hentry"],"acf":[],"yoast_head":"<!-- This site is optimized with the Yoast SEO plugin v27.4 - https:\/\/yoast.com\/product\/yoast-seo-wordpress\/ -->\n<title>Artikler - H\u00f8yt Under Taket T\u00f8nsberg<\/title>\n<meta name=\"description\" content=\"Her kan du f\u00e5 innblikk i klatreparkenes spennende verden.\" \/>\n<meta name=\"robots\" content=\"index, follow, max-snippet:-1, max-image-preview:large, max-video-preview:-1\" \/>\n<link rel=\"canonical\" href=\"https:\/\/hoytundertaket.no\/tonsberg\/nyheter\/\" \/>\n<meta property=\"og:locale\" content=\"nb_NO\" \/>\n<meta property=\"og:type\" content=\"article\" \/>\n<meta property=\"og:title\" content=\"Artikler - H\u00f8yt Under Taket T\u00f8nsberg\" \/>\n<meta property=\"og:description\" content=\"Her kan du f\u00e5 innblikk i klatreparkenes spennende verden.\" \/>\n<meta property=\"og:url\" content=\"https:\/\/hoytundertaket.no\/tonsberg\/nyheter\/\" \/>\n<meta property=\"og:site_name\" content=\"H\u00f8yt Under Taket T\u00f8nsberg\" \/>\n<meta property=\"article:modified_time\" content=\"2025-02-10T13:36:51+00:00\" \/>\n<meta property=\"og:image\" content=\"https:\/\/hoytundertaket.no\/tonsberg\/wp-content\/uploads\/sites\/2\/2020\/11\/20201015_terjeaamodt_HUT_tonsberg_3966.jpg\" \/>\n\t<meta property=\"og:image:width\" content=\"1066\" \/>\n\t<meta property=\"og:image:height\" content=\"1600\" \/>\n\t<meta property=\"og:image:type\" content=\"image\/jpeg\" \/>\n<meta name=\"twitter:card\" content=\"summary_large_image\" \/>\n<meta name=\"twitter:label1\" content=\"Ansl. lesetid\" \/>\n\t<meta name=\"twitter:data1\" content=\"1 minutt\" \/>\n<script type=\"application\/ld+json\" class=\"yoast-schema-graph\">{\"@context\":\"https:\\\/\\\/schema.org\",\"@graph\":[{\"@type\":\"WebPage\",\"@id\":\"https:\\\/\\\/hoytundertaket.no\\\/tonsberg\\\/nyheter\\\/\",\"url\":\"https:\\\/\\\/hoytundertaket.no\\\/tonsberg\\\/nyheter\\\/\",\"name\":\"Artikler - H\u00f8yt Under Taket T\u00f8nsberg\",\"isPartOf\":{\"@id\":\"https:\\\/\\\/hoytundertaket.no\\\/tonsberg\\\/#website\"},\"primaryImageOfPage\":{\"@id\":\"https:\\\/\\\/hoytundertaket.no\\\/tonsberg\\\/nyheter\\\/#primaryimage\"},\"image\":{\"@id\":\"https:\\\/\\\/hoytundertaket.no\\\/tonsberg\\\/nyheter\\\/#primaryimage\"},\"thumbnailUrl\":\"https:\\\/\\\/hoytundertaket.no\\\/tonsberg\\\/wp-content\\\/uploads\\\/sites\\\/2\\\/2020\\\/11\\\/20201015_terjeaamodt_HUT_tonsberg_0156.jpg\",\"datePublished\":\"2020-11-04T17:40:12+00:00\",\"dateModified\":\"2025-02-10T13:36:51+00:00\",\"description\":\"Her kan du f\u00e5 innblikk i klatreparkenes spennende verden.\",\"breadcrumb\":{\"@id\":\"https:\\\/\\\/hoytundertaket.no\\\/tonsberg\\\/nyheter\\\/#breadcrumb\"},\"inLanguage\":\"nb-NO\",\"potentialAction\":[{\"@type\":\"ReadAction\",\"target\":[\"https:\\\/\\\/hoytundertaket.no\\\/tonsberg\\\/nyheter\\\/\"]}]},{\"@type\":\"ImageObject\",\"inLanguage\":\"nb-NO\",\"@id\":\"https:\\\/\\\/hoytundertaket.no\\\/tonsberg\\\/nyheter\\\/#primaryimage\",\"url\":\"https:\\\/\\\/hoytundertaket.no\\\/tonsberg\\\/wp-content\\\/uploads\\\/sites\\\/2\\\/2020\\\/11\\\/20201015_terjeaamodt_HUT_tonsberg_0156.jpg\",\"contentUrl\":\"https:\\\/\\\/hoytundertaket.no\\\/tonsberg\\\/wp-content\\\/uploads\\\/sites\\\/2\\\/2020\\\/11\\\/20201015_terjeaamodt_HUT_tonsberg_0156.jpg\",\"width\":1920,\"height\":750,\"caption\":\"H\u00f8yt Under Taket - person i klatrevegg\"},{\"@type\":\"BreadcrumbList\",\"@id\":\"https:\\\/\\\/hoytundertaket.no\\\/tonsberg\\\/nyheter\\\/#breadcrumb\",\"itemListElement\":[{\"@type\":\"ListItem\",\"position\":1,\"name\":\"Hjem\",\"item\":\"https:\\\/\\\/hoytundertaket.no\\\/tonsberg\\\/\"},{\"@type\":\"ListItem\",\"position\":2,\"name\":\"Artikler\"}]},{\"@type\":\"WebSite\",\"@id\":\"https:\\\/\\\/hoytundertaket.no\\\/tonsberg\\\/#website\",\"url\":\"https:\\\/\\\/hoytundertaket.no\\\/tonsberg\\\/\",\"name\":\"H\u00f8yt Under Taket T\u00f8nsberg\",\"description\":\"- Klatresenter\",\"publisher\":{\"@id\":\"https:\\\/\\\/hoytundertaket.no\\\/tonsberg\\\/#organization\"},\"potentialAction\":[{\"@type\":\"SearchAction\",\"target\":{\"@type\":\"EntryPoint\",\"urlTemplate\":\"https:\\\/\\\/hoytundertaket.no\\\/tonsberg\\\/?s={search_term_string}\"},\"query-input\":{\"@type\":\"PropertyValueSpecification\",\"valueRequired\":true,\"valueName\":\"search_term_string\"}}],\"inLanguage\":\"nb-NO\"},{\"@type\":[\"Organization\",\"Place\"],\"@id\":\"https:\\\/\\\/hoytundertaket.no\\\/tonsberg\\\/#organization\",\"name\":\"H\u00f8yt Under Taket T\u00f8nsberg\",\"url\":\"https:\\\/\\\/hoytundertaket.no\\\/tonsberg\\\/\",\"logo\":{\"@id\":\"https:\\\/\\\/hoytundertaket.no\\\/tonsberg\\\/nyheter\\\/#local-main-organization-logo\"},\"image\":{\"@id\":\"https:\\\/\\\/hoytundertaket.no\\\/tonsberg\\\/nyheter\\\/#local-main-organization-logo\"},\"telephone\":[],\"openingHoursSpecification\":[{\"@type\":\"OpeningHoursSpecification\",\"dayOfWeek\":[\"Monday\",\"Tuesday\",\"Wednesday\",\"Thursday\",\"Friday\",\"Saturday\",\"Sunday\"],\"opens\":\"09:00\",\"closes\":\"17:00\"}]},{\"@type\":\"ImageObject\",\"inLanguage\":\"nb-NO\",\"@id\":\"https:\\\/\\\/hoytundertaket.no\\\/tonsberg\\\/nyheter\\\/#local-main-organization-logo\",\"url\":\"https:\\\/\\\/hoytundertaket.no\\\/tonsberg\\\/wp-content\\\/uploads\\\/sites\\\/2\\\/2021\\\/09\\\/hut-logo-tonsberg-horisontal-pos.svg\",\"contentUrl\":\"https:\\\/\\\/hoytundertaket.no\\\/tonsberg\\\/wp-content\\\/uploads\\\/sites\\\/2\\\/2021\\\/09\\\/hut-logo-tonsberg-horisontal-pos.svg\",\"width\":340,\"height\":110,\"caption\":\"H\u00f8yt Under Taket T\u00f8nsberg\"}]}<\/script>\n<!-- \/ Yoast SEO plugin. -->","yoast_head_json":{"title":"Artikler - H\u00f8yt Under Taket T\u00f8nsberg","description":"Her kan du f\u00e5 innblikk i klatreparkenes spennende verden.","robots":{"index":"index","follow":"follow","max-snippet":"max-snippet:-1","max-image-preview":"max-image-preview:large","max-video-preview":"max-video-preview:-1"},"canonical":"https:\/\/hoytundertaket.no\/tonsberg\/nyheter\/","og_locale":"nb_NO","og_type":"article","og_title":"Artikler - H\u00f8yt Under Taket T\u00f8nsberg","og_description":"Her kan du f\u00e5 innblikk i klatreparkenes spennende verden.","og_url":"https:\/\/hoytundertaket.no\/tonsberg\/nyheter\/","og_site_name":"H\u00f8yt Under Taket T\u00f8nsberg","article_modified_time":"2025-02-10T13:36:51+00:00","og_image":[{"width":1066,"height":1600,"url":"https:\/\/hoytundertaket.no\/tonsberg\/wp-content\/uploads\/sites\/2\/2020\/11\/20201015_terjeaamodt_HUT_tonsberg_3966.jpg","type":"image\/jpeg"}],"twitter_card":"summary_large_image","twitter_misc":{"Ansl. lesetid":"1 minutt"},"schema":{"@context":"https:\/\/schema.org","@graph":[{"@type":"WebPage","@id":"https:\/\/hoytundertaket.no\/tonsberg\/nyheter\/","url":"https:\/\/hoytundertaket.no\/tonsberg\/nyheter\/","name":"Artikler - H\u00f8yt Under Taket T\u00f8nsberg","isPartOf":{"@id":"https:\/\/hoytundertaket.no\/tonsberg\/#website"},"primaryImageOfPage":{"@id":"https:\/\/hoytundertaket.no\/tonsberg\/nyheter\/#primaryimage"},"image":{"@id":"https:\/\/hoytundertaket.no\/tonsberg\/nyheter\/#primaryimage"},"thumbnailUrl":"https:\/\/hoytundertaket.no\/tonsberg\/wp-content\/uploads\/sites\/2\/2020\/11\/20201015_terjeaamodt_HUT_tonsberg_0156.jpg","datePublished":"2020-11-04T17:40:12+00:00","dateModified":"2025-02-10T13:36:51+00:00","description":"Her kan du f\u00e5 innblikk i klatreparkenes spennende verden.","breadcrumb":{"@id":"https:\/\/hoytundertaket.no\/tonsberg\/nyheter\/#breadcrumb"},"inLanguage":"nb-NO","potentialAction":[{"@type":"ReadAction","target":["https:\/\/hoytundertaket.no\/tonsberg\/nyheter\/"]}]},{"@type":"ImageObject","inLanguage":"nb-NO","@id":"https:\/\/hoytundertaket.no\/tonsberg\/nyheter\/#primaryimage","url":"https:\/\/hoytundertaket.no\/tonsberg\/wp-content\/uploads\/sites\/2\/2020\/11\/20201015_terjeaamodt_HUT_tonsberg_0156.jpg","contentUrl":"https:\/\/hoytundertaket.no\/tonsberg\/wp-content\/uploads\/sites\/2\/2020\/11\/20201015_terjeaamodt_HUT_tonsberg_0156.jpg","width":1920,"height":750,"caption":"H\u00f8yt Under Taket - person i klatrevegg"},{"@type":"BreadcrumbList","@id":"https:\/\/hoytundertaket.no\/tonsberg\/nyheter\/#breadcrumb","itemListElement":[{"@type":"ListItem","position":1,"name":"Hjem","item":"https:\/\/hoytundertaket.no\/tonsberg\/"},{"@type":"ListItem","position":2,"name":"Artikler"}]},{"@type":"WebSite","@id":"https:\/\/hoytundertaket.no\/tonsberg\/#website","url":"https:\/\/hoytundertaket.no\/tonsberg\/","name":"H\u00f8yt Under Taket T\u00f8nsberg","description":"- Klatresenter","publisher":{"@id":"https:\/\/hoytundertaket.no\/tonsberg\/#organization"},"potentialAction":[{"@type":"SearchAction","target":{"@type":"EntryPoint","urlTemplate":"https:\/\/hoytundertaket.no\/tonsberg\/?s={search_term_string}"},"query-input":{"@type":"PropertyValueSpecification","valueRequired":true,"valueName":"search_term_string"}}],"inLanguage":"nb-NO"},{"@type":["Organization","Place"],"@id":"https:\/\/hoytundertaket.no\/tonsberg\/#organization","name":"H\u00f8yt Under Taket T\u00f8nsberg","url":"https:\/\/hoytundertaket.no\/tonsberg\/","logo":{"@id":"https:\/\/hoytundertaket.no\/tonsberg\/nyheter\/#local-main-organization-logo"},"image":{"@id":"https:\/\/hoytundertaket.no\/tonsberg\/nyheter\/#local-main-organization-logo"},"telephone":[],"openingHoursSpecification":[{"@type":"OpeningHoursSpecification","dayOfWeek":["Monday","Tuesday","Wednesday","Thursday","Friday","Saturday","Sunday"],"opens":"09:00","closes":"17:00"}]},{"@type":"ImageObject","inLanguage":"nb-NO","@id":"https:\/\/hoytundertaket.no\/tonsberg\/nyheter\/#local-main-organization-logo","url":"https:\/\/hoytundertaket.no\/tonsberg\/wp-content\/uploads\/sites\/2\/2021\/09\/hut-logo-tonsberg-horisontal-pos.svg","contentUrl":"https:\/\/hoytundertaket.no\/tonsberg\/wp-content\/uploads\/sites\/2\/2021\/09\/hut-logo-tonsberg-horisontal-pos.svg","width":340,"height":110,"caption":"H\u00f8yt Under Taket T\u00f8nsberg"}]}},"_links":{"self":[{"href":"https:\/\/hoytundertaket.no\/tonsberg\/wp-json\/wp\/v2\/pages\/32","targetHints":{"allow":["GET"]}}],"collection":[{"href":"https:\/\/hoytundertaket.no\/tonsberg\/wp-json\/wp\/v2\/pages"}],"about":[{"href":"https:\/\/hoytundertaket.no\/tonsberg\/wp-json\/wp\/v2\/types\/page"}],"author":[{"embeddable":true,"href":"https:\/\/hoytundertaket.no\/tonsberg\/wp-json\/wp\/v2\/users\/1"}],"replies":[{"embeddable":true,"href":"https:\/\/hoytundertaket.no\/tonsberg\/wp-json\/wp\/v2\/comments?post=32"}],"version-history":[{"count":4,"href":"https:\/\/hoytundertaket.no\/tonsberg\/wp-json\/wp\/v2\/pages\/32\/revisions"}],"predecessor-version":[{"id":3537,"href":"https:\/\/hoytundertaket.no\/tonsberg\/wp-json\/wp\/v2\/pages\/32\/revisions\/3537"}],"wp:featuredmedia":[{"embeddable":true,"href":"https:\/\/hoytundertaket.no\/tonsberg\/wp-json\/wp\/v2\/media\/312"}],"wp:attachment":[{"href":"https:\/\/hoytundertaket.no\/tonsberg\/wp-json\/wp\/v2\/media?parent=32"}],"curies":[{"name":"wp","href":"https:\/\/api.w.org\/{rel}","templated":true}]}}