{"id":41,"date":"2020-11-04T19:34:08","date_gmt":"2020-11-04T18:34:08","guid":{"rendered":"http:\/\/296511-www.web.tornado-node.net\/tonsberg\/?page_id=41"},"modified":"2026-02-19T11:03:59","modified_gmt":"2026-02-19T10:03:59","slug":"bursdag","status":"publish","type":"page","link":"https:\/\/hoytundertaket.no\/tonsberg\/grupper\/bursdag\/","title":{"rendered":"Bursdag"},"content":{"rendered":"","protected":false},"excerpt":{"rendered":"","protected":false},"author":1,"featured_media":3841,"parent":3828,"menu_order":0,"comment_status":"closed","ping_status":"closed","template":"page-birthday.php","meta":{"_acf_changed":false,"footnotes":""},"class_list":["post-41","page","type-page","status-publish","has-post-thumbnail","hentry"],"acf":[],"yoast_head":"<!-- This site is optimized with the Yoast SEO plugin v26.9 - https:\/\/yoast.com\/product\/yoast-seo-wordpress\/ -->\n<title>Bursdag - H\u00f8yt Under Taket T\u00f8nsberg<\/title>\n<meta name=\"description\" content=\"Aktiv bursdag hos H\u00f8yt Under Taket T\u00f8nsberg! Klatring, sommerfugler i magen og eget bursdagst\u00e5rn hvor kake og mat kan nytes.\" \/>\n<meta name=\"robots\" content=\"index, follow, max-snippet:-1, max-image-preview:large, max-video-preview:-1\" \/>\n<link rel=\"canonical\" href=\"https:\/\/hoytundertaket.no\/tonsberg\/grupper\/bursdag\/\" \/>\n<meta property=\"og:locale\" content=\"nb_NO\" \/>\n<meta property=\"og:type\" content=\"article\" \/>\n<meta property=\"og:title\" content=\"Bursdag - H\u00f8yt Under Taket T\u00f8nsberg\" \/>\n<meta property=\"og:description\" content=\"Aktiv bursdag hos H\u00f8yt Under Taket T\u00f8nsberg! Klatring, sommerfugler i magen og eget bursdagst\u00e5rn hvor kake og mat kan nytes.\" \/>\n<meta property=\"og:url\" content=\"https:\/\/hoytundertaket.no\/tonsberg\/grupper\/bursdag\/\" \/>\n<meta property=\"og:site_name\" content=\"H\u00f8yt Under Taket T\u00f8nsberg\" \/>\n<meta property=\"article:modified_time\" content=\"2026-02-19T10:03:59+00:00\" \/>\n<meta property=\"og:image\" content=\"https:\/\/hoytundertaket.no\/tonsberg\/wp-content\/uploads\/sites\/2\/2025\/10\/Bursdagsrom_HTL_01559_Foto_Kai_Otto_Melau-scaled.jpg\" \/>\n\t<meta property=\"og:image:width\" content=\"2560\" \/>\n\t<meta property=\"og:image:height\" content=\"1709\" \/>\n\t<meta property=\"og:image:type\" content=\"image\/jpeg\" \/>\n<meta name=\"twitter:card\" content=\"summary_large_image\" \/>\n<meta name=\"twitter:label1\" content=\"Ansl. lesetid\" \/>\n\t<meta name=\"twitter:data1\" content=\"3 minutter\" \/>\n<script type=\"application\/ld+json\" class=\"yoast-schema-graph\">{\"@context\":\"https:\/\/schema.org\",\"@graph\":[{\"@type\":\"WebPage\",\"@id\":\"https:\/\/hoytundertaket.no\/tonsberg\/grupper\/bursdag\/\",\"url\":\"https:\/\/hoytundertaket.no\/tonsberg\/grupper\/bursdag\/\",\"name\":\"Bursdag - H\u00f8yt Under Taket T\u00f8nsberg\",\"isPartOf\":{\"@id\":\"https:\/\/hoytundertaket.no\/tonsberg\/#website\"},\"primaryImageOfPage\":{\"@id\":\"https:\/\/hoytundertaket.no\/tonsberg\/grupper\/bursdag\/#primaryimage\"},\"image\":{\"@id\":\"https:\/\/hoytundertaket.no\/tonsberg\/grupper\/bursdag\/#primaryimage\"},\"thumbnailUrl\":\"https:\/\/hoytundertaket.no\/tonsberg\/wp-content\/uploads\/sites\/2\/2025\/10\/Bursdagsrom_HTL_01559_Foto_Kai_Otto_Melau-scaled.jpg\",\"datePublished\":\"2020-11-04T18:34:08+00:00\",\"dateModified\":\"2026-02-19T10:03:59+00:00\",\"description\":\"Aktiv bursdag hos H\u00f8yt Under Taket T\u00f8nsberg! Klatring, sommerfugler i magen og eget bursdagst\u00e5rn hvor kake og mat kan nytes.\",\"breadcrumb\":{\"@id\":\"https:\/\/hoytundertaket.no\/tonsberg\/grupper\/bursdag\/#breadcrumb\"},\"inLanguage\":\"nb-NO\",\"potentialAction\":[{\"@type\":\"ReadAction\",\"target\":[\"https:\/\/hoytundertaket.no\/tonsberg\/grupper\/bursdag\/\"]}]},{\"@type\":\"ImageObject\",\"inLanguage\":\"nb-NO\",\"@id\":\"https:\/\/hoytundertaket.no\/tonsberg\/grupper\/bursdag\/#primaryimage\",\"url\":\"https:\/\/hoytundertaket.no\/tonsberg\/wp-content\/uploads\/sites\/2\/2025\/10\/Bursdagsrom_HTL_01559_Foto_Kai_Otto_Melau-scaled.jpg\",\"contentUrl\":\"https:\/\/hoytundertaket.no\/tonsberg\/wp-content\/uploads\/sites\/2\/2025\/10\/Bursdagsrom_HTL_01559_Foto_Kai_Otto_Melau-scaled.jpg\",\"width\":2560,\"height\":1709,\"caption\":\"Feiring, mat og moro under barnebursdag i klatresenteret.\"},{\"@type\":\"BreadcrumbList\",\"@id\":\"https:\/\/hoytundertaket.no\/tonsberg\/grupper\/bursdag\/#breadcrumb\",\"itemListElement\":[{\"@type\":\"ListItem\",\"position\":1,\"name\":\"Hjem\",\"item\":\"https:\/\/hoytundertaket.no\/tonsberg\/\"},{\"@type\":\"ListItem\",\"position\":2,\"name\":\"Grupper\",\"item\":\"https:\/\/hoytundertaket.no\/tonsberg\/grupper\/\"},{\"@type\":\"ListItem\",\"position\":3,\"name\":\"Bursdag\"}]},{\"@type\":\"WebSite\",\"@id\":\"https:\/\/hoytundertaket.no\/tonsberg\/#website\",\"url\":\"https:\/\/hoytundertaket.no\/tonsberg\/\",\"name\":\"H\u00f8yt Under Taket T\u00f8nsberg\",\"description\":\"- Klatresenter\",\"publisher\":{\"@id\":\"https:\/\/hoytundertaket.no\/tonsberg\/#organization\"},\"potentialAction\":[{\"@type\":\"SearchAction\",\"target\":{\"@type\":\"EntryPoint\",\"urlTemplate\":\"https:\/\/hoytundertaket.no\/tonsberg\/?s={search_term_string}\"},\"query-input\":{\"@type\":\"PropertyValueSpecification\",\"valueRequired\":true,\"valueName\":\"search_term_string\"}}],\"inLanguage\":\"nb-NO\"},{\"@type\":[\"Organization\",\"Place\"],\"@id\":\"https:\/\/hoytundertaket.no\/tonsberg\/#organization\",\"name\":\"H\u00f8yt Under Taket T\u00f8nsberg\",\"url\":\"https:\/\/hoytundertaket.no\/tonsberg\/\",\"logo\":{\"@id\":\"https:\/\/hoytundertaket.no\/tonsberg\/grupper\/bursdag\/#local-main-organization-logo\"},\"image\":{\"@id\":\"https:\/\/hoytundertaket.no\/tonsberg\/grupper\/bursdag\/#local-main-organization-logo\"},\"telephone\":[],\"openingHoursSpecification\":[{\"@type\":\"OpeningHoursSpecification\",\"dayOfWeek\":[\"Monday\",\"Tuesday\",\"Wednesday\",\"Thursday\",\"Friday\",\"Saturday\",\"Sunday\"],\"opens\":\"09:00\",\"closes\":\"17:00\"}]},{\"@type\":\"ImageObject\",\"inLanguage\":\"nb-NO\",\"@id\":\"https:\/\/hoytundertaket.no\/tonsberg\/grupper\/bursdag\/#local-main-organization-logo\",\"url\":\"https:\/\/hoytundertaket.no\/tonsberg\/wp-content\/uploads\/sites\/2\/2021\/09\/hut-logo-tonsberg-horisontal-pos.svg\",\"contentUrl\":\"https:\/\/hoytundertaket.no\/tonsberg\/wp-content\/uploads\/sites\/2\/2021\/09\/hut-logo-tonsberg-horisontal-pos.svg\",\"width\":340,\"height\":110,\"caption\":\"H\u00f8yt Under Taket T\u00f8nsberg\"}]}<\/script>\n<!-- \/ Yoast SEO plugin. -->","yoast_head_json":{"title":"Bursdag - H\u00f8yt Under Taket T\u00f8nsberg","description":"Aktiv bursdag hos H\u00f8yt Under Taket T\u00f8nsberg! Klatring, sommerfugler i magen og eget bursdagst\u00e5rn hvor kake og mat kan nytes.","robots":{"index":"index","follow":"follow","max-snippet":"max-snippet:-1","max-image-preview":"max-image-preview:large","max-video-preview":"max-video-preview:-1"},"canonical":"https:\/\/hoytundertaket.no\/tonsberg\/grupper\/bursdag\/","og_locale":"nb_NO","og_type":"article","og_title":"Bursdag - H\u00f8yt Under Taket T\u00f8nsberg","og_description":"Aktiv bursdag hos H\u00f8yt Under Taket T\u00f8nsberg! Klatring, sommerfugler i magen og eget bursdagst\u00e5rn hvor kake og mat kan nytes.","og_url":"https:\/\/hoytundertaket.no\/tonsberg\/grupper\/bursdag\/","og_site_name":"H\u00f8yt Under Taket T\u00f8nsberg","article_modified_time":"2026-02-19T10:03:59+00:00","og_image":[{"width":2560,"height":1709,"url":"https:\/\/hoytundertaket.no\/tonsberg\/wp-content\/uploads\/sites\/2\/2025\/10\/Bursdagsrom_HTL_01559_Foto_Kai_Otto_Melau-scaled.jpg","type":"image\/jpeg"}],"twitter_card":"summary_large_image","twitter_misc":{"Ansl. lesetid":"3 minutter"},"schema":{"@context":"https:\/\/schema.org","@graph":[{"@type":"WebPage","@id":"https:\/\/hoytundertaket.no\/tonsberg\/grupper\/bursdag\/","url":"https:\/\/hoytundertaket.no\/tonsberg\/grupper\/bursdag\/","name":"Bursdag - H\u00f8yt Under Taket T\u00f8nsberg","isPartOf":{"@id":"https:\/\/hoytundertaket.no\/tonsberg\/#website"},"primaryImageOfPage":{"@id":"https:\/\/hoytundertaket.no\/tonsberg\/grupper\/bursdag\/#primaryimage"},"image":{"@id":"https:\/\/hoytundertaket.no\/tonsberg\/grupper\/bursdag\/#primaryimage"},"thumbnailUrl":"https:\/\/hoytundertaket.no\/tonsberg\/wp-content\/uploads\/sites\/2\/2025\/10\/Bursdagsrom_HTL_01559_Foto_Kai_Otto_Melau-scaled.jpg","datePublished":"2020-11-04T18:34:08+00:00","dateModified":"2026-02-19T10:03:59+00:00","description":"Aktiv bursdag hos H\u00f8yt Under Taket T\u00f8nsberg! Klatring, sommerfugler i magen og eget bursdagst\u00e5rn hvor kake og mat kan nytes.","breadcrumb":{"@id":"https:\/\/hoytundertaket.no\/tonsberg\/grupper\/bursdag\/#breadcrumb"},"inLanguage":"nb-NO","potentialAction":[{"@type":"ReadAction","target":["https:\/\/hoytundertaket.no\/tonsberg\/grupper\/bursdag\/"]}]},{"@type":"ImageObject","inLanguage":"nb-NO","@id":"https:\/\/hoytundertaket.no\/tonsberg\/grupper\/bursdag\/#primaryimage","url":"https:\/\/hoytundertaket.no\/tonsberg\/wp-content\/uploads\/sites\/2\/2025\/10\/Bursdagsrom_HTL_01559_Foto_Kai_Otto_Melau-scaled.jpg","contentUrl":"https:\/\/hoytundertaket.no\/tonsberg\/wp-content\/uploads\/sites\/2\/2025\/10\/Bursdagsrom_HTL_01559_Foto_Kai_Otto_Melau-scaled.jpg","width":2560,"height":1709,"caption":"Feiring, mat og moro under barnebursdag i klatresenteret."},{"@type":"BreadcrumbList","@id":"https:\/\/hoytundertaket.no\/tonsberg\/grupper\/bursdag\/#breadcrumb","itemListElement":[{"@type":"ListItem","position":1,"name":"Hjem","item":"https:\/\/hoytundertaket.no\/tonsberg\/"},{"@type":"ListItem","position":2,"name":"Grupper","item":"https:\/\/hoytundertaket.no\/tonsberg\/grupper\/"},{"@type":"ListItem","position":3,"name":"Bursdag"}]},{"@type":"WebSite","@id":"https:\/\/hoytundertaket.no\/tonsberg\/#website","url":"https:\/\/hoytundertaket.no\/tonsberg\/","name":"H\u00f8yt Under Taket T\u00f8nsberg","description":"- Klatresenter","publisher":{"@id":"https:\/\/hoytundertaket.no\/tonsberg\/#organization"},"potentialAction":[{"@type":"SearchAction","target":{"@type":"EntryPoint","urlTemplate":"https:\/\/hoytundertaket.no\/tonsberg\/?s={search_term_string}"},"query-input":{"@type":"PropertyValueSpecification","valueRequired":true,"valueName":"search_term_string"}}],"inLanguage":"nb-NO"},{"@type":["Organization","Place"],"@id":"https:\/\/hoytundertaket.no\/tonsberg\/#organization","name":"H\u00f8yt Under Taket T\u00f8nsberg","url":"https:\/\/hoytundertaket.no\/tonsberg\/","logo":{"@id":"https:\/\/hoytundertaket.no\/tonsberg\/grupper\/bursdag\/#local-main-organization-logo"},"image":{"@id":"https:\/\/hoytundertaket.no\/tonsberg\/grupper\/bursdag\/#local-main-organization-logo"},"telephone":[],"openingHoursSpecification":[{"@type":"OpeningHoursSpecification","dayOfWeek":["Monday","Tuesday","Wednesday","Thursday","Friday","Saturday","Sunday"],"opens":"09:00","closes":"17:00"}]},{"@type":"ImageObject","inLanguage":"nb-NO","@id":"https:\/\/hoytundertaket.no\/tonsberg\/grupper\/bursdag\/#local-main-organization-logo","url":"https:\/\/hoytundertaket.no\/tonsberg\/wp-content\/uploads\/sites\/2\/2021\/09\/hut-logo-tonsberg-horisontal-pos.svg","contentUrl":"https:\/\/hoytundertaket.no\/tonsberg\/wp-content\/uploads\/sites\/2\/2021\/09\/hut-logo-tonsberg-horisontal-pos.svg","width":340,"height":110,"caption":"H\u00f8yt Under Taket T\u00f8nsberg"}]}},"_links":{"self":[{"href":"https:\/\/hoytundertaket.no\/tonsberg\/wp-json\/wp\/v2\/pages\/41","targetHints":{"allow":["GET"]}}],"collection":[{"href":"https:\/\/hoytundertaket.no\/tonsberg\/wp-json\/wp\/v2\/pages"}],"about":[{"href":"https:\/\/hoytundertaket.no\/tonsberg\/wp-json\/wp\/v2\/types\/page"}],"author":[{"embeddable":true,"href":"https:\/\/hoytundertaket.no\/tonsberg\/wp-json\/wp\/v2\/users\/1"}],"replies":[{"embeddable":true,"href":"https:\/\/hoytundertaket.no\/tonsberg\/wp-json\/wp\/v2\/comments?post=41"}],"version-history":[{"count":41,"href":"https:\/\/hoytundertaket.no\/tonsberg\/wp-json\/wp\/v2\/pages\/41\/revisions"}],"predecessor-version":[{"id":4255,"href":"https:\/\/hoytundertaket.no\/tonsberg\/wp-json\/wp\/v2\/pages\/41\/revisions\/4255"}],"up":[{"embeddable":true,"href":"https:\/\/hoytundertaket.no\/tonsberg\/wp-json\/wp\/v2\/pages\/3828"}],"wp:featuredmedia":[{"embeddable":true,"href":"https:\/\/hoytundertaket.no\/tonsberg\/wp-json\/wp\/v2\/media\/3841"}],"wp:attachment":[{"href":"https:\/\/hoytundertaket.no\/tonsberg\/wp-json\/wp\/v2\/media?parent=41"}],"curies":[{"name":"wp","href":"https:\/\/api.w.org\/{rel}","templated":true}]}}